{"type":"rich","html":"<div style=\"width: 640; height: 426; font-family: sans-serif,arial,freesans;\" ><div id=\"shared_container_1802506867\" class=\"shared_container\"><div id=\"shared_header_1802506867\" class=\"shared_header\"><a href=\"https:\/\/emmaus-koeln.de\/channel\/info\"><img src=\"https:\/\/emmaus-koeln.de\/photo\/profile\/s\/4\" alt=\"Emmaus K\u00f6ln\" height=\"32\" width=\"32\" loading=\"lazy\" \/><\/a><span><a href=\"https:\/\/emmaus-koeln.de\/channel\/info\">Emmaus K\u00f6ln<\/a>  wrote the following  <a href=\"https:\/\/emmaus-koeln.de\/display\/d560dcc3-cac5-4e6b-89a3-491127404f7b\">post <\/a><span class=\"autotime\" title=\"2018-06-01T10:06:06+02:00\">Fri, 01 Jun 2018 10:06:06 +0200<\/span><\/span><\/div><div id=\"reshared-content-1802506867\" class=\"reshared-content\"><strong>Franz ist tot<\/strong><br \/><a class=\"zrl\" href=\"https:\/\/emmaus-koeln.de\/photos\/info\/image\/90d7bf70-09ba-439a-8f6b-151cdd3f4745\" target=\"_blank\" rel=\"nofollow noopener\"><img class=\"zrl\" style=\"max-width: 100%;\" src=\"https:\/\/emmaus-koeln.de\/photo\/90d7bf70-09ba-439a-8f6b-151cdd3f4745-1.jpg\" alt=\"teaserbox_2483277252.jpg-t-1528445751.jpg\" title=\"teaserbox_2483277252.jpg-t-1528445751.jpg\" loading=\"eager\" \/><\/a><br \/><br \/>Franz Opfergelt ist am 1. Juni 2018 nach Aussage seiner Tochter friedlich im Krankenhaus Nettetal verstorben.<br \/><br \/>Franz kam zu Emmaus \u00fcber unsere Kontakte am Appellhofplatz, er war Anfang der Neunziger ziemlich aus der Bahn geworfen und hat sich \u00fcber unsere Hilfstransporte, die wir damals nach S\u00fcdamerika verschickten, f\u00fcr unsere Arbeit interessiert und ist langsam in die Emmaus Gemeinschaft hineingewachsen.<br \/><br \/>\u00dcber die Jahre ist er einer der tragenden S\u00e4ulen in der t\u00e4glichen Arbeit der Gemeinschaft geworden: Experte in Hausratpreisen, Fahrer unserer LKWs, vor allem aber engagiert in allen Fragen um die Obdachlosenarbeit am Appellhofplatz.<br \/><br \/>Er war der Fahrer eines Gesundheitsbusses, den Emmaus von der Fa Rheinbraun als Sachspende erhalten hatte und dar\u00fcber hinaus Gr\u00fcndungsmitglied des Vereins \u201c Gesundheit f\u00fcr Obdachlose eV\u201d.<br \/><br \/>Wir haben so manches zusammen erlebt, erlitten und erstritten, wir haben oft miteinander gerungen und gestritten, aber eines war uns allen bei Emmaus klar: Selten war jemand so loyal Emmaus gegen\u00fcber.<br \/>Deshalb haben wir einen Menschen verloren, der \u00fcber mehr als 20 Jahre Emmaus in K\u00f6ln ma\u00dfgebend mitgepr\u00e4gt hat.<br \/><br \/><a class=\"zrl\" href=\"https:\/\/emmaus-koeln.de\/photos\/info\/image\/29847e11-b453-454f-971a-4b6e510b682e\" target=\"_blank\" rel=\"nofollow noopener\"><img class=\"zrl\" style=\"max-width: 100%;\" src=\"https:\/\/emmaus-koeln.de\/photo\/29847e11-b453-454f-971a-4b6e510b682e-1.jpg\" alt=\"teaserbox_2483277259.jpg-t-1528445910.jpg\" title=\"teaserbox_2483277259.jpg-t-1528445910.jpg\" loading=\"eager\" \/><\/a><br \/><br \/><a class=\"zrl\" href=\"https:\/\/emmaus-koeln.de\/photos\/info\/image\/76a2906f-0c46-4b49-bdfc-37ed50b9075c\" target=\"_blank\" rel=\"nofollow noopener\"><img class=\"zrl\" style=\"max-width: 100%;\" src=\"https:\/\/emmaus-koeln.de\/photo\/76a2906f-0c46-4b49-bdfc-37ed50b9075c-1.jpg\" alt=\"teaserbox_2483277255.JPG-t-1528445782.jpg\" title=\"teaserbox_2483277255.JPG-t-1528445782.jpg\" loading=\"eager\" \/><\/a><\/div><\/div><br \/><\/div>","width":640,"height":426}

<div style="width: 640; height: 426; font-family: sans-serif,arial,freesans;" ><div id="shared_container_1802506867" class="shared_container"><div id="shared_header_1802506867" class="shared_header"><a href="https://emmaus-koeln.de/channel/info"><img src="https://emmaus-koeln.de/photo/profile/s/4" alt="Emmaus Köln" height="32" width="32" loading="lazy" /></a><span><a href="https://emmaus-koeln.de/channel/info">Emmaus Köln</a>  wrote the following  <a href="https://emmaus-koeln.de/display/d560dcc3-cac5-4e6b-89a3-491127404f7b">post </a><span class="autotime" title="2018-06-01T10:06:06+02:00">Fri, 01 Jun 2018 10:06:06 +0200</span></span></div><div id="reshared-content-1802506867" class="reshared-content"><strong>Franz ist tot</strong><br /><a class="zrl" href="https://emmaus-koeln.de/photos/info/image/90d7bf70-09ba-439a-8f6b-151cdd3f4745" target="_blank" rel="nofollow noopener"><img class="zrl" style="max-width: 100%;" src="https://emmaus-koeln.de/photo/90d7bf70-09ba-439a-8f6b-151cdd3f4745-1.jpg" alt="teaserbox_2483277252.jpg-t-1528445751.jpg" title="teaserbox_2483277252.jpg-t-1528445751.jpg" loading="eager" /></a><br /><br />Franz Opfergelt ist am 1. Juni 2018 nach Aussage seiner Tochter friedlich im Krankenhaus Nettetal verstorben.<br /><br />Franz kam zu Emmaus über unsere Kontakte am Appellhofplatz, er war Anfang der Neunziger ziemlich aus der Bahn geworfen und hat sich über unsere Hilfstransporte, die wir damals nach Südamerika verschickten, für unsere Arbeit interessiert und ist langsam in die Emmaus Gemeinschaft hineingewachsen.<br /><br />Über die Jahre ist er einer der tragenden Säulen in der täglichen Arbeit der Gemeinschaft geworden: Experte in Hausratpreisen, Fahrer unserer LKWs, vor allem aber engagiert in allen Fragen um die Obdachlosenarbeit am Appellhofplatz.<br /><br />Er war der Fahrer eines Gesundheitsbusses, den Emmaus von der Fa Rheinbraun als Sachspende erhalten hatte und darüber hinaus Gründungsmitglied des Vereins “ Gesundheit für Obdachlose eV”.<br /><br />Wir haben so manches zusammen erlebt, erlitten und erstritten, wir haben oft miteinander gerungen und gestritten, aber eines war uns allen bei Emmaus klar: Selten war jemand so loyal Emmaus gegenüber.<br />Deshalb haben wir einen Menschen verloren, der über mehr als 20 Jahre Emmaus in Köln maßgebend mitgeprägt hat.<br /><br /><a class="zrl" href="https://emmaus-koeln.de/photos/info/image/29847e11-b453-454f-971a-4b6e510b682e" target="_blank" rel="nofollow noopener"><img class="zrl" style="max-width: 100%;" src="https://emmaus-koeln.de/photo/29847e11-b453-454f-971a-4b6e510b682e-1.jpg" alt="teaserbox_2483277259.jpg-t-1528445910.jpg" title="teaserbox_2483277259.jpg-t-1528445910.jpg" loading="eager" /></a><br /><br /><a class="zrl" href="https://emmaus-koeln.de/photos/info/image/76a2906f-0c46-4b49-bdfc-37ed50b9075c" target="_blank" rel="nofollow noopener"><img class="zrl" style="max-width: 100%;" src="https://emmaus-koeln.de/photo/76a2906f-0c46-4b49-bdfc-37ed50b9075c-1.jpg" alt="teaserbox_2483277255.JPG-t-1528445782.jpg" title="teaserbox_2483277255.JPG-t-1528445782.jpg" loading="eager" /></a></div></div><br /></div>
