{"type":"rich","html":"<div style=\"width: 640; height: 426; font-family: sans-serif,arial,freesans;\" ><div id=\"shared_container_2043517583\" class=\"shared_container\"><div id=\"shared_header_2043517583\" class=\"shared_header\"><a href=\"https:\/\/emmaus-koeln.de\/channel\/info\"><img src=\"https:\/\/emmaus-koeln.de\/photo\/profile\/s\/4\" alt=\"Emmaus K\u00f6ln\" height=\"32\" width=\"32\" loading=\"lazy\" \/><\/a><span><a href=\"https:\/\/emmaus-koeln.de\/channel\/info\">Emmaus K\u00f6ln<\/a>  wrote the following  <a href=\"https:\/\/emmaus-koeln.de\/display\/9a8c1193-aa12-41a9-bf76-895431089afd\">post <\/a><span class=\"autotime\" title=\"2021-02-15T16:42:34+01:00\">Mon, 15 Feb 2021 16:42:34 +0100<\/span><\/span><\/div><div id=\"reshared-content-2043517583\" class=\"reshared-content\"><strong>Kein Kompromiss bei Recht auf Asyl. Aktivieren wir die \u201eDirektive Tempor\u00e4rer Schutz\u201c<\/strong><br \/>Emmaus Europa und Emmaus International, vertreten in 37 L\u00e4ndern einschlie\u00dflich 20 L\u00e4ndern in Europa, verurteilt auf das Sch\u00e4rfste die aktuelle Reaktion der Europ\u00e4ischen Union, Gefl\u00fcchtete an der griechischen Grenze zur\u00fcckzudr\u00e4ngen, und dies indem die Verpflichtungen des V\u00f6lkerrechts in eklatanter Weise au\u00dfer Kraft gesetzt werden. Das Recht auf Bewegungsfreiheit und das Asylrecht m\u00fcssen verteidigt werden, weil sie letztlich den Frieden und Stabilit\u00e4t gew\u00e4hrleisten.<br \/><br \/>Seit 70 Jahren hat die Emmaus Bewegung permanent versucht, Menschen aller Couleurs in ihre Gruppen aufzunehmen und zu integrieren, auch wenn die M\u00f6glichkeiten begrenzt waren und sind. Wir wissen aus erster Hand, dass Aufnahme \u2013 Methoden politisch tugendhaft sind, wenn sie sinnvoll von politischen Akteuren umgesetzt sind: die Allianzen zwischen Zivilgesellschaft und Stadtverwaltungen in Verbindung auch mit Emmaus Initiativen hat in der Vergangenheit immer zu tragf\u00e4higen L\u00f6sungen beigetragen.<br \/><br \/>Menschliche Mobilit\u00e4t ist unberechtigter Weise immer als Grund f\u00fcr gro\u00dfe Gefahren angesehen worden, und dies obwohl das Recht feststeht: sich frei zu bewegen und Asyl zu nehmen. Diese immer gleichen Narritive verschieben jedoch die Aufmerksamkeit weg von den wirklichen Gefahrengr\u00fcnden und regionalen Instablilit\u00e4ten: der Syrienkrieg und die Militarisierung des Grenzmanagements der EU.<br \/><br \/>Die Situation an der griechisch - t\u00fcrkischen Grenze ist das direkte Resultat des Zynismus der EU , die auf unnachgiebige Art das Grenzmanagement externalisiert hat und dies auch mit autorit\u00e4ren Staatssystemen.<br \/><br \/>Nicht ein einziges Wort \u00fcber das Recht auf Asyl haben die EU- Innenminister bei ihrem letzten Notfall- Treffen verloren. \u2026 Und es gibt legale M\u00f6glichkeiten, um Gefl\u00fcchtete zu sch\u00fctzen, die sich in Situationen wie der aktuellen befinden: die Direktive von 2001 \u00fcber \u201eTempor\u00e4ren Schutz\u201c, die von den EU- Staaten so schnell wie m\u00f6glich umgesetzt werden muss. Emmaus Gruppen in Europa und weltweit bem\u00fchen sich um Menschen, die keiner willkommen hei\u00dfen will. Die EU kann nicht noch einmal bei Asyl-Suchenden versagen wie in 2015. Wir fordern Solidarit\u00e4t \u00fcber Grenzen hinweg und \u00fcberall in Europa.<br \/><br \/>Emmaus Europa<br \/>Emmaus International<br \/>Emmaus in K\u00f6ln<\/div><\/div><br \/><\/div>","width":640,"height":426}

<div style="width: 640; height: 426; font-family: sans-serif,arial,freesans;" ><div id="shared_container_2043517583" class="shared_container"><div id="shared_header_2043517583" class="shared_header"><a href="https://emmaus-koeln.de/channel/info"><img src="https://emmaus-koeln.de/photo/profile/s/4" alt="Emmaus Köln" height="32" width="32" loading="lazy" /></a><span><a href="https://emmaus-koeln.de/channel/info">Emmaus Köln</a>  wrote the following  <a href="https://emmaus-koeln.de/display/9a8c1193-aa12-41a9-bf76-895431089afd">post </a><span class="autotime" title="2021-02-15T16:42:34+01:00">Mon, 15 Feb 2021 16:42:34 +0100</span></span></div><div id="reshared-content-2043517583" class="reshared-content"><strong>Kein Kompromiss bei Recht auf Asyl. Aktivieren wir die „Direktive Temporärer Schutz“</strong><br />Emmaus Europa und Emmaus International, vertreten in 37 Ländern einschließlich 20 Ländern in Europa, verurteilt auf das Schärfste die aktuelle Reaktion der Europäischen Union, Geflüchtete an der griechischen Grenze zurückzudrängen, und dies indem die Verpflichtungen des Völkerrechts in eklatanter Weise außer Kraft gesetzt werden. Das Recht auf Bewegungsfreiheit und das Asylrecht müssen verteidigt werden, weil sie letztlich den Frieden und Stabilität gewährleisten.<br /><br />Seit 70 Jahren hat die Emmaus Bewegung permanent versucht, Menschen aller Couleurs in ihre Gruppen aufzunehmen und zu integrieren, auch wenn die Möglichkeiten begrenzt waren und sind. Wir wissen aus erster Hand, dass Aufnahme – Methoden politisch tugendhaft sind, wenn sie sinnvoll von politischen Akteuren umgesetzt sind: die Allianzen zwischen Zivilgesellschaft und Stadtverwaltungen in Verbindung auch mit Emmaus Initiativen hat in der Vergangenheit immer zu tragfähigen Lösungen beigetragen.<br /><br />Menschliche Mobilität ist unberechtigter Weise immer als Grund für große Gefahren angesehen worden, und dies obwohl das Recht feststeht: sich frei zu bewegen und Asyl zu nehmen. Diese immer gleichen Narritive verschieben jedoch die Aufmerksamkeit weg von den wirklichen Gefahrengründen und regionalen Instablilitäten: der Syrienkrieg und die Militarisierung des Grenzmanagements der EU.<br /><br />Die Situation an der griechisch - türkischen Grenze ist das direkte Resultat des Zynismus der EU , die auf unnachgiebige Art das Grenzmanagement externalisiert hat und dies auch mit autoritären Staatssystemen.<br /><br />Nicht ein einziges Wort über das Recht auf Asyl haben die EU- Innenminister bei ihrem letzten Notfall- Treffen verloren. … Und es gibt legale Möglichkeiten, um Geflüchtete zu schützen, die sich in Situationen wie der aktuellen befinden: die Direktive von 2001 über „Temporären Schutz“, die von den EU- Staaten so schnell wie möglich umgesetzt werden muss. Emmaus Gruppen in Europa und weltweit bemühen sich um Menschen, die keiner willkommen heißen will. Die EU kann nicht noch einmal bei Asyl-Suchenden versagen wie in 2015. Wir fordern Solidarität über Grenzen hinweg und überall in Europa.<br /><br />Emmaus Europa<br />Emmaus International<br />Emmaus in Köln</div></div><br /></div>
