{"type":"rich","html":"<div style=\"width: 640; height: 426; font-family: sans-serif,arial,freesans;\" ><div id=\"shared_container_1370903359\" class=\"shared_container\"><div id=\"shared_header_1370903359\" class=\"shared_header\"><a href=\"https:\/\/emmaus-koeln.de\/channel\/info\"><img src=\"https:\/\/emmaus-koeln.de\/photo\/profile\/s\/4\" alt=\"Emmaus K\u00f6ln\" height=\"32\" width=\"32\" loading=\"lazy\" \/><\/a><span><a href=\"https:\/\/emmaus-koeln.de\/channel\/info\">Emmaus K\u00f6ln<\/a>  wrote the following  <a href=\"https:\/\/emmaus-koeln.de\/display\/8d070aef-56e3-47b7-874e-a5fe3fc4bfcf\">post <\/a><span class=\"autotime\" title=\"2022-04-15T19:36:06+02:00\">Fri, 15 Apr 2022 19:36:06 +0200<\/span><\/span><\/div><div id=\"reshared-content-1370903359\" class=\"reshared-content\"><strong>WDR 5 Erlebte Geschichten: Willi Does, ehem. Leiter Emmaus-Gemeinschaft K\u00f6ln<\/strong><br \/><a class=\"zrl\" href=\"https:\/\/emmaus-koeln.de\/photos\/info\/image\/2dc22c51-d425-46c5-988b-82ff71300ce3\" target=\"_blank\" rel=\"nofollow noopener\"><img class=\"zrl\" loading=\"eager\" style=\"width: 500px; max-width: 100%;\" alt=\"Image\/photo\" title=\"\" class=\"\" src=\"https:\/\/emmaus-koeln.de\/photo\/2dc22c51-d425-46c5-988b-82ff71300ce3-1.png\" \/><\/a><br \/><br \/><audio src=\"https:\/\/emmaus-koeln.de\/cloud\/info\/WEBSITE\/AUDIOS\/wdr5erlebtegeschichten_2022-04-15_willidoesehemleiteremmausgemeinschaftkoeln_wdr5.mp3\" controls=\"controls\" preload=\"none\"><a href=\"https:\/\/emmaus-koeln.de\/cloud\/info\/WEBSITE\/AUDIOS\/wdr5erlebtegeschichten_2022-04-15_willidoesehemleiteremmausgemeinschaftkoeln_wdr5.mp3\">https:\/\/emmaus-koeln.de\/cloud\/info\/WEBSITE\/AUDIOS\/wdr5erlebtegeschichten_2022-04-15_willidoesehemleiteremmausgemeinschaftkoeln_wdr5.mp3<\/a><\/audio><br \/>WDR 5 Erlebte Geschichten. 15.04.2022. 24:18 Min<br \/><br \/>Ein Leben in Gemeinschaft - f\u00fcr die meisten bleibt das ein unerf\u00fcllter Traum. Nicht so f\u00fcr den K\u00f6lner Willi Does. Er hat seinen Traum vom einfachen und gemeinschaftlichen Leben mit anderen irgendwann in die Tat umgesetzt. Vor vierzig Jahren ist der geb\u00fcrtige Dormagener in die Emmaus-Gemeinschaft im K\u00f6lner Norden gezogen und ist seither so etwas wie der oberste Lumpensammler von K\u00f6ln.<br \/><br \/><a class=\"zrl\" href=\"https:\/\/emmaus-koeln.de\/photos\/info\/image\/87c536ea-a455-4c5f-9fff-70a4be60e890\" target=\"_blank\" rel=\"nofollow noopener\"><img class=\"zrl\" style=\"max-width: 100%;\" src=\"https:\/\/emmaus-koeln.de\/photo\/87c536ea-a455-4c5f-9fff-70a4be60e890-1.jpg\" alt=\"erlebtegeschichten.jpg\" title=\"erlebtegeschichten.jpg\" loading=\"eager\" \/><\/a><br \/><br \/><span class=\"bookmark-identifier\">#^<\/span><a class=\"bookmark\" href=\"https:\/\/www1.wdr.de\/mediathek\/audio\/wdr5\/wdr5-erlebte-geschichten\/audio-willi-does-ehem-leiter-emmaus-gemeinschaft-koeln-100.html\" target=\"_blank\" rel=\"nofollow noopener\">https:\/\/www1.wdr.de\/mediathek\/audio\/wdr5\/wdr5-erlebte-geschichten\/audio-willi-does-ehem-leiter-emmaus-gemeinschaft-koeln-100.html<\/a><\/div><\/div><br \/><\/div>","width":640,"height":426}

<div style="width: 640; height: 426; font-family: sans-serif,arial,freesans;" ><div id="shared_container_1370903359" class="shared_container"><div id="shared_header_1370903359" class="shared_header"><a href="https://emmaus-koeln.de/channel/info"><img src="https://emmaus-koeln.de/photo/profile/s/4" alt="Emmaus Köln" height="32" width="32" loading="lazy" /></a><span><a href="https://emmaus-koeln.de/channel/info">Emmaus Köln</a>  wrote the following  <a href="https://emmaus-koeln.de/display/8d070aef-56e3-47b7-874e-a5fe3fc4bfcf">post </a><span class="autotime" title="2022-04-15T19:36:06+02:00">Fri, 15 Apr 2022 19:36:06 +0200</span></span></div><div id="reshared-content-1370903359" class="reshared-content"><strong>WDR 5 Erlebte Geschichten: Willi Does, ehem. Leiter Emmaus-Gemeinschaft Köln</strong><br /><a class="zrl" href="https://emmaus-koeln.de/photos/info/image/2dc22c51-d425-46c5-988b-82ff71300ce3" target="_blank" rel="nofollow noopener"><img class="zrl" loading="eager" style="width: 500px; max-width: 100%;" alt="Image/photo" title="" class="" src="https://emmaus-koeln.de/photo/2dc22c51-d425-46c5-988b-82ff71300ce3-1.png" /></a><br /><br /><audio src="https://emmaus-koeln.de/cloud/info/WEBSITE/AUDIOS/wdr5erlebtegeschichten_2022-04-15_willidoesehemleiteremmausgemeinschaftkoeln_wdr5.mp3" controls="controls" preload="none"><a href="https://emmaus-koeln.de/cloud/info/WEBSITE/AUDIOS/wdr5erlebtegeschichten_2022-04-15_willidoesehemleiteremmausgemeinschaftkoeln_wdr5.mp3">https://emmaus-koeln.de/cloud/info/WEBSITE/AUDIOS/wdr5erlebtegeschichten_2022-04-15_willidoesehemleiteremmausgemeinschaftkoeln_wdr5.mp3</a></audio><br />WDR 5 Erlebte Geschichten. 15.04.2022. 24:18 Min<br /><br />Ein Leben in Gemeinschaft - für die meisten bleibt das ein unerfüllter Traum. Nicht so für den Kölner Willi Does. Er hat seinen Traum vom einfachen und gemeinschaftlichen Leben mit anderen irgendwann in die Tat umgesetzt. Vor vierzig Jahren ist der gebürtige Dormagener in die Emmaus-Gemeinschaft im Kölner Norden gezogen und ist seither so etwas wie der oberste Lumpensammler von Köln.<br /><br /><a class="zrl" href="https://emmaus-koeln.de/photos/info/image/87c536ea-a455-4c5f-9fff-70a4be60e890" target="_blank" rel="nofollow noopener"><img class="zrl" style="max-width: 100%;" src="https://emmaus-koeln.de/photo/87c536ea-a455-4c5f-9fff-70a4be60e890-1.jpg" alt="erlebtegeschichten.jpg" title="erlebtegeschichten.jpg" loading="eager" /></a><br /><br /><span class="bookmark-identifier">#^</span><a class="bookmark" href="https://www1.wdr.de/mediathek/audio/wdr5/wdr5-erlebte-geschichten/audio-willi-does-ehem-leiter-emmaus-gemeinschaft-koeln-100.html" target="_blank" rel="nofollow noopener">https://www1.wdr.de/mediathek/audio/wdr5/wdr5-erlebte-geschichten/audio-willi-does-ehem-leiter-emmaus-gemeinschaft-koeln-100.html</a></div></div><br /></div>
