{"type":"rich","html":"<div style=\"width: 640; height: 426; font-family: sans-serif,arial,freesans;\" ><div id=\"shared_container_1092005939\" class=\"shared_container\"><div id=\"shared_header_1092005939\" class=\"shared_header\"><a href=\"https:\/\/emmaus-koeln.de\/channel\/info\"><img src=\"https:\/\/emmaus-koeln.de\/photo\/profile\/s\/4\" alt=\"Emmaus K\u00f6ln\" height=\"32\" width=\"32\" loading=\"lazy\" \/><\/a><span><a href=\"https:\/\/emmaus-koeln.de\/channel\/info\">Emmaus K\u00f6ln<\/a>  wrote the following  <a href=\"https:\/\/emmaus-koeln.de\/display\/7efe2817-3a15-4808-ad99-6163cfcdf43b\">post <\/a><span class=\"autotime\" title=\"2025-07-05T09:19:34+02:00\">Sat, 05 Jul 2025 09:19:34 +0200<\/span><\/span><\/div><div id=\"reshared-content-1092005939\" class=\"reshared-content\"><strong>Emmaus K\u00f6ln im Domradio: &quot;Viele Kinder sind traumatisiert&quot;<\/strong><br \/><strong>05.07.2025 Emmaus K\u00f6ln organisiert Hilfstransporte nach Polen und die Ukraine<br \/>&quot;Viele Kinder sind traumatisiert&quot;<br \/><br \/>Ende August startet bei Emmaus in K\u00f6ln ein 18-Tonner mit Hilfsg\u00fctern f\u00fcr die Ukraine. \u00dcber Polen gelangt die Lieferung bis nach Lviv. Warum die Not dort seit dem Krieg deutlich gewachsen ist, erkl\u00e4rt Willi Does von Emmaus Deutschland.<br \/>Autor\/in: Uta Vorbrodt<\/strong><br \/><br \/><a class=\"zrl\" href=\"https:\/\/emmaus-koeln.de\/photos\/info\/image\/bef1c8e1-0f98-402a-9cd0-a7a6868295cf\" target=\"_blank\" rel=\"nofollow noopener\"><img class=\"zrl\" loading=\"eager\" style=\"width: 630px; max-width: 100%;\" alt=\"Image\/photo\" title=\"\" class=\"\" src=\"https:\/\/emmaus-koeln.de\/photo\/bef1c8e1-0f98-402a-9cd0-a7a6868295cf-1.jpg\" \/><\/a><br \/><br \/><strong>DOMRADIO.DE:<\/strong> Ende August startet vom Gel\u00e4nde der Emmaus-Gemeinschaft in K\u00f6ln ein 18-Tonner. Ein Lkw voll mit Hilfsg\u00fctern, die Sie ab sofort sammeln. Wohin geht die Lieferung?<br \/><br \/><strong>Willi Does (Vorstand von Emmaus Deutschland und Emmaus K\u00f6ln):<\/strong> Dieser Lkw kommt aus Polen, wird hier beladen und f\u00e4hrt dann ins polnische Lublin zu Emmaus. Diese Gruppe kennen wir schon seit \u00fcber 30 Jahren. Zwischen Emmaus K\u00f6ln und Emmaus Lublin gibt es eine enge Kooperation.<br \/><br \/><strong>DOMRADIO.DE:<\/strong> Das hei\u00dft, es ist eine Hilfslieferung f\u00fcr Polen?<br \/><br \/><strong>Does:<\/strong> Vorrangig ist das eine Hilfslieferung f\u00fcr Emmaus in Lublin. Die organisieren Secondhand-Verk\u00e4ufe, machen Behindertenarbeit \u2013 Sie haben viel Erfahrung, gerade in der Betreuung von Menschen mit Behinderung. Parallel dazu besteht ein intensiver Kontakt zu Emmaus in Lviv, also in Lemberg in der Ukraine. Diese Gemeinschaft dort gibt es seit etwa 25 Jahren.<br \/><br \/><blockquote>Willi Does:<br \/><br \/>&quot;Die Gruppe dort bringt die ben\u00f6tigten Waren im kleinen Grenzverkehr weiter nach Lviv.&quot;<\/blockquote><br \/><br \/><strong>DOMRADIO.DE:<\/strong> Lviv ist sp\u00e4testens seit dem russischen Angriff auf die Ukraine vor drei Jahren ein bekannter Name. Nun soll auch eine Emmaus-Hilfslieferung in die Ukraine gehen. Ist das die erste ihrer Art?<br \/><br \/><strong>Does:<\/strong> Nein, wir kennen die Gruppe in Lviv schon \u00fcber 20 Jahre. Fr\u00fcher konnten wir auch direkt dorthin liefern. Das war irgendwann nicht mehr m\u00f6glich. Deshalb l\u00e4uft es jetzt \u00fcber Lublin. Die Gruppe dort bringt die ben\u00f6tigten Waren im kleinen Grenzverkehr weiter nach Lviv.<br \/><br \/><strong>DOMRADIO.DE:<\/strong> Was hat sich seit dem Beginn des Krieges ver\u00e4ndert? Was brauchen die Menschen in Lviv?<br \/><br \/><strong>Does:<\/strong> Vielleicht vorweg: Lviv ist eine wundersch\u00f6ne Stadt, die ich sehr gerne besucht habe. Sie hatte fr\u00fcher zwischen 800.000 und einer Million Einwohner \u2013 etwa so viele wie K\u00f6ln. Seit Beginn des Krieges ist die Bev\u00f6lkerung auf etwa 1,8 bis 1,9 Millionen gewachsen. Die meisten kommen aus dem Osten der Ukraine.<br \/><br \/><blockquote>Willi Does:<br \/><br \/>&quot;Man braucht gezielt Decken, Medikamente, Verbandsmaterial \u2013 um Erk\u00e4ltungen, Verbrennungen und Verletzungen behandeln zu k\u00f6nnen.&quot;<\/blockquote><br \/><br \/>Lviv hat ein massives Problem mit Binnengefl\u00fcchteten. Die Emmaus-Gruppe in Lviv, die fr\u00fcher 12 bis 15 ehemals obdachlose Menschen aufgenommen hat, betreut inzwischen \u00fcber 30. Dazu kommt, dass sie eine gr\u00f6\u00dfere Lokalit\u00e4t gefunden haben, wo sie ein sogenanntes 'Social Center' f\u00fcr Gefl\u00fcchtete und Obdachlose eingerichtet haben. Da wird kein Unterschied gemacht. Man muss keinen Ausweis vorlegen. Wer arm ist, ist arm \u2013 egal ob jemand aus dem Osten der Ukraine kommt oder schon l\u00e4nger obdachlos ist.<br \/><br \/><strong>DOMRADIO.DE:<\/strong> Was wird konkret gebraucht?<br \/><br \/><strong>Does:<\/strong> Man braucht gezielt Decken, Medikamente, Verbandsmaterial, um Erk\u00e4ltungen, Verbrennungen und Verletzungen behandeln zu k\u00f6nnen. Au\u00dferdem wird dort Kinderbetreuung gemacht, weil viele Kinder traumatisiert sind. Deshalb packen wir auch Malstifte, Malbl\u00f6cke, Ausmalb\u00fccher und Spielzeug ein. Also Dinge, die ukrainische Kinder wirklich benutzen k\u00f6nnen.<br \/><br \/>Das Interview f\u00fchrte Uta Vorbrodt.<br \/><br \/>Quelle: <span class=\"bookmark-identifier\">#^<\/span><a class=\"bookmark\" href=\"https:\/\/www.domradio.de\/artikel\/emmaus-koeln-organisiert-hilfstransporte-nach-polen-und-die-ukraine\" target=\"_blank\" rel=\"nofollow noopener\">https:\/\/www.domradio.de\/artikel\/emmaus-koeln-organisiert-hilfstransporte-nach-polen-und-die-ukraine<\/a><br \/><br \/><a class=\"zrl\" href=\"https:\/\/emmaus-koeln.de\/photos\/info\/image\/5315af36-b24d-4267-9d06-5d4524bf5ff6\" target=\"_blank\" rel=\"nofollow noopener\"><img class=\"zrl\" loading=\"eager\" style=\"width: 1375px; max-width: 100%;\" alt=\"Image\/photo\" title=\"\" class=\"\" src=\"https:\/\/emmaus-koeln.de\/photo\/5315af36-b24d-4267-9d06-5d4524bf5ff6-1.png\" \/><\/a><\/div><\/div><br \/><\/div>","width":640,"height":426}

<div style="width: 640; height: 426; font-family: sans-serif,arial,freesans;" ><div id="shared_container_1092005939" class="shared_container"><div id="shared_header_1092005939" class="shared_header"><a href="https://emmaus-koeln.de/channel/info"><img src="https://emmaus-koeln.de/photo/profile/s/4" alt="Emmaus Köln" height="32" width="32" loading="lazy" /></a><span><a href="https://emmaus-koeln.de/channel/info">Emmaus Köln</a>  wrote the following  <a href="https://emmaus-koeln.de/display/7efe2817-3a15-4808-ad99-6163cfcdf43b">post </a><span class="autotime" title="2025-07-05T09:19:34+02:00">Sat, 05 Jul 2025 09:19:34 +0200</span></span></div><div id="reshared-content-1092005939" class="reshared-content"><strong>Emmaus Köln im Domradio: &quot;Viele Kinder sind traumatisiert&quot;</strong><br /><strong>05.07.2025 Emmaus Köln organisiert Hilfstransporte nach Polen und die Ukraine<br />&quot;Viele Kinder sind traumatisiert&quot;<br /><br />Ende August startet bei Emmaus in Köln ein 18-Tonner mit Hilfsgütern für die Ukraine. Über Polen gelangt die Lieferung bis nach Lviv. Warum die Not dort seit dem Krieg deutlich gewachsen ist, erklärt Willi Does von Emmaus Deutschland.<br />Autor/in: Uta Vorbrodt</strong><br /><br /><a class="zrl" href="https://emmaus-koeln.de/photos/info/image/bef1c8e1-0f98-402a-9cd0-a7a6868295cf" target="_blank" rel="nofollow noopener"><img class="zrl" loading="eager" style="width: 630px; max-width: 100%;" alt="Image/photo" title="" class="" src="https://emmaus-koeln.de/photo/bef1c8e1-0f98-402a-9cd0-a7a6868295cf-1.jpg" /></a><br /><br /><strong>DOMRADIO.DE:</strong> Ende August startet vom Gelände der Emmaus-Gemeinschaft in Köln ein 18-Tonner. Ein Lkw voll mit Hilfsgütern, die Sie ab sofort sammeln. Wohin geht die Lieferung?<br /><br /><strong>Willi Does (Vorstand von Emmaus Deutschland und Emmaus Köln):</strong> Dieser Lkw kommt aus Polen, wird hier beladen und fährt dann ins polnische Lublin zu Emmaus. Diese Gruppe kennen wir schon seit über 30 Jahren. Zwischen Emmaus Köln und Emmaus Lublin gibt es eine enge Kooperation.<br /><br /><strong>DOMRADIO.DE:</strong> Das heißt, es ist eine Hilfslieferung für Polen?<br /><br /><strong>Does:</strong> Vorrangig ist das eine Hilfslieferung für Emmaus in Lublin. Die organisieren Secondhand-Verkäufe, machen Behindertenarbeit – Sie haben viel Erfahrung, gerade in der Betreuung von Menschen mit Behinderung. Parallel dazu besteht ein intensiver Kontakt zu Emmaus in Lviv, also in Lemberg in der Ukraine. Diese Gemeinschaft dort gibt es seit etwa 25 Jahren.<br /><br /><blockquote>Willi Does:<br /><br />&quot;Die Gruppe dort bringt die benötigten Waren im kleinen Grenzverkehr weiter nach Lviv.&quot;</blockquote><br /><br /><strong>DOMRADIO.DE:</strong> Lviv ist spätestens seit dem russischen Angriff auf die Ukraine vor drei Jahren ein bekannter Name. Nun soll auch eine Emmaus-Hilfslieferung in die Ukraine gehen. Ist das die erste ihrer Art?<br /><br /><strong>Does:</strong> Nein, wir kennen die Gruppe in Lviv schon über 20 Jahre. Früher konnten wir auch direkt dorthin liefern. Das war irgendwann nicht mehr möglich. Deshalb läuft es jetzt über Lublin. Die Gruppe dort bringt die benötigten Waren im kleinen Grenzverkehr weiter nach Lviv.<br /><br /><strong>DOMRADIO.DE:</strong> Was hat sich seit dem Beginn des Krieges verändert? Was brauchen die Menschen in Lviv?<br /><br /><strong>Does:</strong> Vielleicht vorweg: Lviv ist eine wunderschöne Stadt, die ich sehr gerne besucht habe. Sie hatte früher zwischen 800.000 und einer Million Einwohner – etwa so viele wie Köln. Seit Beginn des Krieges ist die Bevölkerung auf etwa 1,8 bis 1,9 Millionen gewachsen. Die meisten kommen aus dem Osten der Ukraine.<br /><br /><blockquote>Willi Does:<br /><br />&quot;Man braucht gezielt Decken, Medikamente, Verbandsmaterial – um Erkältungen, Verbrennungen und Verletzungen behandeln zu können.&quot;</blockquote><br /><br />Lviv hat ein massives Problem mit Binnengeflüchteten. Die Emmaus-Gruppe in Lviv, die früher 12 bis 15 ehemals obdachlose Menschen aufgenommen hat, betreut inzwischen über 30. Dazu kommt, dass sie eine größere Lokalität gefunden haben, wo sie ein sogenanntes 'Social Center' für Geflüchtete und Obdachlose eingerichtet haben. Da wird kein Unterschied gemacht. Man muss keinen Ausweis vorlegen. Wer arm ist, ist arm – egal ob jemand aus dem Osten der Ukraine kommt oder schon länger obdachlos ist.<br /><br /><strong>DOMRADIO.DE:</strong> Was wird konkret gebraucht?<br /><br /><strong>Does:</strong> Man braucht gezielt Decken, Medikamente, Verbandsmaterial, um Erkältungen, Verbrennungen und Verletzungen behandeln zu können. Außerdem wird dort Kinderbetreuung gemacht, weil viele Kinder traumatisiert sind. Deshalb packen wir auch Malstifte, Malblöcke, Ausmalbücher und Spielzeug ein. Also Dinge, die ukrainische Kinder wirklich benutzen können.<br /><br />Das Interview führte Uta Vorbrodt.<br /><br />Quelle: <span class="bookmark-identifier">#^</span><a class="bookmark" href="https://www.domradio.de/artikel/emmaus-koeln-organisiert-hilfstransporte-nach-polen-und-die-ukraine" target="_blank" rel="nofollow noopener">https://www.domradio.de/artikel/emmaus-koeln-organisiert-hilfstransporte-nach-polen-und-die-ukraine</a><br /><br /><a class="zrl" href="https://emmaus-koeln.de/photos/info/image/5315af36-b24d-4267-9d06-5d4524bf5ff6" target="_blank" rel="nofollow noopener"><img class="zrl" loading="eager" style="width: 1375px; max-width: 100%;" alt="Image/photo" title="" class="" src="https://emmaus-koeln.de/photo/5315af36-b24d-4267-9d06-5d4524bf5ff6-1.png" /></a></div></div><br /></div>
