{"type":"rich","html":"<div style=\"width: 640; height: 426; font-family: sans-serif,arial,freesans;\" ><div id=\"shared_container_639150884\" class=\"shared_container\"><div id=\"shared_header_639150884\" class=\"shared_header\"><a href=\"https:\/\/emmaus-koeln.de\/channel\/info\"><img src=\"https:\/\/emmaus-koeln.de\/photo\/profile\/s\/4\" alt=\"Emmaus K\u00f6ln\" height=\"32\" width=\"32\" loading=\"lazy\" \/><\/a><span><a href=\"https:\/\/emmaus-koeln.de\/channel\/info\">Emmaus K\u00f6ln<\/a>  wrote the following  <a href=\"https:\/\/emmaus-koeln.de\/display\/76a39a56-4aed-43d1-b29e-a5e767311f06\">post <\/a><span class=\"autotime\" title=\"2018-03-13T09:14:19+01:00\">Tue, 13 Mar 2018 09:14:19 +0100<\/span><\/span><\/div><div id=\"reshared-content-639150884\" class=\"reshared-content\"><strong>Brief an Frau Merkel<\/strong><br \/><blockquote>Sehr geehrte Frau Dr. Merkel,<br \/><br \/>Sehr geehrte Damen und Herren der neuen Bundesregierung,<br \/><br \/>am gestrigen Montag, 12.M\u00e4rz 2018 haben Sie mit drei Parteien den neuen Koalitionsvertrag unterzeichnet und somit den Weg freigemacht f\u00fcr weitere fast vier Jahre einer hoffentlich aktiven und kreativen Regierungsarbeit in Deutschland.<br \/><br \/>Dazu w\u00fcnsche ich Ihnen allen den n\u00f6tigen Erfolg.<br \/><br \/>Als Pr\u00e4sident von Emmaus Europa mit mehr als 300 Gruppen und Gemeinschaften in 17 L\u00e4ndern erlaube ich mir, Ihnen unsere politische Einsch\u00e4tzung zu den Entwicklung in Deutschland und Europa darzustellen.<br \/><br \/>Wenn wir uns die Lebenswirklichkeiten auf der Welt, in Europa und Deutschland ansehen, m\u00fcssen wir feststellen, dass wir in einem reichen Land leben.<br \/><br \/>Vordergr\u00fcndig und von vielen ausl\u00e4ndischen Besuchern best\u00e4tigt, ist hier alles wohl geordnet und sauber geregelt.<br \/><br \/>Aber nach der letzten Bundestagswahl m\u00fcssen wir auch feststellen, dass unser Land nach rechts ger\u00fcckt ist.<br \/><br \/>Es standen hierzulande langatmige Verhandlungen der unterschiedlichsten Parteien an und ist zu bef\u00fcrchten, dass eine neue neoliberale Welle durch unser Land schwappen wird.<br \/><br \/>Deshalb scheint es angeraten und angemessen, auf Folgendes mit Nachdruck hinzuweisen:<br \/><br \/>Die gesellschaftliche Situation in Deutschland ist seit einigen Jahren von starken sozialen Verwerfungen gekennzeichnet. Sie zeigen sich z.B. an folgenden Entwicklungen:<br \/><br \/>Lohndr\u00fcckerei, Kinderarmut, Altersarmut, Rentenk\u00fcrzungen, Zwei- Klassen- Gesundheitsf\u00fcrsorge Armut und Reichtum sind zwei Seiten einer Medaille, der Reichtum einiger weniger wird erst m\u00f6glich durch die Verarmung vieler. Es ist eine Frage der Gerechtigkeit,<br \/><br \/>Armut zu beseitigen, und es ist eine Frage der Verletzung der Menschenrechte, wenn wir Armut zulassen.<br \/><br \/>Der Staat und seine Vertreter nehmen allerdings seine Aufgaben, eine Verteilungs-gerechtigkeit herzustellen, schon lange nicht mehr wahr.<br \/><br \/>Entsprechend der einer seit ca. 30 Jahren vorherrschenden neoliberalen Politik wird eine Umverteilung von unten nach oben betrieben.<br \/><br \/>Die Verm\u00f6gen der Reichen steigen seit langem immer mehr an, w\u00e4hrend im Sozialhaushalt immer mehr eingespart wird, die Realeinkommen von 40% unserer Bev\u00f6lkerung eher r\u00fcckl\u00e4ufig sind.<br \/><br \/>Wir brauchen eine Politik, die<br \/><br \/><ul class=\"listbullet\">[<em>]der sozialen Gerechtigkeit verpflichtet ist<br \/>[<\/em>]die den Schwerpunkt darauf legt, Armut zu beseitigen<br \/>[<em>]die garantiert, dass Gesundheit und gute Bildung unabh\u00e4ngig vom Einkommen gestaltet wird.<br \/>[<\/em>]die verhindert, dass trotz Mindestlohn immer noch Dumpingl\u00f6hne gezahlt werden<li>ein solidarisches Rentensystem erh\u00e4lt, um absehbare Altersarmut zu vermeiden.<\/ul><br \/>Viele Menschen und Organisationen setzen sich seit Jahren f\u00fcr die oben genannten<br \/><br \/>Ziele ein, Verbesserungen sind immer noch nicht in Sicht.<br \/><br \/>Es wird also folglich immer mehr auf zivilgesellschaftliches Engagement ankommen, wollen wir der Gerechtigkeit den Weg bereiten.<br \/><br \/>Deutschland hat eine enorme Verantwortung auf europ\u00e4ischer Ebene und muss daf\u00fcr sorgen, dass sich die Ziele und Werte der europ\u00e4ischen Gemeinschaft nicht zersetzen durch neoliberale Austerit\u00e4tspolitik und nationalistisches Gehabe.<br \/><br \/>Viele meiner Kollegen in den europ\u00e4ischen Emmaus \u2013 Gremien schauen mit Interesse und Sorge auf die seit Jahren sich \u00e4ndernden Gegebenheiten in Europa und gerade auf Deutschland, \u2026 denn unserem Land kommt als bev\u00f6lkerungsreichstem und zur Zeit wirtschaftlich st\u00e4rkstem Land eine besondere Verantwortung zu, wenn es auch um die Verwirklichung fairer und menschlicher Bedingungen <strong>f\u00fcr alle Menschen geht, die in Europa leben.<\/strong><br \/><br \/>Ich w\u00fcnsche Ihnen allen erdenklichen Erfolg in Ihrer Arbeit , die wir von Emmaus Europa und Deutschland nat\u00fcrlich kritisch beobachten werden.<br \/><br \/>Mit freundlichem Gru\u00df<br \/><br \/>Willi Does<br \/><br \/>Vorsitzender Emmaus Gemeinschaft in K\u00f6ln eV<br \/><br \/>Pr\u00e4sident Emmaus Europa<\/blockquote><\/div><\/div><br \/><\/div>","width":640,"height":426}

<div style="width: 640; height: 426; font-family: sans-serif,arial,freesans;" ><div id="shared_container_639150884" class="shared_container"><div id="shared_header_639150884" class="shared_header"><a href="https://emmaus-koeln.de/channel/info"><img src="https://emmaus-koeln.de/photo/profile/s/4" alt="Emmaus Köln" height="32" width="32" loading="lazy" /></a><span><a href="https://emmaus-koeln.de/channel/info">Emmaus Köln</a>  wrote the following  <a href="https://emmaus-koeln.de/display/76a39a56-4aed-43d1-b29e-a5e767311f06">post </a><span class="autotime" title="2018-03-13T09:14:19+01:00">Tue, 13 Mar 2018 09:14:19 +0100</span></span></div><div id="reshared-content-639150884" class="reshared-content"><strong>Brief an Frau Merkel</strong><br /><blockquote>Sehr geehrte Frau Dr. Merkel,<br /><br />Sehr geehrte Damen und Herren der neuen Bundesregierung,<br /><br />am gestrigen Montag, 12.März 2018 haben Sie mit drei Parteien den neuen Koalitionsvertrag unterzeichnet und somit den Weg freigemacht für weitere fast vier Jahre einer hoffentlich aktiven und kreativen Regierungsarbeit in Deutschland.<br /><br />Dazu wünsche ich Ihnen allen den nötigen Erfolg.<br /><br />Als Präsident von Emmaus Europa mit mehr als 300 Gruppen und Gemeinschaften in 17 Ländern erlaube ich mir, Ihnen unsere politische Einschätzung zu den Entwicklung in Deutschland und Europa darzustellen.<br /><br />Wenn wir uns die Lebenswirklichkeiten auf der Welt, in Europa und Deutschland ansehen, müssen wir feststellen, dass wir in einem reichen Land leben.<br /><br />Vordergründig und von vielen ausländischen Besuchern bestätigt, ist hier alles wohl geordnet und sauber geregelt.<br /><br />Aber nach der letzten Bundestagswahl müssen wir auch feststellen, dass unser Land nach rechts gerückt ist.<br /><br />Es standen hierzulande langatmige Verhandlungen der unterschiedlichsten Parteien an und ist zu befürchten, dass eine neue neoliberale Welle durch unser Land schwappen wird.<br /><br />Deshalb scheint es angeraten und angemessen, auf Folgendes mit Nachdruck hinzuweisen:<br /><br />Die gesellschaftliche Situation in Deutschland ist seit einigen Jahren von starken sozialen Verwerfungen gekennzeichnet. Sie zeigen sich z.B. an folgenden Entwicklungen:<br /><br />Lohndrückerei, Kinderarmut, Altersarmut, Rentenkürzungen, Zwei- Klassen- Gesundheitsfürsorge Armut und Reichtum sind zwei Seiten einer Medaille, der Reichtum einiger weniger wird erst möglich durch die Verarmung vieler. Es ist eine Frage der Gerechtigkeit,<br /><br />Armut zu beseitigen, und es ist eine Frage der Verletzung der Menschenrechte, wenn wir Armut zulassen.<br /><br />Der Staat und seine Vertreter nehmen allerdings seine Aufgaben, eine Verteilungs-gerechtigkeit herzustellen, schon lange nicht mehr wahr.<br /><br />Entsprechend der einer seit ca. 30 Jahren vorherrschenden neoliberalen Politik wird eine Umverteilung von unten nach oben betrieben.<br /><br />Die Vermögen der Reichen steigen seit langem immer mehr an, während im Sozialhaushalt immer mehr eingespart wird, die Realeinkommen von 40% unserer Bevölkerung eher rückläufig sind.<br /><br />Wir brauchen eine Politik, die<br /><br /><ul class="listbullet">[<em>]der sozialen Gerechtigkeit verpflichtet ist<br />[</em>]die den Schwerpunkt darauf legt, Armut zu beseitigen<br />[<em>]die garantiert, dass Gesundheit und gute Bildung unabhängig vom Einkommen gestaltet wird.<br />[</em>]die verhindert, dass trotz Mindestlohn immer noch Dumpinglöhne gezahlt werden<li>ein solidarisches Rentensystem erhält, um absehbare Altersarmut zu vermeiden.</ul><br />Viele Menschen und Organisationen setzen sich seit Jahren für die oben genannten<br /><br />Ziele ein, Verbesserungen sind immer noch nicht in Sicht.<br /><br />Es wird also folglich immer mehr auf zivilgesellschaftliches Engagement ankommen, wollen wir der Gerechtigkeit den Weg bereiten.<br /><br />Deutschland hat eine enorme Verantwortung auf europäischer Ebene und muss dafür sorgen, dass sich die Ziele und Werte der europäischen Gemeinschaft nicht zersetzen durch neoliberale Austeritätspolitik und nationalistisches Gehabe.<br /><br />Viele meiner Kollegen in den europäischen Emmaus – Gremien schauen mit Interesse und Sorge auf die seit Jahren sich ändernden Gegebenheiten in Europa und gerade auf Deutschland, … denn unserem Land kommt als bevölkerungsreichstem und zur Zeit wirtschaftlich stärkstem Land eine besondere Verantwortung zu, wenn es auch um die Verwirklichung fairer und menschlicher Bedingungen <strong>für alle Menschen geht, die in Europa leben.</strong><br /><br />Ich wünsche Ihnen allen erdenklichen Erfolg in Ihrer Arbeit , die wir von Emmaus Europa und Deutschland natürlich kritisch beobachten werden.<br /><br />Mit freundlichem Gruß<br /><br />Willi Does<br /><br />Vorsitzender Emmaus Gemeinschaft in Köln eV<br /><br />Präsident Emmaus Europa</blockquote></div></div><br /></div>
