{"type":"rich","html":"<div style=\"width: 640; height: 426; font-family: sans-serif,arial,freesans;\" ><div id=\"shared_container_2102151786\" class=\"shared_container\"><div id=\"shared_header_2102151786\" class=\"shared_header\"><a href=\"https:\/\/emmaus-koeln.de\/channel\/info\"><img src=\"https:\/\/emmaus-koeln.de\/photo\/profile\/s\/4\" alt=\"Emmaus K\u00f6ln\" height=\"32\" width=\"32\" loading=\"lazy\" \/><\/a><span><a href=\"https:\/\/emmaus-koeln.de\/channel\/info\">Emmaus K\u00f6ln<\/a>  wrote the following  <a href=\"https:\/\/emmaus-koeln.de\/display\/70da1e2f-6e10-4e13-a3fb-5e882e36f97b\">post <\/a><span class=\"autotime\" title=\"2000-07-01T02:00:00+02:00\">Sat, 01 Jul 2000 02:00:00 +0200<\/span><\/span><\/div><div id=\"reshared-content-2102151786\" class=\"reshared-content\"><strong>emmaus in K\u00f6ln - die Geschichte - 2000<\/strong><br \/>Bis Ende Februar renovierte die Gemeinschaft das neue #<a class=\"zrl\" href=\"https:\/\/emmaus-koeln.de\/search?tag=Wohnhaus\" target=\"_blank\" rel=\"nofollow noopener\">Wohnhaus<\/a>. Es bietet Platz f\u00fcr etwa 25 Personen. Auch zwei gro\u00dfe Aufenthaltsr\u00e4ume, ein gro\u00dfer Essraum und eine gut ausgestattete K\u00fcche sind vorhanden.<br \/>Der Umzug der Gemeinschaft war dann bis Ende M\u00e4rz abgeschlossen.<br \/><br \/>Ab Sommer begann die Gemeinschaft mit dem Umbau und der Erweiterung des Verkaufes, mit dem Ziel das Angebot zu vergr\u00f6\u00dfern und attraktiver zu gestalten, was dazu f\u00fchrte, dass die Verkaufsfl\u00e4che etwa verdoppelt werden konnte.<br \/><br \/>Ziel war auch die Einnahmen zu steigern, um die immer noch hohen Investitionskosten f\u00fcr Renovierung und Reparatur in der #<a class=\"zrl\" href=\"https:\/\/emmaus-koeln.de\/search?tag=Geestem%C3%BCnderstr\" target=\"_blank\" rel=\"nofollow noopener\">Geestem\u00fcnderstr<\/a>. zu decken. Arbeiten waren vor allem Neuinstallation und Instandsetzung der Stromversorgung.<br \/>Des weiteren wurden nach Beratung einige Sicherheitsstandards eingef\u00fchrt, wie Raucherzonen, Sicherheitsbeschilderung, Fluchtwege und ein Erste-Hilfe-Kurs f\u00fcr alle Mitarbeiter.<br \/><br \/>Am 9. September wieder ein Sonderverkauf mit dem Verbund-K\u00f6lner-M\u00f6bellager in der #<a class=\"zrl\" href=\"https:\/\/emmaus-koeln.de\/search?tag=Rhenania\" target=\"_blank\" rel=\"nofollow noopener\">Rhenania<\/a> mit einem sehr guten Ergebnis sowohl die Einnahmen betreffend als auch die einzelnen Mitglieder bekannter zu machen.<br \/><br \/>Ein besonderes Highlight war sicherlich der internationale Sonderverkauf bei der emmaus-Gruppe in #<a class=\"zrl\" href=\"https:\/\/emmaus-koeln.de\/search?tag=St.P%C3%B6lten\" target=\"_blank\" rel=\"nofollow noopener\">St.P\u00f6lten<\/a>. Mit dem Erl\u00f6s konnten u.a. einige Kleidertransporte von emmaus-K\u00f6ln an die Organisation #<a class=\"zrl\" href=\"https:\/\/emmaus-koeln.de\/search?tag=ECOMIL\" target=\"_blank\" rel=\"nofollow noopener\">ECOMIL<\/a> \/ Russland finanziert werden, bei denen sehr hohe Kosten anfallen.<\/div><\/div><br \/><\/div>","width":640,"height":426}

<div style="width: 640; height: 426; font-family: sans-serif,arial,freesans;" ><div id="shared_container_2102151786" class="shared_container"><div id="shared_header_2102151786" class="shared_header"><a href="https://emmaus-koeln.de/channel/info"><img src="https://emmaus-koeln.de/photo/profile/s/4" alt="Emmaus Köln" height="32" width="32" loading="lazy" /></a><span><a href="https://emmaus-koeln.de/channel/info">Emmaus Köln</a>  wrote the following  <a href="https://emmaus-koeln.de/display/70da1e2f-6e10-4e13-a3fb-5e882e36f97b">post </a><span class="autotime" title="2000-07-01T02:00:00+02:00">Sat, 01 Jul 2000 02:00:00 +0200</span></span></div><div id="reshared-content-2102151786" class="reshared-content"><strong>emmaus in Köln - die Geschichte - 2000</strong><br />Bis Ende Februar renovierte die Gemeinschaft das neue #<a class="zrl" href="https://emmaus-koeln.de/search?tag=Wohnhaus" target="_blank" rel="nofollow noopener">Wohnhaus</a>. Es bietet Platz für etwa 25 Personen. Auch zwei große Aufenthaltsräume, ein großer Essraum und eine gut ausgestattete Küche sind vorhanden.<br />Der Umzug der Gemeinschaft war dann bis Ende März abgeschlossen.<br /><br />Ab Sommer begann die Gemeinschaft mit dem Umbau und der Erweiterung des Verkaufes, mit dem Ziel das Angebot zu vergrößern und attraktiver zu gestalten, was dazu führte, dass die Verkaufsfläche etwa verdoppelt werden konnte.<br /><br />Ziel war auch die Einnahmen zu steigern, um die immer noch hohen Investitionskosten für Renovierung und Reparatur in der #<a class="zrl" href="https://emmaus-koeln.de/search?tag=Geestem%C3%BCnderstr" target="_blank" rel="nofollow noopener">Geestemünderstr</a>. zu decken. Arbeiten waren vor allem Neuinstallation und Instandsetzung der Stromversorgung.<br />Des weiteren wurden nach Beratung einige Sicherheitsstandards eingeführt, wie Raucherzonen, Sicherheitsbeschilderung, Fluchtwege und ein Erste-Hilfe-Kurs für alle Mitarbeiter.<br /><br />Am 9. September wieder ein Sonderverkauf mit dem Verbund-Kölner-Möbellager in der #<a class="zrl" href="https://emmaus-koeln.de/search?tag=Rhenania" target="_blank" rel="nofollow noopener">Rhenania</a> mit einem sehr guten Ergebnis sowohl die Einnahmen betreffend als auch die einzelnen Mitglieder bekannter zu machen.<br /><br />Ein besonderes Highlight war sicherlich der internationale Sonderverkauf bei der emmaus-Gruppe in #<a class="zrl" href="https://emmaus-koeln.de/search?tag=St.P%C3%B6lten" target="_blank" rel="nofollow noopener">St.Pölten</a>. Mit dem Erlös konnten u.a. einige Kleidertransporte von emmaus-Köln an die Organisation #<a class="zrl" href="https://emmaus-koeln.de/search?tag=ECOMIL" target="_blank" rel="nofollow noopener">ECOMIL</a> / Russland finanziert werden, bei denen sehr hohe Kosten anfallen.</div></div><br /></div>
