{"type":"rich","html":"<div style=\"width: 640; height: 426; font-family: sans-serif,arial,freesans;\" ><div id=\"shared_container_1503515425\" class=\"shared_container\"><div id=\"shared_header_1503515425\" class=\"shared_header\"><a href=\"https:\/\/emmaus-koeln.de\/channel\/info\"><img src=\"https:\/\/emmaus-koeln.de\/photo\/profile\/s\/4\" alt=\"Emmaus K\u00f6ln\" height=\"32\" width=\"32\" loading=\"lazy\" \/><\/a><span><a href=\"https:\/\/emmaus-koeln.de\/channel\/info\">Emmaus K\u00f6ln<\/a>  wrote the following  <a href=\"https:\/\/emmaus-koeln.de\/display\/5e7eea2c-92c4-48fa-83ac-566e4ffa62bd\">post <\/a><span class=\"autotime\" title=\"2016-12-14T10:47:33+01:00\">Wed, 14 Dec 2016 10:47:33 +0100<\/span><\/span><\/div><div id=\"reshared-content-1503515425\" class=\"reshared-content\"><strong>Climate Chance Colloqium der Heinrich B\u00f6ll-Stiftung in Paris<\/strong><br \/><a class=\"zrl\" href=\"https:\/\/emmaus-koeln.de\/photos\/info\/image\/c471e0a8-1573-472c-ac98-14fcdbf9f93c\" target=\"_blank\" rel=\"nofollow noopener\"><img class=\"zrl\" style=\"max-width: 100%;\" src=\"https:\/\/emmaus-koeln.de\/photo\/c471e0a8-1573-472c-ac98-14fcdbf9f93c-1.jpg\" alt=\"teaserbox_2475088556.jpg-t-1482315721.jpg\" title=\"teaserbox_2475088556.jpg-t-1482315721.jpg\" loading=\"eager\" \/><\/a><br \/><br \/>Am 12. Dezember veranstaltete die Heinrich B\u00f6ll-Stiftung mit Climate Chance ein Colloqium in Paris (Palais du Luxembourg).<br \/><br \/>Die beiden Themen des Tages: Die Energiewende und die Kreislaufwirtschaft.<br \/><br \/>Wie sind die Erfahrungen der beiden L\u00e4nder Deutschland und Frankreich, und wie k\u00f6nnen Initiativen und die Zivilgesellschaft Einfluss nehmen, damit wir die Herausforderungen des Klimawandels gestalten k\u00f6nnen.<br \/><br \/>Willi Does als Pr\u00e4sident von Emmaus Europa hatte Gelegenheit, die Vorstellungen von Emmaus f\u00fcr eine solidarische und nachhaltige \u00d6konomie vorzustellen, die die Interessen der jeweils \u00c4rmsten in unseren Gesellschaften ber\u00fccksichtigt und sie vielmehr aktiv an den Herausforderungen unserer Zeit teilnehmen lassen.<br \/><br \/><a class=\"zrl\" href=\"https:\/\/emmaus-koeln.de\/photos\/info\/image\/65b6bfa5-2871-439e-b030-8b6f9ec33295\" target=\"_blank\" rel=\"nofollow noopener\"><img class=\"zrl\" style=\"max-width: 100%;\" src=\"https:\/\/emmaus-koeln.de\/photo\/65b6bfa5-2871-439e-b030-8b6f9ec33295-1.jpg\" alt=\"teaserbox_2475088532.jpg-t-1482315654.jpg\" title=\"teaserbox_2475088532.jpg-t-1482315654.jpg\" loading=\"eager\" \/><\/a><\/div><\/div><br \/><\/div>","width":640,"height":426}

<div style="width: 640; height: 426; font-family: sans-serif,arial,freesans;" ><div id="shared_container_1503515425" class="shared_container"><div id="shared_header_1503515425" class="shared_header"><a href="https://emmaus-koeln.de/channel/info"><img src="https://emmaus-koeln.de/photo/profile/s/4" alt="Emmaus Köln" height="32" width="32" loading="lazy" /></a><span><a href="https://emmaus-koeln.de/channel/info">Emmaus Köln</a>  wrote the following  <a href="https://emmaus-koeln.de/display/5e7eea2c-92c4-48fa-83ac-566e4ffa62bd">post </a><span class="autotime" title="2016-12-14T10:47:33+01:00">Wed, 14 Dec 2016 10:47:33 +0100</span></span></div><div id="reshared-content-1503515425" class="reshared-content"><strong>Climate Chance Colloqium der Heinrich Böll-Stiftung in Paris</strong><br /><a class="zrl" href="https://emmaus-koeln.de/photos/info/image/c471e0a8-1573-472c-ac98-14fcdbf9f93c" target="_blank" rel="nofollow noopener"><img class="zrl" style="max-width: 100%;" src="https://emmaus-koeln.de/photo/c471e0a8-1573-472c-ac98-14fcdbf9f93c-1.jpg" alt="teaserbox_2475088556.jpg-t-1482315721.jpg" title="teaserbox_2475088556.jpg-t-1482315721.jpg" loading="eager" /></a><br /><br />Am 12. Dezember veranstaltete die Heinrich Böll-Stiftung mit Climate Chance ein Colloqium in Paris (Palais du Luxembourg).<br /><br />Die beiden Themen des Tages: Die Energiewende und die Kreislaufwirtschaft.<br /><br />Wie sind die Erfahrungen der beiden Länder Deutschland und Frankreich, und wie können Initiativen und die Zivilgesellschaft Einfluss nehmen, damit wir die Herausforderungen des Klimawandels gestalten können.<br /><br />Willi Does als Präsident von Emmaus Europa hatte Gelegenheit, die Vorstellungen von Emmaus für eine solidarische und nachhaltige Ökonomie vorzustellen, die die Interessen der jeweils Ärmsten in unseren Gesellschaften berücksichtigt und sie vielmehr aktiv an den Herausforderungen unserer Zeit teilnehmen lassen.<br /><br /><a class="zrl" href="https://emmaus-koeln.de/photos/info/image/65b6bfa5-2871-439e-b030-8b6f9ec33295" target="_blank" rel="nofollow noopener"><img class="zrl" style="max-width: 100%;" src="https://emmaus-koeln.de/photo/65b6bfa5-2871-439e-b030-8b6f9ec33295-1.jpg" alt="teaserbox_2475088532.jpg-t-1482315654.jpg" title="teaserbox_2475088532.jpg-t-1482315654.jpg" loading="eager" /></a></div></div><br /></div>
