{"type":"rich","html":"<div style=\"width: 640; height: 426; font-family: sans-serif,arial,freesans;\" ><div id=\"shared_container_1126133698\" class=\"shared_container\"><div id=\"shared_header_1126133698\" class=\"shared_header\"><a href=\"https:\/\/emmaus-koeln.de\/channel\/info\"><img src=\"https:\/\/emmaus-koeln.de\/photo\/profile\/s\/4\" alt=\"Emmaus K\u00f6ln\" height=\"32\" width=\"32\" loading=\"lazy\" \/><\/a><span><a href=\"https:\/\/emmaus-koeln.de\/channel\/info\">Emmaus K\u00f6ln<\/a>  wrote the following  <a href=\"https:\/\/emmaus-koeln.de\/display\/5dc87d19-697d-4b80-bd09-f04d105c490d\">post <\/a><span class=\"autotime\" title=\"2016-12-15T10:38:17+01:00\">Thu, 15 Dec 2016 10:38:17 +0100<\/span><\/span><\/div><div id=\"reshared-content-1126133698\" class=\"reshared-content\"><strong>Les pr\u00e9sidents se rencontrent : Mr Schulz et Mr Does<\/strong><br \/>Am 2. Februar hatte Willi Does Gelegenheit, als Pr\u00e4sident von Emmaus Europa, Martin Schulz, Pr\u00e4sident des Europaparlaments, zu treffen.<br \/><br \/>Mit der Koordinatorin unseres Sekretariats Gabriela Martin konnten wir 40 Minuten \u00fcber unsere aktuellen Emmaus- Probleme in angenehmer Atmosph\u00e4re sprechen.<br \/><br \/>Nat\u00fcrlich besch\u00e4ftigt Emmaus Europa die Fl\u00fcchtlingsfrage, die in Europa nicht gel\u00f6st ist: Versch\u00e4rfungen des Asylrechts, Schlie\u00dfung von immer mehr Grenzen, Ansteigen von Nationalismus und Fremdenfeindlichkeit.<br \/><br \/>Nur vier L\u00e4nder sind auf europ\u00e4ischer Ebene wirklich bereit, sich dem Problem der Zuwanderung von Migranten ernsthaft zu stellen.<br \/><br \/>Selbst die vereinbarte Ansiedlung im Mai 2015 von 160.000 Fl\u00fcchtlingen nach einem Quotensystem auf Europa funktioniert nicht.<br \/><br \/>Erst ca. 300 Fl\u00fcchtlinge konnten umgesiedelt werden.<br \/><br \/>Die Europ\u00e4ische Commission hat im Dezember 2015 ein weiteres Paket auf den Weg gebracht: Kreislaufwirtschaft. Vor allem in den Bereichen Wasser, Verpackungsm\u00fcll, Verschwendung von Lebensmitteln und Elektroschrott gibt es Direktiven, die in den n\u00e4chsten Jahren umgesetzt werden sollen.<br \/><br \/>Emmaus Europa unterstrich in diesem Gespr\u00e4ch, dass wir bef\u00fcrchten, dass die gro\u00dfen M\u00fcllentsorger ein entsprechend gro\u00dfes Gesch\u00e4ft wittern werden oder schon in Startl\u00f6chern stehen.<br \/><br \/>Es muss in den weiteren \u00dcberlegungen mit der Commission und Politikern des EU- Parlaments unbedingt gew\u00e4hrleistet sein, dass auch Initiativen der \u201eSolidarischen \u00d6konomie\u201c, also auch Emmaus beteiligt sind, gerade weil Emmaus mit dieser Gesch\u00e4ftst\u00e4tigkeit vor allem Menschen am Rande der Gesellschaft sinnvoll besch\u00e4ftigen kann und somit ein menschenw\u00fcrdiges Leben f\u00fcr diesen Personenkreis erm\u00f6glicht.<br \/><br \/><a class=\"zrl\" href=\"https:\/\/emmaus-koeln.de\/photos\/info\/image\/359c87d6-0c3e-4ea4-a22f-fa225ea57a57\" target=\"_blank\" rel=\"nofollow noopener\"><img class=\"zrl\" style=\"max-width: 100%;\" src=\"https:\/\/emmaus-koeln.de\/photo\/359c87d6-0c3e-4ea4-a22f-fa225ea57a57-1.png\" alt=\"teaserbox_2468203434.jpg-t-1455732993.jpg\" title=\"teaserbox_2468203434.jpg-t-1455732993.jpg\" loading=\"eager\" \/><\/a><\/div><\/div><br \/><\/div>","width":640,"height":426}

<div style="width: 640; height: 426; font-family: sans-serif,arial,freesans;" ><div id="shared_container_1126133698" class="shared_container"><div id="shared_header_1126133698" class="shared_header"><a href="https://emmaus-koeln.de/channel/info"><img src="https://emmaus-koeln.de/photo/profile/s/4" alt="Emmaus Köln" height="32" width="32" loading="lazy" /></a><span><a href="https://emmaus-koeln.de/channel/info">Emmaus Köln</a>  wrote the following  <a href="https://emmaus-koeln.de/display/5dc87d19-697d-4b80-bd09-f04d105c490d">post </a><span class="autotime" title="2016-12-15T10:38:17+01:00">Thu, 15 Dec 2016 10:38:17 +0100</span></span></div><div id="reshared-content-1126133698" class="reshared-content"><strong>Les présidents se rencontrent : Mr Schulz et Mr Does</strong><br />Am 2. Februar hatte Willi Does Gelegenheit, als Präsident von Emmaus Europa, Martin Schulz, Präsident des Europaparlaments, zu treffen.<br /><br />Mit der Koordinatorin unseres Sekretariats Gabriela Martin konnten wir 40 Minuten über unsere aktuellen Emmaus- Probleme in angenehmer Atmosphäre sprechen.<br /><br />Natürlich beschäftigt Emmaus Europa die Flüchtlingsfrage, die in Europa nicht gelöst ist: Verschärfungen des Asylrechts, Schließung von immer mehr Grenzen, Ansteigen von Nationalismus und Fremdenfeindlichkeit.<br /><br />Nur vier Länder sind auf europäischer Ebene wirklich bereit, sich dem Problem der Zuwanderung von Migranten ernsthaft zu stellen.<br /><br />Selbst die vereinbarte Ansiedlung im Mai 2015 von 160.000 Flüchtlingen nach einem Quotensystem auf Europa funktioniert nicht.<br /><br />Erst ca. 300 Flüchtlinge konnten umgesiedelt werden.<br /><br />Die Europäische Commission hat im Dezember 2015 ein weiteres Paket auf den Weg gebracht: Kreislaufwirtschaft. Vor allem in den Bereichen Wasser, Verpackungsmüll, Verschwendung von Lebensmitteln und Elektroschrott gibt es Direktiven, die in den nächsten Jahren umgesetzt werden sollen.<br /><br />Emmaus Europa unterstrich in diesem Gespräch, dass wir befürchten, dass die großen Müllentsorger ein entsprechend großes Geschäft wittern werden oder schon in Startlöchern stehen.<br /><br />Es muss in den weiteren Überlegungen mit der Commission und Politikern des EU- Parlaments unbedingt gewährleistet sein, dass auch Initiativen der „Solidarischen Ökonomie“, also auch Emmaus beteiligt sind, gerade weil Emmaus mit dieser Geschäftstätigkeit vor allem Menschen am Rande der Gesellschaft sinnvoll beschäftigen kann und somit ein menschenwürdiges Leben für diesen Personenkreis ermöglicht.<br /><br /><a class="zrl" href="https://emmaus-koeln.de/photos/info/image/359c87d6-0c3e-4ea4-a22f-fa225ea57a57" target="_blank" rel="nofollow noopener"><img class="zrl" style="max-width: 100%;" src="https://emmaus-koeln.de/photo/359c87d6-0c3e-4ea4-a22f-fa225ea57a57-1.png" alt="teaserbox_2468203434.jpg-t-1455732993.jpg" title="teaserbox_2468203434.jpg-t-1455732993.jpg" loading="eager" /></a></div></div><br /></div>
