{"type":"rich","html":"<div style=\"width: 640; height: 426; font-family: sans-serif,arial,freesans;\" ><div id=\"shared_container_825228324\" class=\"shared_container\"><div id=\"shared_header_825228324\" class=\"shared_header\"><a href=\"https:\/\/emmaus-koeln.de\/channel\/info\"><img src=\"https:\/\/emmaus-koeln.de\/photo\/profile\/s\/4\" alt=\"Emmaus K\u00f6ln\" height=\"32\" width=\"32\" loading=\"lazy\" \/><\/a><span><a href=\"https:\/\/emmaus-koeln.de\/channel\/info\">Emmaus K\u00f6ln<\/a>  wrote the following  <a href=\"https:\/\/emmaus-koeln.de\/display\/54df4d09-4ac1-4a79-9b6a-faadd99af0fb\">post <\/a><span class=\"autotime\" title=\"2014-10-15T02:00:00+02:00\">Wed, 15 Oct 2014 02:00:00 +0200<\/span><\/span><\/div><div id=\"reshared-content-825228324\" class=\"reshared-content\"><strong>Seminartag in Krefeld<\/strong><br \/>J\u00e4hrlich findet ein Seminartag statt, zu dem sich EMMAUS Gruppen aus K\u00f6ln, #<a class=\"zrl\" href=\"https:\/\/emmaus-koeln.de\/search?tag=Sonsbeck\" target=\"_blank\" rel=\"nofollow noopener\">Sonsbeck<\/a>, #<a class=\"zrl\" href=\"https:\/\/emmaus-koeln.de\/search?tag=Krefeld\" target=\"_blank\" rel=\"nofollow noopener\">Krefeld<\/a> und eine Gruppe aus Krefeld, welche sich Anstoss e.V. nennt versammeln, um untereinander zu debattieren und \u00fcber \u00dcberlegungen und Vorstellungen, \u00fcber bestimmte Problematiken, welche gegeben sind, R\u00fccksprache zu halten und diese zu ergr\u00fcnden.<br \/><br \/>An einem regnerischen und ungem\u00fctlichen Sonntag Morgen, welchen man am besten im Bett verbringt, habe ich mich, als Praktikantin von EMMAUS K\u00f6ln, mittels gro\u00dfer \u00dcberwindung und weiteren Angeh\u00f6rigen der Gemeinschaft, um neun Uhr morgens auf den Weg zu dem diesj\u00e4hrigen Seminartag nach Krefeld gemacht.<br \/><br \/>Nach nahezu einer Stunde Fahrt erreichten wir unseren Zielort. F\u00fcr unseren Seminartag stellte uns der CVJM (Christlicher Verein junger Menschen) ihre R\u00e4umlichkeiten in Krefeld zur Verf\u00fcgung.<br \/><br \/>Dort trafen wir Mitglieder aus Sonsbeck und Krefeld an, welche schon vorher da waren.<br \/><br \/>Gemeinsam richteten wir ein Fr\u00fchst\u00fccksbuffet an.<br \/><br \/>Bekannt waren mir nur die Gesichter aus Sonsbeck und Krefeld. Mit Namen konnte ich aber nur meine Kollegen aus K\u00f6ln anreden. Dies stellte aber kein Problem dar, wir wurden herzlich von den schon Anwesenden empfangen<br \/><br \/>und ich wurde sofort mit einbezogen.<br \/><br \/>Die Atmosph\u00e4re war sehr angenehm und der Seminartag startete mit einem gen\u00fcgsamen Fr\u00fchst\u00fcck. An dieser Stelle m\u00f6chte ich mich f\u00fcr den sehr leckeren Kuchen bedanken, dieser rettete meinen Morgen. Die Freude sich wiederzusehen war bei allen anwesenden vorhanden.<br \/><br \/>Nach dem Fr\u00fchst\u00fcck begaben sich alle in einen sehr gro\u00dfen Raum, welcher in der ersten Etage lag.<br \/><br \/>Mich beeindruckte es sehr, dass die Motivation, trotz der oben genannten Umst\u00e4nde vorhanden war.<br \/><br \/>Selbst Christine, die \u00e4lteste aus unserer Gemeinschaft, lief die Treppen zu dem Seminarraum hoch, obwohl sie nur noch mit Gehstock richtig laufen kann. Der Seminartag wurde durch ein paar Worte von Willi (Leiter von EMMAUS<br \/><br \/>K\u00f6ln) und Elli (Leiterin von EMMAUS Krefeld) er\u00f6ffnet und uns wurde der Tagesablauf vorgestellt.<br \/><br \/><ul class=\"listbullet\">[<em>]ankommen und Fr\u00fchst\u00fcck<br \/>[<\/em>]Einf\u00fchrungsrunde<br \/>[<em>]einfinden in den Gruppen<br \/>[<\/em>]Mittagessen<li>Vorstellen der GruppenergebnisseTagesablau<\/ul><br \/>Das Thema dieses Tages war &quot;die Zukunft von EMMAUS&quot;.<br \/><br \/>Um die 36 Leute begaben sich jetzt in drei verschiedene Gruppen und wurden beauftragt, \u00fcber dieses Thema zu diskutieren und auf einem gro\u00dfen Plakat Zwischenergebnisse der Gespr\u00e4che und individuelle Gedanken festzuhalten.<br \/><br \/>Als ich mich in meiner Gruppe einfand war ich sehr erleichtert, da Pascale und Thomas (zwei wichtiges Mitlieder der EMMAUS Gemeinschaft in K\u00f6ln) und die Mitglieder aus Sonsbeck in meiner Gruppe waren, mit denen ich mich schon vorher etwas unterhalten hatte.<br \/><br \/>Ich hatte das Gef\u00fchl, dass unsere Gruppe Schwierigkeiten hatte einen Einstieg zu finden.<br \/><br \/>Am Anfang \u00fcbernahm Markus, ein Mitglied von Anstoss e.V Krefeld das reden. Mit der Zeit fingen auch andere aus der Gruppe damit an sich ihm anzuschlie\u00dfen und ihre Gedanken zu ihrer Zukunft in EMMAUS zu \u00e4u\u00dfern.<br \/><br \/>Nach einer Gef\u00fchlten Ewigkeit, in der es auch Auseinandersetzungen gab, kam die Diskussion im Gange.<br \/><br \/>Viele setzten sich damit auseinander, dass es keine richtige Zukunft f\u00fcr sie bei EMMAUS geben w\u00fcrde.<br \/><br \/>Niemand konnte sich vorstellen in drei\u00dfig Jahren noch M\u00f6bel aus dem dritten Stock zu tragen und in hohem Alter noch Vollzeit bei EMMAUS zu arbeiten.<br \/><br \/>Das Thema wurde durch ein Wortgepl\u00e4nkel abgel\u00f6st, welches ich einleitete, da mich interessierte, was f\u00fcr die Anwesenden noch zur &quot;Zukunft von EMMAUS&quot; geh\u00f6rte. Ich konnte mir nicht vorstellen, dass es nur darum gehen<br \/><br \/>sollte, wie die \u00e4lteren sich in 30 Jahren sehen w\u00fcrden. Es begann eine Unterhaltung dar\u00fcber, was es f\u00fcr M\u00f6glichkeiten g\u00e4be, neue und vor allem j\u00fcngere Menschen f\u00fcr EMMAUS zu begeistern.<br \/><br \/>Viele Vorschl\u00e4ge kamen von meiner Seite und ich war sehr erstaunt dar\u00fcber, dass diese aufgenommen und diskutiert wurden. Eigentlich hatte ich erwartet, dass man mich nicht richtig ernst nehmen w\u00fcrde, eben, weil ich noch sehr jung bin und viele \u00e4ltere den Fehler machen nur sich ernstzunehmen.<br \/><br \/>Die meisten meiner Vorschl\u00e4ge wurden in der Vergangenheit schon umgesetzt, so auch Sch\u00fclerpraktika, welche von vielen der Gruppe bef\u00fcrwortet wurden.<br \/><br \/>Ein gro\u00dfer Teil der Gruppe hatte aber auch schlechte Erfahrungen damit gemacht und und versuchte diese Idee abzuschmettern.<br \/><br \/>Es gab verschiedene Argumente und ich debattierte mit zwei Mitgliedern meiner Gruppe sehr intensiv.<br \/><br \/>Mit der Zeit war ich zunehmend genervt, weil ich das Gef\u00fchl hatte, dass zwar die Idee vorhanden war, der Wille aber nicht. Man kann sich meine \u00dcberraschung vorstellen, als ich h\u00f6rte &quot;So habe ich bisher nicht<br \/><br \/>dar\u00fcber nachgedacht, Du hast recht&quot;.<br \/><br \/>Die Zeit war fast um und uns viel auf, dass wir nichts auf dem Plakat festgehalten hatten.<br \/><br \/>Zum Gl\u00fcck hatte Pascale Protokoll gef\u00fchrt und ich konnte mit Hilfe ihrer Notizen und eines Mitgliedes meiner Gruppe in der Pause eine Pr\u00e4sentation vorbereiten. Nach dem Mittagessen setzten wir uns noch einmal im gro\u00dfen Seminarraum zusammen und fassten unsere Ergebnisse in Worte, schrieben sie auf und planten unsere Pr\u00e4sentation.<br \/><br \/>Nach etwas Frei- und Erholungszeit trafen alle Teilnehmer wieder im gro\u00dfen Vorstellungsraum zusammen.<br \/><br \/>Mir gefiel es sehr gut, dass \u00fcber jedes individuelle Ergebnis der Gruppen danach in gro\u00dfer Runde noch einmal<br \/><br \/>debattiert wurde. Es viel mir auf, dass es Aussagen gab, welche bei jeder Gruppe, die gleichen waren.<br \/><br \/>Dies lies mich darauf schlie\u00dfen, dass diese vielen anwesenden Menschen an sich zwar sehr unterschiedlich waren, ein Problem aber gut erkennen konnten und keine Schwierigkeiten damit hatten ihre Gedanken zusammen zu schlie\u00dfen.<br \/><br \/>Mich hat es sehr gefreut, dass alle Teilnehmer des Seminartags so offen und motiviert waren, trotz des unangenehmen Wetters und der Tatsache, dass es Sonntag war, war die Atmosph\u00e4re sehr angenehm.<br \/><br \/>Ich hoffe, dass ich es n\u00e4chstes Jahr schaffe, trotzdem, dass ich wieder in Berlin bin und nicht mehr allt\u00e4glich im EMMAUS Alltag mitwirken kann, wieder zum Seminartag, oder vielleicht einem Seminar Wochenende zu dem jeweiligen<br \/><br \/>Ort mitzufahren.<br \/><br \/>Caroline Rock<\/div><\/div><br \/><\/div>","width":640,"height":426}

<div style="width: 640; height: 426; font-family: sans-serif,arial,freesans;" ><div id="shared_container_825228324" class="shared_container"><div id="shared_header_825228324" class="shared_header"><a href="https://emmaus-koeln.de/channel/info"><img src="https://emmaus-koeln.de/photo/profile/s/4" alt="Emmaus Köln" height="32" width="32" loading="lazy" /></a><span><a href="https://emmaus-koeln.de/channel/info">Emmaus Köln</a>  wrote the following  <a href="https://emmaus-koeln.de/display/54df4d09-4ac1-4a79-9b6a-faadd99af0fb">post </a><span class="autotime" title="2014-10-15T02:00:00+02:00">Wed, 15 Oct 2014 02:00:00 +0200</span></span></div><div id="reshared-content-825228324" class="reshared-content"><strong>Seminartag in Krefeld</strong><br />Jährlich findet ein Seminartag statt, zu dem sich EMMAUS Gruppen aus Köln, #<a class="zrl" href="https://emmaus-koeln.de/search?tag=Sonsbeck" target="_blank" rel="nofollow noopener">Sonsbeck</a>, #<a class="zrl" href="https://emmaus-koeln.de/search?tag=Krefeld" target="_blank" rel="nofollow noopener">Krefeld</a> und eine Gruppe aus Krefeld, welche sich Anstoss e.V. nennt versammeln, um untereinander zu debattieren und über Überlegungen und Vorstellungen, über bestimmte Problematiken, welche gegeben sind, Rücksprache zu halten und diese zu ergründen.<br /><br />An einem regnerischen und ungemütlichen Sonntag Morgen, welchen man am besten im Bett verbringt, habe ich mich, als Praktikantin von EMMAUS Köln, mittels großer Überwindung und weiteren Angehörigen der Gemeinschaft, um neun Uhr morgens auf den Weg zu dem diesjährigen Seminartag nach Krefeld gemacht.<br /><br />Nach nahezu einer Stunde Fahrt erreichten wir unseren Zielort. Für unseren Seminartag stellte uns der CVJM (Christlicher Verein junger Menschen) ihre Räumlichkeiten in Krefeld zur Verfügung.<br /><br />Dort trafen wir Mitglieder aus Sonsbeck und Krefeld an, welche schon vorher da waren.<br /><br />Gemeinsam richteten wir ein Frühstücksbuffet an.<br /><br />Bekannt waren mir nur die Gesichter aus Sonsbeck und Krefeld. Mit Namen konnte ich aber nur meine Kollegen aus Köln anreden. Dies stellte aber kein Problem dar, wir wurden herzlich von den schon Anwesenden empfangen<br /><br />und ich wurde sofort mit einbezogen.<br /><br />Die Atmosphäre war sehr angenehm und der Seminartag startete mit einem genügsamen Frühstück. An dieser Stelle möchte ich mich für den sehr leckeren Kuchen bedanken, dieser rettete meinen Morgen. Die Freude sich wiederzusehen war bei allen anwesenden vorhanden.<br /><br />Nach dem Frühstück begaben sich alle in einen sehr großen Raum, welcher in der ersten Etage lag.<br /><br />Mich beeindruckte es sehr, dass die Motivation, trotz der oben genannten Umstände vorhanden war.<br /><br />Selbst Christine, die älteste aus unserer Gemeinschaft, lief die Treppen zu dem Seminarraum hoch, obwohl sie nur noch mit Gehstock richtig laufen kann. Der Seminartag wurde durch ein paar Worte von Willi (Leiter von EMMAUS<br /><br />Köln) und Elli (Leiterin von EMMAUS Krefeld) eröffnet und uns wurde der Tagesablauf vorgestellt.<br /><br /><ul class="listbullet">[<em>]ankommen und Frühstück<br />[</em>]Einführungsrunde<br />[<em>]einfinden in den Gruppen<br />[</em>]Mittagessen<li>Vorstellen der GruppenergebnisseTagesablau</ul><br />Das Thema dieses Tages war &quot;die Zukunft von EMMAUS&quot;.<br /><br />Um die 36 Leute begaben sich jetzt in drei verschiedene Gruppen und wurden beauftragt, über dieses Thema zu diskutieren und auf einem großen Plakat Zwischenergebnisse der Gespräche und individuelle Gedanken festzuhalten.<br /><br />Als ich mich in meiner Gruppe einfand war ich sehr erleichtert, da Pascale und Thomas (zwei wichtiges Mitlieder der EMMAUS Gemeinschaft in Köln) und die Mitglieder aus Sonsbeck in meiner Gruppe waren, mit denen ich mich schon vorher etwas unterhalten hatte.<br /><br />Ich hatte das Gefühl, dass unsere Gruppe Schwierigkeiten hatte einen Einstieg zu finden.<br /><br />Am Anfang übernahm Markus, ein Mitglied von Anstoss e.V Krefeld das reden. Mit der Zeit fingen auch andere aus der Gruppe damit an sich ihm anzuschließen und ihre Gedanken zu ihrer Zukunft in EMMAUS zu äußern.<br /><br />Nach einer Gefühlten Ewigkeit, in der es auch Auseinandersetzungen gab, kam die Diskussion im Gange.<br /><br />Viele setzten sich damit auseinander, dass es keine richtige Zukunft für sie bei EMMAUS geben würde.<br /><br />Niemand konnte sich vorstellen in dreißig Jahren noch Möbel aus dem dritten Stock zu tragen und in hohem Alter noch Vollzeit bei EMMAUS zu arbeiten.<br /><br />Das Thema wurde durch ein Wortgeplänkel abgelöst, welches ich einleitete, da mich interessierte, was für die Anwesenden noch zur &quot;Zukunft von EMMAUS&quot; gehörte. Ich konnte mir nicht vorstellen, dass es nur darum gehen<br /><br />sollte, wie die älteren sich in 30 Jahren sehen würden. Es begann eine Unterhaltung darüber, was es für Möglichkeiten gäbe, neue und vor allem jüngere Menschen für EMMAUS zu begeistern.<br /><br />Viele Vorschläge kamen von meiner Seite und ich war sehr erstaunt darüber, dass diese aufgenommen und diskutiert wurden. Eigentlich hatte ich erwartet, dass man mich nicht richtig ernst nehmen würde, eben, weil ich noch sehr jung bin und viele ältere den Fehler machen nur sich ernstzunehmen.<br /><br />Die meisten meiner Vorschläge wurden in der Vergangenheit schon umgesetzt, so auch Schülerpraktika, welche von vielen der Gruppe befürwortet wurden.<br /><br />Ein großer Teil der Gruppe hatte aber auch schlechte Erfahrungen damit gemacht und und versuchte diese Idee abzuschmettern.<br /><br />Es gab verschiedene Argumente und ich debattierte mit zwei Mitgliedern meiner Gruppe sehr intensiv.<br /><br />Mit der Zeit war ich zunehmend genervt, weil ich das Gefühl hatte, dass zwar die Idee vorhanden war, der Wille aber nicht. Man kann sich meine Überraschung vorstellen, als ich hörte &quot;So habe ich bisher nicht<br /><br />darüber nachgedacht, Du hast recht&quot;.<br /><br />Die Zeit war fast um und uns viel auf, dass wir nichts auf dem Plakat festgehalten hatten.<br /><br />Zum Glück hatte Pascale Protokoll geführt und ich konnte mit Hilfe ihrer Notizen und eines Mitgliedes meiner Gruppe in der Pause eine Präsentation vorbereiten. Nach dem Mittagessen setzten wir uns noch einmal im großen Seminarraum zusammen und fassten unsere Ergebnisse in Worte, schrieben sie auf und planten unsere Präsentation.<br /><br />Nach etwas Frei- und Erholungszeit trafen alle Teilnehmer wieder im großen Vorstellungsraum zusammen.<br /><br />Mir gefiel es sehr gut, dass über jedes individuelle Ergebnis der Gruppen danach in großer Runde noch einmal<br /><br />debattiert wurde. Es viel mir auf, dass es Aussagen gab, welche bei jeder Gruppe, die gleichen waren.<br /><br />Dies lies mich darauf schließen, dass diese vielen anwesenden Menschen an sich zwar sehr unterschiedlich waren, ein Problem aber gut erkennen konnten und keine Schwierigkeiten damit hatten ihre Gedanken zusammen zu schließen.<br /><br />Mich hat es sehr gefreut, dass alle Teilnehmer des Seminartags so offen und motiviert waren, trotz des unangenehmen Wetters und der Tatsache, dass es Sonntag war, war die Atmosphäre sehr angenehm.<br /><br />Ich hoffe, dass ich es nächstes Jahr schaffe, trotzdem, dass ich wieder in Berlin bin und nicht mehr alltäglich im EMMAUS Alltag mitwirken kann, wieder zum Seminartag, oder vielleicht einem Seminar Wochenende zu dem jeweiligen<br /><br />Ort mitzufahren.<br /><br />Caroline Rock</div></div><br /></div>
