{"type":"rich","html":"<div style=\"width: 640; height: 426; font-family: sans-serif,arial,freesans;\" ><div id=\"shared_container_512098402\" class=\"shared_container\"><div id=\"shared_header_512098402\" class=\"shared_header\"><a href=\"https:\/\/emmaus-koeln.de\/channel\/info\"><img src=\"https:\/\/emmaus-koeln.de\/photo\/profile\/s\/4\" alt=\"Emmaus K\u00f6ln\" height=\"32\" width=\"32\" loading=\"lazy\" \/><\/a><span><a href=\"https:\/\/emmaus-koeln.de\/channel\/info\">Emmaus K\u00f6ln<\/a>  wrote the following  <a href=\"https:\/\/emmaus-koeln.de\/display\/53da3e8e-df39-4565-b9e3-2a103195f7a2\">post <\/a><span class=\"autotime\" title=\"2016-04-22T12:24:06+02:00\">Fri, 22 Apr 2016 12:24:06 +0200<\/span><\/span><\/div><div id=\"reshared-content-512098402\" class=\"reshared-content\"><strong>Erkl\u00e4rung von Jesolo zum erneuten Aufstand der Vernunft gegen das Sinnlose zugunsten der Gerechtigkeit<\/strong><br \/><a class=\"zrl\" href=\"https:\/\/emmaus-koeln.de\/photos\/info\/image\/1855cbe2-38f0-482a-8e5f-f07ff911cba5\" target=\"_blank\" rel=\"nofollow noopener\"><img class=\"zrl\" style=\"max-width: 100%;\" src=\"https:\/\/emmaus-koeln.de\/photo\/1855cbe2-38f0-482a-8e5f-f07ff911cba5-1.png\" alt=\"teaserbox_2470230689.jpg-t-1462217469.jpg\" title=\"teaserbox_2470230689.jpg-t-1462217469.jpg\" loading=\"eager\" \/><\/a><br \/><br \/>W\u00e4hrend wir einmal mehr von hunderten Migranten h\u00f6ren, die ihr Leben im Mittelmeer gelassen haben, treffen sich in Jesolo die Repr\u00e4sentanten der Emmaus Bewegung aus 37 Staaten auf 4 Kontinenten zu ihrer Weltversammlung.<br \/><br \/>Die Akteure von Emmaus stellen einmal mehr fest, dass sich die Ausgrenzung und Ungleichheit unverz\u00f6gert fortsetzt. Der Alltagsablauf der breiten Mehrheit der Menschen ist vom Kampf ums \u00dcberleben gepr\u00e4gt, und die \u00c4rmsten unter uns haben keinen gesicherten Zugang zur Grundversorgung, wie Nahrung, Gesundheitsvorsorge, Ausbildung, Wohnen und Arbeiten.<br \/><br \/><a class=\"zrl\" href=\"https:\/\/emmaus-koeln.de\/photos\/info\/image\/5de95737-29c9-439a-b780-06948d7bba4e\" target=\"_blank\" rel=\"nofollow noopener\"><img class=\"zrl\" style=\"max-width: 100%;\" src=\"https:\/\/emmaus-koeln.de\/photo\/5de95737-29c9-439a-b780-06948d7bba4e-1.png\" alt=\"teaserbox_2470230206.JPG-t-1462216994.jpg\" title=\"teaserbox_2470230206.JPG-t-1462216994.jpg\" loading=\"eager\" \/><\/a><br \/><br \/>Die abscheuliche Logik, die unsere Finanzwirtschaft untermauert, - und von den M\u00e4chtigen gesteuert- hat zur Folge, dass Lebensqualit\u00e4t v\u00f6llig au\u00dfer Acht bleibt und Lebensr\u00e4ume zerst\u00f6rt statt belebt werden. Konflikte, blinde Gewalt, Korruption und mangelnde Demokratie charakterisieren das derzeitige globale System mit seinem alleinigen Ziel, die Machtposition einer Minderheit aufrecht zu erhalten.<br \/><br \/>Die Delegierten von Emmaus, vereint um die von Abbe Pierre verliehenen Werte, fordern dringlichste Priorit\u00e4t f\u00fcr die Rechte und W\u00fcrde des Menschen, f\u00fcr die Umwelt, Teilhabe, Freiheit, Solidarit\u00e4t und Willkommenskultur.<br \/><br \/>Die gegebenen Zust\u00e4nde, in die man zunehmend mehr Einblick gewinnt, zeigen, dass die Vorstellung von Solidarit\u00e4t bewusst zerst\u00f6rt wird bei weltweit wachsender Unordnung. Unsere vordringlichsten Forderungen:<br \/><br \/><ul class=\"listbullet\"><li>Entwicklung wirtschaftlicher Aktionen, auf der Basis von Solidarit\u00e4t und Respekt f\u00fcr Mensch und Umwelt<\/li><li>Entwicklung von Massnahmen zum Schutz gegen Eingriffe in die fundamentalen Grundrechte<\/li><li>Sicherung der in der Welt ben\u00f6tigten G\u00fcter zur Schaffung von Obdach f\u00fcr uns und k\u00fcnftige Generationen<\/li><li>Verwirklichung ethischer Finanzpraktiken, die sowohl den \u00f6ffentlichen und auch privaten Lebensbereich sichern<\/li><li>Forderung nach Freiheit und Freiz\u00fcgigkeit der Menschen<\/li><li>Bef\u00e4higung aller Menschen zu Meinungsfreiheit in allen \u00f6ffentlichen Entscheidungsprozessen<\/li><\/ul><br \/><a class=\"zrl\" href=\"https:\/\/emmaus-koeln.de\/photos\/info\/image\/d29bb439-5331-4ad0-8418-e45bd7bab010\" target=\"_blank\" rel=\"nofollow noopener\"><img class=\"zrl\" style=\"max-width: 100%;\" src=\"https:\/\/emmaus-koeln.de\/photo\/d29bb439-5331-4ad0-8418-e45bd7bab010-1.png\" alt=\"teaserbox_2470230228.JPG-t-1462217029.jpg\" title=\"teaserbox_2470230228.JPG-t-1462217029.jpg\" loading=\"eager\" \/><\/a><br \/><br \/>Emmaus International wird ohne Nachlass seinen Kampf gegen Armut und f\u00fcr die Rechte der Schw\u00e4chsten in der Welt fortsetzen.<br \/><br \/>Emmaus International ruft alle Menschen und zivilen Organisationen auf, keine Zeit zu verlieren, die beiden Punkte zu gemeinsam zu verwirklichen.<br \/><br \/>Gemeinsam, in den Fu\u00dfstapfen Abbe Pierres, fordern wir den Aufstand der Vernunft gegen die Sinnlosigkeit zu Gunsten der Gerechtigkeit.<br \/><br \/>Gemeinsam, rufen wir uns dazu auf, einander die Hand zu reichen und alle Kr\u00e4fte zu einen im Kampf gegen die Ursachen von Armut in der Welt. Wir laden zu einem Treffen mit den gesellschaftlich Ausgegrenzten, um Alternativen zur Ausrottung der Armut zu diskutieren und zu formulieren.<br \/><br \/><a class=\"zrl\" href=\"https:\/\/emmaus-koeln.de\/photos\/info\/image\/e1bb11a4-30a5-425d-b738-bab2e9e11d59\" target=\"_blank\" rel=\"nofollow noopener\"><img class=\"zrl\" style=\"max-width: 100%;\" src=\"https:\/\/emmaus-koeln.de\/photo\/e1bb11a4-30a5-425d-b738-bab2e9e11d59-1.png\" alt=\"teaserbox_2470230577.JPG-t-1462217424.jpg\" title=\"teaserbox_2470230577.JPG-t-1462217424.jpg\" loading=\"eager\" \/><\/a><br \/><br \/>Gemeinsam, wieder bewusst werden, dass es nicht genug ist zu handeln, wir m\u00fcssen siegen, im Kampf gegen das, was sich uns entgegen stellt!<br \/><br \/>Jesolo 22. April 2016<\/div><\/div><br \/><\/div>","width":640,"height":426}

<div style="width: 640; height: 426; font-family: sans-serif,arial,freesans;" ><div id="shared_container_512098402" class="shared_container"><div id="shared_header_512098402" class="shared_header"><a href="https://emmaus-koeln.de/channel/info"><img src="https://emmaus-koeln.de/photo/profile/s/4" alt="Emmaus Köln" height="32" width="32" loading="lazy" /></a><span><a href="https://emmaus-koeln.de/channel/info">Emmaus Köln</a>  wrote the following  <a href="https://emmaus-koeln.de/display/53da3e8e-df39-4565-b9e3-2a103195f7a2">post </a><span class="autotime" title="2016-04-22T12:24:06+02:00">Fri, 22 Apr 2016 12:24:06 +0200</span></span></div><div id="reshared-content-512098402" class="reshared-content"><strong>Erklärung von Jesolo zum erneuten Aufstand der Vernunft gegen das Sinnlose zugunsten der Gerechtigkeit</strong><br /><a class="zrl" href="https://emmaus-koeln.de/photos/info/image/1855cbe2-38f0-482a-8e5f-f07ff911cba5" target="_blank" rel="nofollow noopener"><img class="zrl" style="max-width: 100%;" src="https://emmaus-koeln.de/photo/1855cbe2-38f0-482a-8e5f-f07ff911cba5-1.png" alt="teaserbox_2470230689.jpg-t-1462217469.jpg" title="teaserbox_2470230689.jpg-t-1462217469.jpg" loading="eager" /></a><br /><br />Während wir einmal mehr von hunderten Migranten hören, die ihr Leben im Mittelmeer gelassen haben, treffen sich in Jesolo die Repräsentanten der Emmaus Bewegung aus 37 Staaten auf 4 Kontinenten zu ihrer Weltversammlung.<br /><br />Die Akteure von Emmaus stellen einmal mehr fest, dass sich die Ausgrenzung und Ungleichheit unverzögert fortsetzt. Der Alltagsablauf der breiten Mehrheit der Menschen ist vom Kampf ums Überleben geprägt, und die Ärmsten unter uns haben keinen gesicherten Zugang zur Grundversorgung, wie Nahrung, Gesundheitsvorsorge, Ausbildung, Wohnen und Arbeiten.<br /><br /><a class="zrl" href="https://emmaus-koeln.de/photos/info/image/5de95737-29c9-439a-b780-06948d7bba4e" target="_blank" rel="nofollow noopener"><img class="zrl" style="max-width: 100%;" src="https://emmaus-koeln.de/photo/5de95737-29c9-439a-b780-06948d7bba4e-1.png" alt="teaserbox_2470230206.JPG-t-1462216994.jpg" title="teaserbox_2470230206.JPG-t-1462216994.jpg" loading="eager" /></a><br /><br />Die abscheuliche Logik, die unsere Finanzwirtschaft untermauert, - und von den Mächtigen gesteuert- hat zur Folge, dass Lebensqualität völlig außer Acht bleibt und Lebensräume zerstört statt belebt werden. Konflikte, blinde Gewalt, Korruption und mangelnde Demokratie charakterisieren das derzeitige globale System mit seinem alleinigen Ziel, die Machtposition einer Minderheit aufrecht zu erhalten.<br /><br />Die Delegierten von Emmaus, vereint um die von Abbe Pierre verliehenen Werte, fordern dringlichste Priorität für die Rechte und Würde des Menschen, für die Umwelt, Teilhabe, Freiheit, Solidarität und Willkommenskultur.<br /><br />Die gegebenen Zustände, in die man zunehmend mehr Einblick gewinnt, zeigen, dass die Vorstellung von Solidarität bewusst zerstört wird bei weltweit wachsender Unordnung. Unsere vordringlichsten Forderungen:<br /><br /><ul class="listbullet"><li>Entwicklung wirtschaftlicher Aktionen, auf der Basis von Solidarität und Respekt für Mensch und Umwelt</li><li>Entwicklung von Massnahmen zum Schutz gegen Eingriffe in die fundamentalen Grundrechte</li><li>Sicherung der in der Welt benötigten Güter zur Schaffung von Obdach für uns und künftige Generationen</li><li>Verwirklichung ethischer Finanzpraktiken, die sowohl den öffentlichen und auch privaten Lebensbereich sichern</li><li>Forderung nach Freiheit und Freizügigkeit der Menschen</li><li>Befähigung aller Menschen zu Meinungsfreiheit in allen öffentlichen Entscheidungsprozessen</li></ul><br /><a class="zrl" href="https://emmaus-koeln.de/photos/info/image/d29bb439-5331-4ad0-8418-e45bd7bab010" target="_blank" rel="nofollow noopener"><img class="zrl" style="max-width: 100%;" src="https://emmaus-koeln.de/photo/d29bb439-5331-4ad0-8418-e45bd7bab010-1.png" alt="teaserbox_2470230228.JPG-t-1462217029.jpg" title="teaserbox_2470230228.JPG-t-1462217029.jpg" loading="eager" /></a><br /><br />Emmaus International wird ohne Nachlass seinen Kampf gegen Armut und für die Rechte der Schwächsten in der Welt fortsetzen.<br /><br />Emmaus International ruft alle Menschen und zivilen Organisationen auf, keine Zeit zu verlieren, die beiden Punkte zu gemeinsam zu verwirklichen.<br /><br />Gemeinsam, in den Fußstapfen Abbe Pierres, fordern wir den Aufstand der Vernunft gegen die Sinnlosigkeit zu Gunsten der Gerechtigkeit.<br /><br />Gemeinsam, rufen wir uns dazu auf, einander die Hand zu reichen und alle Kräfte zu einen im Kampf gegen die Ursachen von Armut in der Welt. Wir laden zu einem Treffen mit den gesellschaftlich Ausgegrenzten, um Alternativen zur Ausrottung der Armut zu diskutieren und zu formulieren.<br /><br /><a class="zrl" href="https://emmaus-koeln.de/photos/info/image/e1bb11a4-30a5-425d-b738-bab2e9e11d59" target="_blank" rel="nofollow noopener"><img class="zrl" style="max-width: 100%;" src="https://emmaus-koeln.de/photo/e1bb11a4-30a5-425d-b738-bab2e9e11d59-1.png" alt="teaserbox_2470230577.JPG-t-1462217424.jpg" title="teaserbox_2470230577.JPG-t-1462217424.jpg" loading="eager" /></a><br /><br />Gemeinsam, wieder bewusst werden, dass es nicht genug ist zu handeln, wir müssen siegen, im Kampf gegen das, was sich uns entgegen stellt!<br /><br />Jesolo 22. April 2016</div></div><br /></div>
