{"type":"rich","html":"<div style=\"width: 640; height: 426; font-family: sans-serif,arial,freesans;\" ><div id=\"shared_container_101666964\" class=\"shared_container\"><div id=\"shared_header_101666964\" class=\"shared_header\"><a href=\"https:\/\/emmaus-koeln.de\/channel\/info\"><img src=\"https:\/\/emmaus-koeln.de\/photo\/profile\/s\/4\" alt=\"Emmaus K\u00f6ln\" height=\"32\" width=\"32\" loading=\"lazy\" \/><\/a><span><a href=\"https:\/\/emmaus-koeln.de\/channel\/info\">Emmaus K\u00f6ln<\/a>  wrote the following  <a href=\"https:\/\/emmaus-koeln.de\/display\/52b6d743-200d-4c83-b91b-1b1b7e6f6aab\">post <\/a><span class=\"autotime\" title=\"2019-05-01T18:50:25+02:00\">Wed, 01 May 2019 18:50:25 +0200<\/span><\/span><\/div><div id=\"reshared-content-101666964\" class=\"reshared-content\"><strong>Wahlen zum Europ\u00e4ischen Parlament: Es gilt, einige Grundwerte herauszustellen<\/strong><br \/>Emmaus wurde 1949 von Abb\u00e9 Pierre gegr\u00fcndet und basiert als internationales Hilfswerk auf einem ethischen Prinzip:<br \/><br \/>Bef\u00e4higung chancenloser Mitmenschen, ihre pers\u00f6nliche W\u00fcrde durch Arbeit wieder zu erlangen und dabei anderen Bed\u00fcrftigen zu helfen.<br \/><br \/>Seit 70 Jahren bem\u00fcht sich Emmaus, an einer menschlicheren Gesellschaft zu bauen im Kampf gegen alle Formen sozialer, rassischer, politischer, wirtschaftlicher, religi\u00f6ser und weltanschaulicher Ausgrenzung und Diskriminierung als Garantie und Respekt der pers\u00f6nlichen Grundrechte.<br \/><br \/>Die Emmaus Bewegung hat Mitgliedsorganisationen in 4 Kontinenten. Unsere Bewegung versucht, die Ursachen von Armut zu benennen und f\u00fcr Alternativen gegen eine nur gewinnorientierte Gesellschaft einzutreten; in Europa arbeiten 20.000 Frauen und M\u00e4nner und setzen dies im Alltag unserer Bewegung in Form von \u00fcber 300 Gruppen in 19 L\u00e4ndern Europas um. Unsere Kernarbeit hat eine starke gemeinschaftliche Ausrichtung: Sammeln und Recyclen von Gebrauchtwaren und Rohstoffen. Emmaus ist sich der Ziele nachhaltiger Entwicklung bewusst und verfolgt die M\u00f6glichkeiten eines alternativen Wirtschaftsmodels.<br \/><br \/>Die Emmaus Bewegung legitimiert sich in ihrem sozialen Bezug. Ein ausgedehntes Angebot und Aktivit\u00e4ten erm\u00f6glichen und sichern durch gemeinschaftliche Arbeit die Integration ausgeschlossener Menschen unserer Gesellschaft.<br \/><br \/><strong>Solidarit\u00e4t ist Kern aller Emmaus- Arbeit.<\/strong><br \/><br \/>Diese Praxis von Emmaus gibt eine Antwort auf die dringenden sozialen Fragen in krisenhafter Umwelt. Wir verteidigen eine soziale und solidarische \u00d6konomie der Umverteilung.<br \/><br \/>Im Vorfeld der Europawahlen von 2009 und 2014 war unter den Kandidaten des Parlaments die \u00dcbereinstimmung:<br \/><br \/>Respekt der Menschenrechte der Migranten, im Sinne angemessener Unterbringung wie auch solidarischer \u00d6konomie.<br \/><br \/>F\u00fcr 2018 ist festzustellen, dass die Rechte der Migranten r\u00fcckl\u00e4ufig sind. Mehr noch, trotz aller M\u00f6glichkeiten europ\u00e4ischer Projekte ist die kollektive Wohlstandssicherstellung in Frage gestellt.<br \/><br \/>Die EU entschied sich f\u00fcr eine mehr \u00f6konomische Integration zu Lasten eines sozialen Europas.<br \/><br \/>Die EU verschreibt sich einer ultraliberalen Politik, wodurch das soziale Gef\u00fcge Schaden nimmt und Benachteiligte ausgeschlossen werden.<br \/><br \/>Wir haben festgestellt, dass dieser Ausschluss zunehmend bei der Aufnahme in unsere Gemeinschaften und Gruppen sichtbar wird. Die Opfer des Systems kommen aus schwierigen Lebenslagen zu Emmaus und suchen Anlehnung , Erholung und Integration.<br \/><br \/>2019 erwartet Emmaus vom europ\u00e4ischen Parlament, der einzigen europ\u00e4ischen demokratisch gew\u00e4hlten Institution, ein solides Gegengewicht zur Europ\u00e4ischen Kommission. Um ein Gegengewicht zu schaffen fordern wir, die Mitglieder von Emmaus Europa, von den Gew\u00e4hlten des europ\u00e4ischen Parlaments:<br \/><br \/><ul class=\"listbullet\"><li> \u2026eine umweltfreundliche europ\u00e4ische Absicherung \u00f6ffentlicher Mittel und gemeinschaftlicher R\u00fccklagen: die EU muss die Kohleverstromung zur\u00fcckfahren, CO2 Emissionen begrenzen durch Energieeinsparung, Nutzung nachhaltiger Produkte, Mehrfachnutzung und Recycling. Gegebene Privatisierung von Wasser, Landschaft und Abfallverwertung m\u00fcssen \u00fcberdacht werden. .<\/li><li> ...eine umfassende und sozial-\u00f6konomische Wirtschaft: die Privilegien einer ultraliberalen Politik wirken selbsts\u00fcchtig und vernichten die soziale Balance. Die Geldwertpolitik ist katastrophal, da sie von den Banken und einigen wohlhabenden Privatsektoren kontrolliert ist. Wir w\u00fcnschen eine st\u00e4ndige Transaktionssteuer, die diese selbsts\u00fcchtigen und unleidigen Transaktionen kontrolliert. Wir sind emp\u00f6rt festzustellen, dass sich ein Turbohandel ungehemmt fortsetzt und v\u00f6llig von den realen Gegebenheiten abgekoppelt ist.<\/li><li> \u2026eine humanere europ\u00e4ische Migrationspolitik: die \u00dcberwachungskosten, Vergabekosten f\u00fcr Grenzmanagement und Bek\u00e4mpfung von \u201eHilfskriminalit\u00e4t\u201c sind au\u00dfergew\u00f6hnlich.<\/li><\/ul><br \/><br \/>Migranten, die vor unseren K\u00fcsten ertrinken oder in schrecklichen Untersuchungszentren hausen, zeigen klar ernsthafte Verst\u00f6\u00dfe gegen das Prinzip Menschlichkeit. Der Europ\u00e4ische Rat st\u00e4rkte im Juni 2018 diese Politik der ausgrenzenden Grenzsicherung, wie sie nun auf dem Balkan \u00fcblich ist. Die Tatsache, dass Europa die Jagd auf Migranten immer noch zul\u00e4sst, zeigt, dass diese als illegale Wesen betrachtet werden, und steht im Widerspruch unserer Werte und Grundrechten.<br \/><br \/>Emmaus Europa fordert die Kandidaten auf, zu diesen Punkten Stellung zu nehmen und alles daran zu setzen, ein menschlicheres und friedfertigeres Europa zu schaffen.<br \/><br \/>Es ist jetzt nicht der Zeitpunkt aufzugeben. Vielmehr m\u00fcssen alle \u00f6ffentlichen Abl\u00e4ufe in den Dienst aller gestellt werden. Es ist Zeit, Demokratie einzufordern.<br \/><br \/>Wir fordern, dass die Deklaration der Menschenrechte umgesetzt wird. Deren Ziele m\u00fcssen als Dringlichkeit und mit Nachdruck nach vorne gebracht werden. Menschenrechte m\u00fcssen f\u00fcr jedermann in Europa und weltweit garantiert werden.<br \/><br \/>Willi Does<br \/><br \/>Pr\u00e4sident Emmaus Europa<\/div><\/div><br \/><\/div>","width":640,"height":426}

<div style="width: 640; height: 426; font-family: sans-serif,arial,freesans;" ><div id="shared_container_101666964" class="shared_container"><div id="shared_header_101666964" class="shared_header"><a href="https://emmaus-koeln.de/channel/info"><img src="https://emmaus-koeln.de/photo/profile/s/4" alt="Emmaus Köln" height="32" width="32" loading="lazy" /></a><span><a href="https://emmaus-koeln.de/channel/info">Emmaus Köln</a>  wrote the following  <a href="https://emmaus-koeln.de/display/52b6d743-200d-4c83-b91b-1b1b7e6f6aab">post </a><span class="autotime" title="2019-05-01T18:50:25+02:00">Wed, 01 May 2019 18:50:25 +0200</span></span></div><div id="reshared-content-101666964" class="reshared-content"><strong>Wahlen zum Europäischen Parlament: Es gilt, einige Grundwerte herauszustellen</strong><br />Emmaus wurde 1949 von Abbé Pierre gegründet und basiert als internationales Hilfswerk auf einem ethischen Prinzip:<br /><br />Befähigung chancenloser Mitmenschen, ihre persönliche Würde durch Arbeit wieder zu erlangen und dabei anderen Bedürftigen zu helfen.<br /><br />Seit 70 Jahren bemüht sich Emmaus, an einer menschlicheren Gesellschaft zu bauen im Kampf gegen alle Formen sozialer, rassischer, politischer, wirtschaftlicher, religiöser und weltanschaulicher Ausgrenzung und Diskriminierung als Garantie und Respekt der persönlichen Grundrechte.<br /><br />Die Emmaus Bewegung hat Mitgliedsorganisationen in 4 Kontinenten. Unsere Bewegung versucht, die Ursachen von Armut zu benennen und für Alternativen gegen eine nur gewinnorientierte Gesellschaft einzutreten; in Europa arbeiten 20.000 Frauen und Männer und setzen dies im Alltag unserer Bewegung in Form von über 300 Gruppen in 19 Ländern Europas um. Unsere Kernarbeit hat eine starke gemeinschaftliche Ausrichtung: Sammeln und Recyclen von Gebrauchtwaren und Rohstoffen. Emmaus ist sich der Ziele nachhaltiger Entwicklung bewusst und verfolgt die Möglichkeiten eines alternativen Wirtschaftsmodels.<br /><br />Die Emmaus Bewegung legitimiert sich in ihrem sozialen Bezug. Ein ausgedehntes Angebot und Aktivitäten ermöglichen und sichern durch gemeinschaftliche Arbeit die Integration ausgeschlossener Menschen unserer Gesellschaft.<br /><br /><strong>Solidarität ist Kern aller Emmaus- Arbeit.</strong><br /><br />Diese Praxis von Emmaus gibt eine Antwort auf die dringenden sozialen Fragen in krisenhafter Umwelt. Wir verteidigen eine soziale und solidarische Ökonomie der Umverteilung.<br /><br />Im Vorfeld der Europawahlen von 2009 und 2014 war unter den Kandidaten des Parlaments die Übereinstimmung:<br /><br />Respekt der Menschenrechte der Migranten, im Sinne angemessener Unterbringung wie auch solidarischer Ökonomie.<br /><br />Für 2018 ist festzustellen, dass die Rechte der Migranten rückläufig sind. Mehr noch, trotz aller Möglichkeiten europäischer Projekte ist die kollektive Wohlstandssicherstellung in Frage gestellt.<br /><br />Die EU entschied sich für eine mehr ökonomische Integration zu Lasten eines sozialen Europas.<br /><br />Die EU verschreibt sich einer ultraliberalen Politik, wodurch das soziale Gefüge Schaden nimmt und Benachteiligte ausgeschlossen werden.<br /><br />Wir haben festgestellt, dass dieser Ausschluss zunehmend bei der Aufnahme in unsere Gemeinschaften und Gruppen sichtbar wird. Die Opfer des Systems kommen aus schwierigen Lebenslagen zu Emmaus und suchen Anlehnung , Erholung und Integration.<br /><br />2019 erwartet Emmaus vom europäischen Parlament, der einzigen europäischen demokratisch gewählten Institution, ein solides Gegengewicht zur Europäischen Kommission. Um ein Gegengewicht zu schaffen fordern wir, die Mitglieder von Emmaus Europa, von den Gewählten des europäischen Parlaments:<br /><br /><ul class="listbullet"><li> …eine umweltfreundliche europäische Absicherung öffentlicher Mittel und gemeinschaftlicher Rücklagen: die EU muss die Kohleverstromung zurückfahren, CO2 Emissionen begrenzen durch Energieeinsparung, Nutzung nachhaltiger Produkte, Mehrfachnutzung und Recycling. Gegebene Privatisierung von Wasser, Landschaft und Abfallverwertung müssen überdacht werden. .</li><li> ...eine umfassende und sozial-ökonomische Wirtschaft: die Privilegien einer ultraliberalen Politik wirken selbstsüchtig und vernichten die soziale Balance. Die Geldwertpolitik ist katastrophal, da sie von den Banken und einigen wohlhabenden Privatsektoren kontrolliert ist. Wir wünschen eine ständige Transaktionssteuer, die diese selbstsüchtigen und unleidigen Transaktionen kontrolliert. Wir sind empört festzustellen, dass sich ein Turbohandel ungehemmt fortsetzt und völlig von den realen Gegebenheiten abgekoppelt ist.</li><li> …eine humanere europäische Migrationspolitik: die Überwachungskosten, Vergabekosten für Grenzmanagement und Bekämpfung von „Hilfskriminalität“ sind außergewöhnlich.</li></ul><br /><br />Migranten, die vor unseren Küsten ertrinken oder in schrecklichen Untersuchungszentren hausen, zeigen klar ernsthafte Verstöße gegen das Prinzip Menschlichkeit. Der Europäische Rat stärkte im Juni 2018 diese Politik der ausgrenzenden Grenzsicherung, wie sie nun auf dem Balkan üblich ist. Die Tatsache, dass Europa die Jagd auf Migranten immer noch zulässt, zeigt, dass diese als illegale Wesen betrachtet werden, und steht im Widerspruch unserer Werte und Grundrechten.<br /><br />Emmaus Europa fordert die Kandidaten auf, zu diesen Punkten Stellung zu nehmen und alles daran zu setzen, ein menschlicheres und friedfertigeres Europa zu schaffen.<br /><br />Es ist jetzt nicht der Zeitpunkt aufzugeben. Vielmehr müssen alle öffentlichen Abläufe in den Dienst aller gestellt werden. Es ist Zeit, Demokratie einzufordern.<br /><br />Wir fordern, dass die Deklaration der Menschenrechte umgesetzt wird. Deren Ziele müssen als Dringlichkeit und mit Nachdruck nach vorne gebracht werden. Menschenrechte müssen für jedermann in Europa und weltweit garantiert werden.<br /><br />Willi Does<br /><br />Präsident Emmaus Europa</div></div><br /></div>
