{"type":"rich","html":"<div style=\"width: 640; height: 426; font-family: sans-serif,arial,freesans;\" ><div id=\"shared_container_972356093\" class=\"shared_container\"><div id=\"shared_header_972356093\" class=\"shared_header\"><a href=\"https:\/\/emmaus-koeln.de\/channel\/info\"><img src=\"https:\/\/emmaus-koeln.de\/photo\/profile\/s\/4\" alt=\"Emmaus K\u00f6ln\" height=\"32\" width=\"32\" loading=\"lazy\" \/><\/a><span><a href=\"https:\/\/emmaus-koeln.de\/channel\/info\">Emmaus K\u00f6ln<\/a>  wrote the following  <a href=\"https:\/\/emmaus-koeln.de\/display\/4fde36f4-0d0e-4b7c-aff0-dc0e019c0b8b\">post <\/a><span class=\"autotime\" title=\"2001-09-20T02:00:00+02:00\">Thu, 20 Sep 2001 02:00:00 +0200<\/span><\/span><\/div><div id=\"reshared-content-972356093\" class=\"reshared-content\"><strong>Abb\u00e9 Pierre an die franz\u00f6sische Presse am 20. September 2001<\/strong><br \/>Jetzt da ich mit der emmaus-Bewegung den zweiten &quot;Salon&quot;, den zweiten internationalen #<a class=\"zrl\" href=\"https:\/\/emmaus-koeln.de\/search?tag=emmaus-Sonderverkauf\" target=\"_blank\" rel=\"nofollow noopener\">emmaus-Sonderverkauf<\/a>, zu Gunsten der internationalen Solidarit\u00e4t er\u00f6ffne und so viele Au\u00dfenstehende begr\u00fc\u00dfen kann, wie sollte ich Ihnen nicht auch ein paar Worte zu dem unglaublichen Ausbruch terroristischer Gewalt sagen, die \u00fcber die hilflosen Einwohner Manhattans am 11. September hereingebrochen ist.<br \/><br \/>Die ganze internationale emmaus-Bewegung zeigt Solidarit\u00e4t mit den Leiden all der neuen Opfer in den USA, die durch das Verbrechen des 11. September ganz pl\u00f6tzlich \u00fcberfallen wurden.<br \/><br \/>Wir sind uneingeschr\u00e4nkt solidarisch! Was bedeutet das? Es bedeutet zusammenzuarbeiten, die Gelegenheit zu nutzen, die Priorit\u00e4ten, die unsere Gesellschaft bestimmen, zu ver\u00e4ndern.<br \/><br \/>Ein &quot;Anti-Raketen-Schild&quot; mit einem Budget von mehreren Billionen Dollar, w\u00fcrde ein enormes Opfer darstellen und jedermanns verzweifelten Mut herausfordern.<br \/><br \/>Nun gut, aber gegen welche feindlichen Raketen sollte uns das sch\u00fctzen? Sind nicht die Raketen des Hasses, weniger technische Errungenschaften, als eher ein Aufschrei gegen das Vergessen all derer, die weltweit am meisten leiden.<br \/><br \/>Sicherheit kann nur dort entstehen, wo wir uns zuerst um die Schw\u00e4chsten sorgen, um die, die am meisten leiden. Wir m\u00fcssen uns der Provokation der Politik verweigern, die ein immer gr\u00f6\u00dferes Vergn\u00fcgen daran zeigt, mit den M\u00e4chtigsten zu kooperieren.<br \/><br \/>Lasst uns unseren Mitmenschen in den #<a class=\"zrl\" href=\"https:\/\/emmaus-koeln.de\/search?tag=USA\" target=\"_blank\" rel=\"nofollow noopener\">USA<\/a> helfen, genauso wie uns selbst und unseren leidenden Mitmenschen \u00fcberall auf der Welt, aus diesen schrecklichen Stunden die Kraft zu nehmen, wirkliche Ver\u00e4nderungen voranzutreiben.<br \/><br \/>&quot;Hilf denen zuerst, die am schw\u00e4chsten sind und am meisten leiden!&quot; - das ist die Grundlage allen Friedens. Wir bei emmaus versuchen das umzusetzen.<br \/><br \/>Wenn wir dieses Gesetz der Liebe leben, wird die Hoffnung st\u00e4rker sein als die Angst.<\/div><\/div><br \/><\/div>","width":640,"height":426}

<div style="width: 640; height: 426; font-family: sans-serif,arial,freesans;" ><div id="shared_container_972356093" class="shared_container"><div id="shared_header_972356093" class="shared_header"><a href="https://emmaus-koeln.de/channel/info"><img src="https://emmaus-koeln.de/photo/profile/s/4" alt="Emmaus Köln" height="32" width="32" loading="lazy" /></a><span><a href="https://emmaus-koeln.de/channel/info">Emmaus Köln</a>  wrote the following  <a href="https://emmaus-koeln.de/display/4fde36f4-0d0e-4b7c-aff0-dc0e019c0b8b">post </a><span class="autotime" title="2001-09-20T02:00:00+02:00">Thu, 20 Sep 2001 02:00:00 +0200</span></span></div><div id="reshared-content-972356093" class="reshared-content"><strong>Abbé Pierre an die französische Presse am 20. September 2001</strong><br />Jetzt da ich mit der emmaus-Bewegung den zweiten &quot;Salon&quot;, den zweiten internationalen #<a class="zrl" href="https://emmaus-koeln.de/search?tag=emmaus-Sonderverkauf" target="_blank" rel="nofollow noopener">emmaus-Sonderverkauf</a>, zu Gunsten der internationalen Solidarität eröffne und so viele Außenstehende begrüßen kann, wie sollte ich Ihnen nicht auch ein paar Worte zu dem unglaublichen Ausbruch terroristischer Gewalt sagen, die über die hilflosen Einwohner Manhattans am 11. September hereingebrochen ist.<br /><br />Die ganze internationale emmaus-Bewegung zeigt Solidarität mit den Leiden all der neuen Opfer in den USA, die durch das Verbrechen des 11. September ganz plötzlich überfallen wurden.<br /><br />Wir sind uneingeschränkt solidarisch! Was bedeutet das? Es bedeutet zusammenzuarbeiten, die Gelegenheit zu nutzen, die Prioritäten, die unsere Gesellschaft bestimmen, zu verändern.<br /><br />Ein &quot;Anti-Raketen-Schild&quot; mit einem Budget von mehreren Billionen Dollar, würde ein enormes Opfer darstellen und jedermanns verzweifelten Mut herausfordern.<br /><br />Nun gut, aber gegen welche feindlichen Raketen sollte uns das schützen? Sind nicht die Raketen des Hasses, weniger technische Errungenschaften, als eher ein Aufschrei gegen das Vergessen all derer, die weltweit am meisten leiden.<br /><br />Sicherheit kann nur dort entstehen, wo wir uns zuerst um die Schwächsten sorgen, um die, die am meisten leiden. Wir müssen uns der Provokation der Politik verweigern, die ein immer größeres Vergnügen daran zeigt, mit den Mächtigsten zu kooperieren.<br /><br />Lasst uns unseren Mitmenschen in den #<a class="zrl" href="https://emmaus-koeln.de/search?tag=USA" target="_blank" rel="nofollow noopener">USA</a> helfen, genauso wie uns selbst und unseren leidenden Mitmenschen überall auf der Welt, aus diesen schrecklichen Stunden die Kraft zu nehmen, wirkliche Veränderungen voranzutreiben.<br /><br />&quot;Hilf denen zuerst, die am schwächsten sind und am meisten leiden!&quot; - das ist die Grundlage allen Friedens. Wir bei emmaus versuchen das umzusetzen.<br /><br />Wenn wir dieses Gesetz der Liebe leben, wird die Hoffnung stärker sein als die Angst.</div></div><br /></div>
