{"type":"rich","html":"<div style=\"width: 640; height: 426; font-family: sans-serif,arial,freesans;\" ><div id=\"shared_container_972866027\" class=\"shared_container\"><div id=\"shared_header_972866027\" class=\"shared_header\"><a href=\"https:\/\/emmaus-koeln.de\/channel\/info\"><img src=\"https:\/\/emmaus-koeln.de\/photo\/profile\/s\/4\" alt=\"Emmaus K\u00f6ln\" height=\"32\" width=\"32\" loading=\"lazy\" \/><\/a><span><a href=\"https:\/\/emmaus-koeln.de\/channel\/info\">Emmaus K\u00f6ln<\/a>  wrote the following  <a href=\"https:\/\/emmaus-koeln.de\/display\/4883ae5b-a186-4757-9bef-9c8377510e58\">post <\/a><span class=\"autotime\" title=\"2020-06-01T22:03:49+02:00\">Mon, 01 Jun 2020 22:03:49 +0200<\/span><\/span><\/div><div id=\"reshared-content-972866027\" class=\"reshared-content\"><strong>Offener Brief an die Mitglieder des Europa \u2013 Parlaments 2020<\/strong><br \/>Emmaus ist eine Bewegung, die mit den Schw\u00e4chsten der Gesellschaft lebt und arbeitet und wurde 1949 in Frankreich von Abb\u00e9 Pierre gegr\u00fcndet. Emmaus existiert in 42 L\u00e4ndern in vier Kontinenten. In Europa arbeiten mehr als 16.000 M\u00e4nner und Frauen in ca. 300 Gruppen in 17 L\u00e4ndern.<br \/><br \/>Die haupts\u00e4chliche Arbeit ist das Sammeln und Wiederverwerten von Secondhand-Artikeln mit dem Ziel, diesen Menschen \u2013 oftmals ohne Rechte in der Gesellschaft - durch diese Arbeit ein menschenw\u00fcrdiges Leben zu erm\u00f6glichen und anderen, noch \u00c4rmeren, zu helfen.<br \/><br \/>Die Gruppen verschaffen sich dadurch eine nicht geringe Summe an Hilfsleistungen \u2013 die wir Solidarit\u00e4t nennen, speziell f\u00fcr Opfer von Menschenhandel in Litauen und Bosnien, f\u00fcr Kriegsopfer (Bosnien), von Diskriminierung (nichtregistrierten Migranten, die Roma-Community, einschlie\u00dflich Rum\u00e4nien und Albanien).<br \/><br \/>Die Emmaus \u2013 Werte sind vor allem und immer, denen zu dienen, die am meisten leiden und die Ursachen extremer Armut aufzuzeigen.<br \/><br \/>Die Emmaus Bewegung ging immer schon voran mit den Ideen von nachhaltiger Entwicklung, praktischer sozialer Aktion, auch um eine Antwort zu finden , die Umweltbedingungen zu erhalten und zu verbessern.<br \/><br \/>An die Mitglieder des Europa Parlaments sandten wir 2009 einen Brief, um an die Grundrechte eines jeden Menschen zu erinnern:<br \/><br \/><ul class=\"listbullet\"><li>Rechte f\u00fcr Migranten und Fl\u00fcchtlinge<\/li><li>Bek\u00e4mpfen von Obdachlosigkeit und schlechtem Wohnraum<\/li><li>F\u00f6rderung der Sozialen und solidarischen \u00d6konomie<\/li><\/ul><br \/>Hinsichtlich der anstehenden Wahl zum Europa-Parlament m\u00fcssen wir feststellen, dass diese Menschenrechte noch mehr zur\u00fcckgedr\u00e4ngt wurden.<br \/><br \/>Wir m\u00fcssen noch immer Respekt einfordern hinsichtlich der Rechte von Migranten und Fl\u00fcchtlingen, Respekt vor allen sozial ausgeschlossenen Menschen, die Emmaus bei sich aufnimmt und die zeigen, dass eine w\u00fcrdevolles Leben und Arbeiten in unseren Gruppen m\u00f6glich ist. Und zwar so lange sie nicht permanent missbraucht werden, indem man ihnen einen festen Wohnsitz, eine Arbeit und Zugang zu Gesundheitsvorsorge und Bildung vorenth\u00e4lt.<br \/><br \/>Emmaus beobachtet schon lange, dass dass die Europ\u00e4ische Union zu viel Macht an die Kommission abgegeben hat zum Nachteil des Europaparlaments, welches aber doch die Institution ist, die den W\u00e4hlerwillen ausdr\u00fcckt.<br \/><br \/>Die Europ\u00e4ische Kommission hat eine neoliberale Politik entwickelt, das Nachsehen hat eine Kultur von Gemeinwohl und sozialer Balance, die lange in Europa zu erkennen war. Die Finanzkrise und der zu leistende Schuldendienst hat in den meisten L\u00e4ndern Europas vollkommen diese Balance \u00fcber den Haufen geworfen, vielmehr ist Macht in immer weniger H\u00e4nden konzentriert, vor allem bei den Banken, und dies zum Schaden der \u00c4rmsten, die nie von wirtschaftlichem Wachstum profitieren.<br \/><br \/>Emmaus Europa hatte unter anderem ein Treffen mit dem Pr\u00e4sidenten des Europa Parlaments, und auch er hat seine Machtlosigkeit hinsichtlich dieser Politik erkl\u00e4rt.<br \/><br \/>Diese neoliberale Wirtschaftspolitik hat den perversen Effekt, das soziale System zu zerst\u00f6ren und Menschen in die Verelendung zu treiben, die bislang durchaus in der Lage waren, ein Leben in W\u00fcrde zu gestalten.<br \/><br \/>Diese Verelendung wird immer mehr sichtbar und deren Opfer, die festsitzen in ihrer krankhaften Verworfenheit und Verzweiflung, finden immer weniger Zugang zu normalen Arbeitsbedingungen, die ein Leben in W\u00fcrde ausmachen.<br \/><br \/>Emmaus Europa fordert die zuk\u00fcnftigen Parlamentarier des Europa Parlaments auf, sich endlich mit einer echten nachhaltigen Entwicklung zu besch\u00e4ftigen, und zwar in Bezug auf ihre drei Schl\u00fcsselaspekte:<br \/><br \/>UMWELTRICHTLINIEN<br \/><br \/>m\u00fcssen weitergef\u00fchrt werden und Europa kann ein Vorreiter sein, indem es den niedrigsten CO2-Aussto\u00df entwickelt, wegen energiesparenden Konsums, nachhaltigen Produkten, Wiederverwertung und Recycling . . .<br \/><br \/>Nichtsdestotrotz sollte diese Richtlinie auch weiterhin die individuellen absichtlichen nicht nachhaltigen Konsummethoden bestrafen, die gegen andere Menschen wirksam sind, und die Idee des geteilten Besitzes, insbesondere von Wasser, Luft, Fauna und Flora aufnehmen.<br \/><br \/>Nahrungsmittel sollten ebenso andersherum gelenkt werden, indem als Erstes umweltfreundliche L\u00f6sungen angestrebt werden, die die lokale Produktion unterst\u00fctzen. Fleischproduktionsketten, um nur ein Beispiel zu nennen, sind absolut nicht nachhaltig.<br \/><br \/>Umweltfreundliche Aktionen k\u00f6nnen nicht getrennt gesehen werden von der sozialen Dimension von nachhaltiger Reichweite:<br \/><br \/>der Elitarismus, hervorgerufen durch neoliberale Richtlinien, ist selbsts\u00fcchtig und bringt das ganze soziale Gleichgewicht durcheinander.<br \/><br \/>Es ist lebensnotwendig, dass wir die m\u00f6gliche Privatisierung des Wassers \u00fcberdenken, ebenso Umweltschutz und Behandlung des Abfalls.<br \/><br \/>Eine gewisse Anzahl von Emmaus Gruppen arbeitet in Europa mit den \u00f6ffentlichen Diensten zusammen, wobei alle Beteiligten Gewinner sind.<br \/><br \/>Diese Vereinbarungen werden heftig von gro\u00dfen privatwirtschaftlichen Unternehmen angegriffen, eben genau denselben Gruppen, die gegen die Kosten von Arbeitslosigkeit und Renten protestieren.<br \/><br \/>Wir rufen auf, die M\u00f6glichkeit der Arbeit f\u00fcr die am meisten sozial abgegrenzten Menschen in Betracht zu ziehen.<br \/><br \/>Die jetzige Krise wurde durch hoch verzinste Hypotheken verursacht, welche die Voraussetzung waren f\u00fcr Wohnraum f\u00fcr arme Familien. Diese riskanten, aber hoch lukrativen Anleihen waren mit allen m\u00f6glichen Investitionen verkn\u00fcpft.<br \/><br \/>Als der \u00d6lpreis anstieg, waren massenhaft Familien nicht mehr f\u00e4hig, ihre Hypothekenr\u00fcckzahlungen zu begleichen, was das hervorruft, wof\u00fcr wir Zeugen sind:<br \/><br \/>eine Krise, die die \u00e4rmsten Menschen in den meisten L\u00e4ndern trifft oder die die Mittelklasse &quot;aussaugt&quot;, die fr\u00fcher einen guten Lebensstandard hatte.<br \/><br \/>Diese Krise kommt nicht von Niedriglohnfamilien in Europa und Bankr\u00fcckzahlungen, deren Anforderungen au\u00dferhalb aller Verh\u00e4ltnisse liegen.<br \/><br \/>Wir m\u00f6chten noch einmal wiederholen, dass die Tobin-Steuer (eine W\u00e4hrungsumtauschsteuer) diese selbsts\u00fcchtigen und sch\u00e4digenden Aktionen einschr\u00e4nken.<br \/><br \/>Wir sind entr\u00fcstet \u00fcber die H\u00e4ufigkeit dieses Handels, der sich vollkommen von der wirklichen Wirtschaft losgel\u00f6st hat und ungestraft weitergehen kann.<br \/><br \/>F\u00dcR EINE M\u00d6GLICHST MENSCHLICHE EUROP\u00c4ISCHE GESELLSCHAFT<br \/><br \/>Die Kosten der Grenz\u00fcberwachung von Einwanderungen sind au\u00dfer Kontrolle und bringen ernstliche \u00dcberschreitungen von Menschenrechten mit sich. Migranten ertrinken nahe der K\u00fcste, werden in schrecklichen Auffanglagern &quot;geparkt&quot; oder werden gejagt, sobald sie ankommen. All das sind ernsthafte Verletzungen der Prinzipien von Menschlichkeit.<br \/><br \/>Europa erm\u00f6glicht diesen Migranten - da sie verdammt sind, illegal zu sein - in die illegale Arbeit und Kriminalit\u00e4t abzugleiten, um zu \u00fcberleben.<br \/><br \/>All das ist gegen Europas Geschichte und Gr\u00fcndungsprinzipien.<br \/><br \/>Wir beweisen jeden einzelnen Tag, dass es vorteilhaft ist, Migranten aufzunehmen und sie weiter zu bilden, um ein w\u00fcrdevolles Leben zu f\u00fchren.Diese Migranten nehmen sofort ein menschliches Gesicht an und wir sind alle stolz auf sie.<br \/><br \/>Emmaus Europa ruft die zuk\u00fcnftigen Parlamentarier auf, eine Haltung gegen\u00fcber dieser Angelegenheit einzunehmen um gemeinsam den Geist eines menschlichen Europa wiederzubeleben.<br \/><br \/>Exekutive \u2013 Commit\u00e9e von Emmaus Europa<br \/><br \/>Julio de la Granja ( Belgien)<br \/><br \/>Alain Capmas ( Frankreich)<br \/><br \/>Willi Does ( Deutschland)<br \/><br \/>Silvana Nogarole ( Italien)<br \/><br \/>Xavier Vandromme ( Frankreich)<\/div><\/div><br \/><\/div>","width":640,"height":426}

<div style="width: 640; height: 426; font-family: sans-serif,arial,freesans;" ><div id="shared_container_972866027" class="shared_container"><div id="shared_header_972866027" class="shared_header"><a href="https://emmaus-koeln.de/channel/info"><img src="https://emmaus-koeln.de/photo/profile/s/4" alt="Emmaus Köln" height="32" width="32" loading="lazy" /></a><span><a href="https://emmaus-koeln.de/channel/info">Emmaus Köln</a>  wrote the following  <a href="https://emmaus-koeln.de/display/4883ae5b-a186-4757-9bef-9c8377510e58">post </a><span class="autotime" title="2020-06-01T22:03:49+02:00">Mon, 01 Jun 2020 22:03:49 +0200</span></span></div><div id="reshared-content-972866027" class="reshared-content"><strong>Offener Brief an die Mitglieder des Europa – Parlaments 2020</strong><br />Emmaus ist eine Bewegung, die mit den Schwächsten der Gesellschaft lebt und arbeitet und wurde 1949 in Frankreich von Abbé Pierre gegründet. Emmaus existiert in 42 Ländern in vier Kontinenten. In Europa arbeiten mehr als 16.000 Männer und Frauen in ca. 300 Gruppen in 17 Ländern.<br /><br />Die hauptsächliche Arbeit ist das Sammeln und Wiederverwerten von Secondhand-Artikeln mit dem Ziel, diesen Menschen – oftmals ohne Rechte in der Gesellschaft - durch diese Arbeit ein menschenwürdiges Leben zu ermöglichen und anderen, noch Ärmeren, zu helfen.<br /><br />Die Gruppen verschaffen sich dadurch eine nicht geringe Summe an Hilfsleistungen – die wir Solidarität nennen, speziell für Opfer von Menschenhandel in Litauen und Bosnien, für Kriegsopfer (Bosnien), von Diskriminierung (nichtregistrierten Migranten, die Roma-Community, einschließlich Rumänien und Albanien).<br /><br />Die Emmaus – Werte sind vor allem und immer, denen zu dienen, die am meisten leiden und die Ursachen extremer Armut aufzuzeigen.<br /><br />Die Emmaus Bewegung ging immer schon voran mit den Ideen von nachhaltiger Entwicklung, praktischer sozialer Aktion, auch um eine Antwort zu finden , die Umweltbedingungen zu erhalten und zu verbessern.<br /><br />An die Mitglieder des Europa Parlaments sandten wir 2009 einen Brief, um an die Grundrechte eines jeden Menschen zu erinnern:<br /><br /><ul class="listbullet"><li>Rechte für Migranten und Flüchtlinge</li><li>Bekämpfen von Obdachlosigkeit und schlechtem Wohnraum</li><li>Förderung der Sozialen und solidarischen Ökonomie</li></ul><br />Hinsichtlich der anstehenden Wahl zum Europa-Parlament müssen wir feststellen, dass diese Menschenrechte noch mehr zurückgedrängt wurden.<br /><br />Wir müssen noch immer Respekt einfordern hinsichtlich der Rechte von Migranten und Flüchtlingen, Respekt vor allen sozial ausgeschlossenen Menschen, die Emmaus bei sich aufnimmt und die zeigen, dass eine würdevolles Leben und Arbeiten in unseren Gruppen möglich ist. Und zwar so lange sie nicht permanent missbraucht werden, indem man ihnen einen festen Wohnsitz, eine Arbeit und Zugang zu Gesundheitsvorsorge und Bildung vorenthält.<br /><br />Emmaus beobachtet schon lange, dass dass die Europäische Union zu viel Macht an die Kommission abgegeben hat zum Nachteil des Europaparlaments, welches aber doch die Institution ist, die den Wählerwillen ausdrückt.<br /><br />Die Europäische Kommission hat eine neoliberale Politik entwickelt, das Nachsehen hat eine Kultur von Gemeinwohl und sozialer Balance, die lange in Europa zu erkennen war. Die Finanzkrise und der zu leistende Schuldendienst hat in den meisten Ländern Europas vollkommen diese Balance über den Haufen geworfen, vielmehr ist Macht in immer weniger Händen konzentriert, vor allem bei den Banken, und dies zum Schaden der Ärmsten, die nie von wirtschaftlichem Wachstum profitieren.<br /><br />Emmaus Europa hatte unter anderem ein Treffen mit dem Präsidenten des Europa Parlaments, und auch er hat seine Machtlosigkeit hinsichtlich dieser Politik erklärt.<br /><br />Diese neoliberale Wirtschaftspolitik hat den perversen Effekt, das soziale System zu zerstören und Menschen in die Verelendung zu treiben, die bislang durchaus in der Lage waren, ein Leben in Würde zu gestalten.<br /><br />Diese Verelendung wird immer mehr sichtbar und deren Opfer, die festsitzen in ihrer krankhaften Verworfenheit und Verzweiflung, finden immer weniger Zugang zu normalen Arbeitsbedingungen, die ein Leben in Würde ausmachen.<br /><br />Emmaus Europa fordert die zukünftigen Parlamentarier des Europa Parlaments auf, sich endlich mit einer echten nachhaltigen Entwicklung zu beschäftigen, und zwar in Bezug auf ihre drei Schlüsselaspekte:<br /><br />UMWELTRICHTLINIEN<br /><br />müssen weitergeführt werden und Europa kann ein Vorreiter sein, indem es den niedrigsten CO2-Ausstoß entwickelt, wegen energiesparenden Konsums, nachhaltigen Produkten, Wiederverwertung und Recycling . . .<br /><br />Nichtsdestotrotz sollte diese Richtlinie auch weiterhin die individuellen absichtlichen nicht nachhaltigen Konsummethoden bestrafen, die gegen andere Menschen wirksam sind, und die Idee des geteilten Besitzes, insbesondere von Wasser, Luft, Fauna und Flora aufnehmen.<br /><br />Nahrungsmittel sollten ebenso andersherum gelenkt werden, indem als Erstes umweltfreundliche Lösungen angestrebt werden, die die lokale Produktion unterstützen. Fleischproduktionsketten, um nur ein Beispiel zu nennen, sind absolut nicht nachhaltig.<br /><br />Umweltfreundliche Aktionen können nicht getrennt gesehen werden von der sozialen Dimension von nachhaltiger Reichweite:<br /><br />der Elitarismus, hervorgerufen durch neoliberale Richtlinien, ist selbstsüchtig und bringt das ganze soziale Gleichgewicht durcheinander.<br /><br />Es ist lebensnotwendig, dass wir die mögliche Privatisierung des Wassers überdenken, ebenso Umweltschutz und Behandlung des Abfalls.<br /><br />Eine gewisse Anzahl von Emmaus Gruppen arbeitet in Europa mit den öffentlichen Diensten zusammen, wobei alle Beteiligten Gewinner sind.<br /><br />Diese Vereinbarungen werden heftig von großen privatwirtschaftlichen Unternehmen angegriffen, eben genau denselben Gruppen, die gegen die Kosten von Arbeitslosigkeit und Renten protestieren.<br /><br />Wir rufen auf, die Möglichkeit der Arbeit für die am meisten sozial abgegrenzten Menschen in Betracht zu ziehen.<br /><br />Die jetzige Krise wurde durch hoch verzinste Hypotheken verursacht, welche die Voraussetzung waren für Wohnraum für arme Familien. Diese riskanten, aber hoch lukrativen Anleihen waren mit allen möglichen Investitionen verknüpft.<br /><br />Als der Ölpreis anstieg, waren massenhaft Familien nicht mehr fähig, ihre Hypothekenrückzahlungen zu begleichen, was das hervorruft, wofür wir Zeugen sind:<br /><br />eine Krise, die die ärmsten Menschen in den meisten Ländern trifft oder die die Mittelklasse &quot;aussaugt&quot;, die früher einen guten Lebensstandard hatte.<br /><br />Diese Krise kommt nicht von Niedriglohnfamilien in Europa und Bankrückzahlungen, deren Anforderungen außerhalb aller Verhältnisse liegen.<br /><br />Wir möchten noch einmal wiederholen, dass die Tobin-Steuer (eine Währungsumtauschsteuer) diese selbstsüchtigen und schädigenden Aktionen einschränken.<br /><br />Wir sind entrüstet über die Häufigkeit dieses Handels, der sich vollkommen von der wirklichen Wirtschaft losgelöst hat und ungestraft weitergehen kann.<br /><br />FÜR EINE MÖGLICHST MENSCHLICHE EUROPÄISCHE GESELLSCHAFT<br /><br />Die Kosten der Grenzüberwachung von Einwanderungen sind außer Kontrolle und bringen ernstliche Überschreitungen von Menschenrechten mit sich. Migranten ertrinken nahe der Küste, werden in schrecklichen Auffanglagern &quot;geparkt&quot; oder werden gejagt, sobald sie ankommen. All das sind ernsthafte Verletzungen der Prinzipien von Menschlichkeit.<br /><br />Europa ermöglicht diesen Migranten - da sie verdammt sind, illegal zu sein - in die illegale Arbeit und Kriminalität abzugleiten, um zu überleben.<br /><br />All das ist gegen Europas Geschichte und Gründungsprinzipien.<br /><br />Wir beweisen jeden einzelnen Tag, dass es vorteilhaft ist, Migranten aufzunehmen und sie weiter zu bilden, um ein würdevolles Leben zu führen.Diese Migranten nehmen sofort ein menschliches Gesicht an und wir sind alle stolz auf sie.<br /><br />Emmaus Europa ruft die zukünftigen Parlamentarier auf, eine Haltung gegenüber dieser Angelegenheit einzunehmen um gemeinsam den Geist eines menschlichen Europa wiederzubeleben.<br /><br />Exekutive – Commitée von Emmaus Europa<br /><br />Julio de la Granja ( Belgien)<br /><br />Alain Capmas ( Frankreich)<br /><br />Willi Does ( Deutschland)<br /><br />Silvana Nogarole ( Italien)<br /><br />Xavier Vandromme ( Frankreich)</div></div><br /></div>
