{"type":"rich","html":"<div style=\"width: 640; height: 426; font-family: sans-serif,arial,freesans;\" ><div id=\"shared_container_1598839998\" class=\"shared_container\"><div id=\"shared_header_1598839998\" class=\"shared_header\"><a href=\"https:\/\/emmaus-koeln.de\/channel\/info\"><img src=\"https:\/\/emmaus-koeln.de\/photo\/profile\/s\/4\" alt=\"Emmaus K\u00f6ln\" height=\"32\" width=\"32\" loading=\"lazy\" \/><\/a><span><a href=\"https:\/\/emmaus-koeln.de\/channel\/info\">Emmaus K\u00f6ln<\/a>  wrote the following  <a href=\"https:\/\/emmaus-koeln.de\/display\/44cb8e1f-21b5-4fe7-a831-48307fb481a6\">post <\/a><span class=\"autotime\" title=\"2016-01-15T11:48:30+01:00\">Fri, 15 Jan 2016 11:48:30 +0100<\/span><\/span><\/div><div id=\"reshared-content-1598839998\" class=\"reshared-content\"><strong>Emmaus Europa im Europa - Parlament<\/strong><br \/><a class=\"zrl\" href=\"https:\/\/emmaus-koeln.de\/photos\/info\/image\/751909df-0c53-4940-9dbe-e70061b1285e\" target=\"_blank\" rel=\"nofollow noopener\"><img class=\"zrl\" style=\"max-width: 100%;\" src=\"https:\/\/emmaus-koeln.de\/photo\/751909df-0c53-4940-9dbe-e70061b1285e-1.png\" alt=\"teaserbox_2466802278.jpg-t-1452763327.jpg\" title=\"teaserbox_2466802278.jpg-t-1452763327.jpg\" loading=\"eager\" \/><\/a><br \/><br \/>Zum zweiten Mal hatten Mitarbeiter von Emmaus Europa Gelegenheit, Europa-Politiker w\u00e4hrend der letzten Sitzung des Parlaments in Stra\u00dfburg zu treffen.<br \/><br \/>Eine Gelegenheit, die Meinung ,aber auch unsere Besorgnis zu \u00e4u\u00dfern zu zwei wesentlichen Punkten, die die Emmaus \u2013 Arbeit angeht:<br \/><br \/><ol class=\"listdecimal\" style=\"list-style-type: decimal;\">[<em>]Eine Verordnung der EU-Commission zur Kreislaufwirtschaft (economie circulaire)<br \/>[<\/em>]die aktuelle Migrations \u2013 und Fl\u00fcchtlingspolitik der EU<\/ol><br \/>Den anwesenden Parlamentariern wurde u.a. vorgeschlagen, bestehende Emmaus Gruppen besuchen, um die Realit\u00e4t vor Ort zu sehen, vor allem, wie Migranten und Fl\u00fcchtlinge in die bestehenden Strukturen von Emmaus tats\u00e4chlich integriert sind.<br \/><br \/>Der Pr\u00e4sident des EU \u2013 Parlaments Martin Schulz hatte auch seine Teilnahme angek\u00fcndigt, war jedoch letztlich verhindert.<br \/><br \/>Der Pr\u00e4sident von Emmaus Europa Willi Does aus K\u00f6ln wird aber die M\u00f6glichkeit haben, ihn Anfang Februar 2016 zu sprechen.<\/div><\/div><br \/><\/div>","width":640,"height":426}

<div style="width: 640; height: 426; font-family: sans-serif,arial,freesans;" ><div id="shared_container_1598839998" class="shared_container"><div id="shared_header_1598839998" class="shared_header"><a href="https://emmaus-koeln.de/channel/info"><img src="https://emmaus-koeln.de/photo/profile/s/4" alt="Emmaus Köln" height="32" width="32" loading="lazy" /></a><span><a href="https://emmaus-koeln.de/channel/info">Emmaus Köln</a>  wrote the following  <a href="https://emmaus-koeln.de/display/44cb8e1f-21b5-4fe7-a831-48307fb481a6">post </a><span class="autotime" title="2016-01-15T11:48:30+01:00">Fri, 15 Jan 2016 11:48:30 +0100</span></span></div><div id="reshared-content-1598839998" class="reshared-content"><strong>Emmaus Europa im Europa - Parlament</strong><br /><a class="zrl" href="https://emmaus-koeln.de/photos/info/image/751909df-0c53-4940-9dbe-e70061b1285e" target="_blank" rel="nofollow noopener"><img class="zrl" style="max-width: 100%;" src="https://emmaus-koeln.de/photo/751909df-0c53-4940-9dbe-e70061b1285e-1.png" alt="teaserbox_2466802278.jpg-t-1452763327.jpg" title="teaserbox_2466802278.jpg-t-1452763327.jpg" loading="eager" /></a><br /><br />Zum zweiten Mal hatten Mitarbeiter von Emmaus Europa Gelegenheit, Europa-Politiker während der letzten Sitzung des Parlaments in Straßburg zu treffen.<br /><br />Eine Gelegenheit, die Meinung ,aber auch unsere Besorgnis zu äußern zu zwei wesentlichen Punkten, die die Emmaus – Arbeit angeht:<br /><br /><ol class="listdecimal" style="list-style-type: decimal;">[<em>]Eine Verordnung der EU-Commission zur Kreislaufwirtschaft (economie circulaire)<br />[</em>]die aktuelle Migrations – und Flüchtlingspolitik der EU</ol><br />Den anwesenden Parlamentariern wurde u.a. vorgeschlagen, bestehende Emmaus Gruppen besuchen, um die Realität vor Ort zu sehen, vor allem, wie Migranten und Flüchtlinge in die bestehenden Strukturen von Emmaus tatsächlich integriert sind.<br /><br />Der Präsident des EU – Parlaments Martin Schulz hatte auch seine Teilnahme angekündigt, war jedoch letztlich verhindert.<br /><br />Der Präsident von Emmaus Europa Willi Does aus Köln wird aber die Möglichkeit haben, ihn Anfang Februar 2016 zu sprechen.</div></div><br /></div>
