{"type":"rich","html":"<div style=\"width: 640; height: 426; font-family: sans-serif,arial,freesans;\" ><div id=\"shared_container_1607162454\" class=\"shared_container\"><div id=\"shared_header_1607162454\" class=\"shared_header\"><a href=\"https:\/\/emmaus-koeln.de\/channel\/info\"><img src=\"https:\/\/emmaus-koeln.de\/photo\/profile\/s\/4\" alt=\"Emmaus K\u00f6ln\" height=\"32\" width=\"32\" loading=\"lazy\" \/><\/a><span><a href=\"https:\/\/emmaus-koeln.de\/channel\/info\">Emmaus K\u00f6ln<\/a>  wrote the following  <a href=\"https:\/\/emmaus-koeln.de\/display\/26d8afbd-330a-4079-ae5b-62b211abf950\">post <\/a><span class=\"autotime\" title=\"2014-09-15T22:26:49+02:00\">Mon, 15 Sep 2014 22:26:49 +0200<\/span><\/span><\/div><div id=\"reshared-content-1607162454\" class=\"reshared-content\"><strong>Erkl\u00e4rung Lampedusa 2014 - Emmaus Europa<\/strong><br \/>Der \u201eConseil Regional Emmaus Europe\u201c* hat sich in Lampedusa getroffen und folgende Erkl\u00e4rung verfasst:<br \/><br \/>Als Vertreter von 16 L\u00e4ndern, von Finnland nach Portugal, von Italien bis Ukraine wollen wir festhalten, was wir gesehen haben: eine wundersch\u00f6ne kleine Insel nahe dar afrikanischen K\u00fcste, eine Insel mit 6.000 Einwohnern und einem sch\u00f6nen Fischereihafen, ein Symbol f\u00fcr unseren europ\u00e4ischen Komfort.<br \/><br \/>Reisende und Migranten sind schon immer an dieser K\u00fcste gelandet, aber Europa hat entschieden, diese T\u00fcr vom S\u00fcden zu schlie\u00dfen.<br \/><br \/>Migranten sind vor der Insel ertrunken, leblose K\u00f6rper wurden ans Ufer geschwemmt, die Einwohner haben die Familienangeh\u00f6rigen zusammengesucht und in ihrem Friedhof beerdigt.<br \/><br \/>Bis zu diesem Drama vom 3. Oktober 2013:<br \/><br \/>500 M\u00e4nner, Frauen, Kinder gehen unter, 300 ertrinken und werden an Strand gesp\u00fclt. Die Inselbewohner werden angesichts dieser Ungeheuerlichkeit alleine gelassen; unaufh\u00f6rlich suchen sie nach Familienangeh\u00f6rigen. Etwa zehn namenlose Menschen werden beerdigt.<br \/><br \/>Die italienische Regierung, die europ\u00e4ische Kommission haben sie alleine gelassen, genauso wie damals, als 2500 Libyer vor dem Zivilkrieg fl\u00fcchteten.<br \/><br \/>Die Inselbewohner haben zusammengehalten, w\u00fcrdevoll und respektvoll haben sie sich dem ganzen Elend gestellt, das sie \u00fcberrollt hat. Sie sammeln weiter Strandgut: ein Babyfl\u00e4schchen, den Koran, eine Bibel, Wasserflaschen in T\u00fcten, Kleider aus dem S\u00fcden der Sahara, Zigaretten, Rettungswesten\u2026 ein Haus haben sie all diesen Gegenst\u00e4nden gewidmet.<br \/><br \/>Die europ\u00e4ische Kommission hat nun reagiert: Frontex wird verst\u00e4rkt!<br \/><br \/>Eine paramilit\u00e4rische Organisation, die die Jagd auf Migranten koordiniert; sie verf\u00fcgt t\u00e4glich \u00fcber 300 000 \u20ac , 1500 Soldaten sind auf der Insel stationiert mit 11 Schnellbooten, Flugzeugen und Hubschraubern. Die Insel ist, wie w\u00e4hrend des Zweiten Weltkriegs, milit\u00e4rischer St\u00fctzpunkt geworden.<br \/><br \/>Die Migranten werden systematisch eingefangen, bevor sie Lampedusa erreichen und nach Sizilien in Aufnahmelager geschickt. So sieht man sie weniger, die Insel ist gr\u00f6\u00dfer, die Einwohner zahlreicher, die Auffanglager besser versteckt.<br \/><br \/>Schlaft in aller Ruhe, vergesst die Toten und zahlt f\u00fcr diesen Skandal; oder erinnert euch, dass das Unrecht keine Grenzen kennt und prangert es an! Macht mit bei der Frontexit - Kampagne, um diesem Krieg gegen die Armen ein Ende zu bereiten.<br \/><br \/>Das Geld k\u00f6nnte f\u00fcr den Krieg gegen die Armut verwenden werden; so k\u00f6nnten wir, ganz nach dem Vorbild unserer Vorfahren, diesen Menschen, die nach Europa kommen, um zu arbeiten und zu leben, eine Integrationschance anbieten.<br \/><br \/>In unseren 300 Gemeinschaften in Europa leben und arbeiten wir tagt\u00e4glich mit diesen Menschen zusammen, die von unserer Gesellschaft abgesto\u00dfen werden und bezeugen damit, dass ein gemeinschaftliches Leben m\u00f6glich ist.<br \/><br \/>Wollen wir mehr Menschlichkeit und mehr Solidarit\u00e4t in Europa? Oder ein reiches, aber armseliges Europa, das am Ende noch alle Menschen ausschlie\u00dfen wird, die laut mancher Meinung unn\u00fctz sind?<br \/><br \/>Es wird Zeit aufzuwachen!<br \/><br \/><ul class=\"listbullet\"><li>Regionalrat Emmaus Europa ( 16 Nationalvertreter + 11 Vertreter Emmaus International)<\/ul><\/div><\/div><br \/><\/div>","width":640,"height":426}

<div style="width: 640; height: 426; font-family: sans-serif,arial,freesans;" ><div id="shared_container_1607162454" class="shared_container"><div id="shared_header_1607162454" class="shared_header"><a href="https://emmaus-koeln.de/channel/info"><img src="https://emmaus-koeln.de/photo/profile/s/4" alt="Emmaus Köln" height="32" width="32" loading="lazy" /></a><span><a href="https://emmaus-koeln.de/channel/info">Emmaus Köln</a>  wrote the following  <a href="https://emmaus-koeln.de/display/26d8afbd-330a-4079-ae5b-62b211abf950">post </a><span class="autotime" title="2014-09-15T22:26:49+02:00">Mon, 15 Sep 2014 22:26:49 +0200</span></span></div><div id="reshared-content-1607162454" class="reshared-content"><strong>Erklärung Lampedusa 2014 - Emmaus Europa</strong><br />Der „Conseil Regional Emmaus Europe“* hat sich in Lampedusa getroffen und folgende Erklärung verfasst:<br /><br />Als Vertreter von 16 Ländern, von Finnland nach Portugal, von Italien bis Ukraine wollen wir festhalten, was wir gesehen haben: eine wunderschöne kleine Insel nahe dar afrikanischen Küste, eine Insel mit 6.000 Einwohnern und einem schönen Fischereihafen, ein Symbol für unseren europäischen Komfort.<br /><br />Reisende und Migranten sind schon immer an dieser Küste gelandet, aber Europa hat entschieden, diese Tür vom Süden zu schließen.<br /><br />Migranten sind vor der Insel ertrunken, leblose Körper wurden ans Ufer geschwemmt, die Einwohner haben die Familienangehörigen zusammengesucht und in ihrem Friedhof beerdigt.<br /><br />Bis zu diesem Drama vom 3. Oktober 2013:<br /><br />500 Männer, Frauen, Kinder gehen unter, 300 ertrinken und werden an Strand gespült. Die Inselbewohner werden angesichts dieser Ungeheuerlichkeit alleine gelassen; unaufhörlich suchen sie nach Familienangehörigen. Etwa zehn namenlose Menschen werden beerdigt.<br /><br />Die italienische Regierung, die europäische Kommission haben sie alleine gelassen, genauso wie damals, als 2500 Libyer vor dem Zivilkrieg flüchteten.<br /><br />Die Inselbewohner haben zusammengehalten, würdevoll und respektvoll haben sie sich dem ganzen Elend gestellt, das sie überrollt hat. Sie sammeln weiter Strandgut: ein Babyfläschchen, den Koran, eine Bibel, Wasserflaschen in Tüten, Kleider aus dem Süden der Sahara, Zigaretten, Rettungswesten… ein Haus haben sie all diesen Gegenständen gewidmet.<br /><br />Die europäische Kommission hat nun reagiert: Frontex wird verstärkt!<br /><br />Eine paramilitärische Organisation, die die Jagd auf Migranten koordiniert; sie verfügt täglich über 300 000 € , 1500 Soldaten sind auf der Insel stationiert mit 11 Schnellbooten, Flugzeugen und Hubschraubern. Die Insel ist, wie während des Zweiten Weltkriegs, militärischer Stützpunkt geworden.<br /><br />Die Migranten werden systematisch eingefangen, bevor sie Lampedusa erreichen und nach Sizilien in Aufnahmelager geschickt. So sieht man sie weniger, die Insel ist größer, die Einwohner zahlreicher, die Auffanglager besser versteckt.<br /><br />Schlaft in aller Ruhe, vergesst die Toten und zahlt für diesen Skandal; oder erinnert euch, dass das Unrecht keine Grenzen kennt und prangert es an! Macht mit bei der Frontexit - Kampagne, um diesem Krieg gegen die Armen ein Ende zu bereiten.<br /><br />Das Geld könnte für den Krieg gegen die Armut verwenden werden; so könnten wir, ganz nach dem Vorbild unserer Vorfahren, diesen Menschen, die nach Europa kommen, um zu arbeiten und zu leben, eine Integrationschance anbieten.<br /><br />In unseren 300 Gemeinschaften in Europa leben und arbeiten wir tagtäglich mit diesen Menschen zusammen, die von unserer Gesellschaft abgestoßen werden und bezeugen damit, dass ein gemeinschaftliches Leben möglich ist.<br /><br />Wollen wir mehr Menschlichkeit und mehr Solidarität in Europa? Oder ein reiches, aber armseliges Europa, das am Ende noch alle Menschen ausschließen wird, die laut mancher Meinung unnütz sind?<br /><br />Es wird Zeit aufzuwachen!<br /><br /><ul class="listbullet"><li>Regionalrat Emmaus Europa ( 16 Nationalvertreter + 11 Vertreter Emmaus International)</ul></div></div><br /></div>
