{"type":"rich","html":"<div style=\"width: 640; height: 426; font-family: sans-serif,arial,freesans;\" ><div id=\"shared_container_1346987946\" class=\"shared_container\"><div id=\"shared_header_1346987946\" class=\"shared_header\"><a href=\"https:\/\/emmaus-koeln.de\/channel\/info\"><img src=\"https:\/\/emmaus-koeln.de\/photo\/profile\/s\/4\" alt=\"Emmaus K\u00f6ln\" height=\"32\" width=\"32\" loading=\"lazy\" \/><\/a><span><a href=\"https:\/\/emmaus-koeln.de\/channel\/info\">Emmaus K\u00f6ln<\/a>  wrote the following  <a href=\"https:\/\/emmaus-koeln.de\/display\/1bc3bef4-a205-4e34-9a43-47e22c80f391\">post <\/a><span class=\"autotime\" title=\"2014-04-15T02:00:00+02:00\">Tue, 15 Apr 2014 02:00:00 +0200<\/span><\/span><\/div><div id=\"reshared-content-1346987946\" class=\"reshared-content\"><strong>Brief aus der Ukraine April 2014<\/strong><br \/>Liebe Freunde,<br \/><br \/>Nachfolgend zu unserem letzten Arbeitstreffen des polnischen \u2013 ukrainischen Collectives m\u00f6chten wir euch heute mitteilen, wie wir die Weiterentwicklung von Emmaus in der Ukraine sehen , welche Bed\u00fcrfnisse wir haben und wie uns Emmaus Europa mit seinen Mitgliedsgruppen unterst\u00fctzen kann.<br \/><br \/>Veranlasst durch die unsichere Situation in der Ukraine werden wir vor allem finanzielle Hilfen brauchen um unsere vielf\u00e4ltigen sozialen Aktionen aufrecht erhalten zu k\u00f6nnen. Dies betrifft Oselya und Nasha Khata.<br \/><br \/>In der Zwischenzeit werden wir mit anderen ukrainischen NGOs bem\u00fcht sein, die Gesetzgebung hin zu einer Zivilgesellschaft zu beeinflussen. Vor allem sind wir da auf die Erfahrungen der polnischen Emmaus Gruppen angewiesen, die ja wichtige Erfahrungen auf diesem Gebiet gemacht haben.<br \/><br \/>Wir werden weiterhin unsere wirtschaftlichen Aktivit\u00e4ten der ukrainischen Wirklichkeit entsprechend entwickeln. Daf\u00fcr br\u00e4uchten wir einige erfahrene Emmaus- Experten auf diesem Gebiet, die uns helfen, \u00fcber andere Arbeiten nachzudenken, die unsere Existenz sichern k\u00f6nnen.<br \/><br \/>Wir w\u00fcrden auch gerne jemanden zu einem Meeting einladen, der uns die Emmaus -Ideen und \u2013 Werte noch n\u00e4her bringen kann, vor allem f\u00fcr neue Gruppen, die zur Zeit an Emmaus Interesse zeigen. Wir werden solche Meetings Anfang Mai in Oselya \/ Lwiw und Nasha Khata \/ Drohobych durchf\u00fchren.<br \/><br \/>Wir w\u00fcrden gerne Emmaus \u2013 Material in ukrainischer Sprache zu Verf\u00fcgung haben, um noch effizienter die Emmaus- Ideen zu verbreiten. Wir w\u00fcrden diese auch nutzen k\u00f6nnen, wenn wir uns mit anderen ukrainischen NGO\u00b4s vor allem aus dem Osten des Landes treffen, wie wir es schon jetzt tun.<br \/><br \/>Ein anderer Punkt:<br \/><br \/>Austausch von Mitarbeitern und Compagnons von Emmaus.<br \/><br \/>Wir hoffen, dass einige Emmaus- Gruppen auf diese Anfragen positiv antworten werden. Jede Gruppe\/Gemeinschaft kann sich im Rahmen der jeweiligen M\u00f6glichkeiten engagieren. Wir sch\u00e4tzen jede Art von Engagement.<br \/><br \/>Im Voraus vielen Dank und viele Gr\u00fc\u00dfe<br \/><br \/><a class=\"zrl\" href=\"https:\/\/emmaus-koeln.de\/photos\/info\/image\/4fd41b52-d674-4ca2-8c71-78784dfb01f8\" target=\"_blank\" rel=\"nofollow noopener\"><img class=\"zrl\" style=\"max-width: 100%;\" src=\"https:\/\/emmaus-koeln.de\/photo\/4fd41b52-d674-4ca2-8c71-78784dfb01f8-1.jpg\" alt=\"cache_2447629071.jpg-t-1399891978.jpg\" title=\"cache_2447629071.jpg-t-1399891978.jpg\" loading=\"eager\" \/><\/a><a class=\"zrl\" href=\"https:\/\/emmaus-koeln.de\/photos\/info\/image\/3d9a299c-ba3d-4e26-b9f9-ee5960f7b45c\" target=\"_blank\" rel=\"nofollow noopener\"><img class=\"zrl\" style=\"max-width: 100%;\" src=\"https:\/\/emmaus-koeln.de\/photo\/3d9a299c-ba3d-4e26-b9f9-ee5960f7b45c-1.jpg\" alt=\"cache_2447629075.jpg-t-1399891986.jpg\" title=\"cache_2447629075.jpg-t-1399891986.jpg\" loading=\"eager\" \/><\/a><a class=\"zrl\" href=\"https:\/\/emmaus-koeln.de\/photos\/info\/image\/c57461a1-4786-4f00-8fc2-20a0611270c1\" target=\"_blank\" rel=\"nofollow noopener\"><img class=\"zrl\" style=\"max-width: 100%;\" src=\"https:\/\/emmaus-koeln.de\/photo\/c57461a1-4786-4f00-8fc2-20a0611270c1-1.jpg\" alt=\"cache_2447629469.jpg-t-1399892150.jpg\" title=\"cache_2447629469.jpg-t-1399892150.jpg\" loading=\"eager\" \/><\/a><a class=\"zrl\" href=\"https:\/\/emmaus-koeln.de\/photos\/info\/image\/3ae08b52-6a91-4170-80cd-3542b59bc02c\" target=\"_blank\" rel=\"nofollow noopener\"><img class=\"zrl\" style=\"max-width: 100%;\" src=\"https:\/\/emmaus-koeln.de\/photo\/3ae08b52-6a91-4170-80cd-3542b59bc02c-1.jpg\" alt=\"cache_2447629486.jpg-t-1399892195.jpg\" title=\"cache_2447629486.jpg-t-1399892195.jpg\" loading=\"eager\" \/><\/a><br \/><br \/>__<br \/><br \/><a class=\"zrl\" href=\"https:\/\/emmaus-koeln.de\/photos\/info\/image\/6c0ab036-45da-4c2f-a4a1-f09e683f0bd8\" target=\"_blank\" rel=\"nofollow noopener\"><img class=\"zrl\" style=\"max-width: 100%;\" src=\"https:\/\/emmaus-koeln.de\/photo\/6c0ab036-45da-4c2f-a4a1-f09e683f0bd8-1.jpg\" alt=\"cache_2447629601.jpg-t-1399892399.jpg\" title=\"cache_2447629601.jpg-t-1399892399.jpg\" loading=\"eager\" \/><\/a><\/div><\/div><br \/><\/div>","width":640,"height":426}

<div style="width: 640; height: 426; font-family: sans-serif,arial,freesans;" ><div id="shared_container_1346987946" class="shared_container"><div id="shared_header_1346987946" class="shared_header"><a href="https://emmaus-koeln.de/channel/info"><img src="https://emmaus-koeln.de/photo/profile/s/4" alt="Emmaus Köln" height="32" width="32" loading="lazy" /></a><span><a href="https://emmaus-koeln.de/channel/info">Emmaus Köln</a>  wrote the following  <a href="https://emmaus-koeln.de/display/1bc3bef4-a205-4e34-9a43-47e22c80f391">post </a><span class="autotime" title="2014-04-15T02:00:00+02:00">Tue, 15 Apr 2014 02:00:00 +0200</span></span></div><div id="reshared-content-1346987946" class="reshared-content"><strong>Brief aus der Ukraine April 2014</strong><br />Liebe Freunde,<br /><br />Nachfolgend zu unserem letzten Arbeitstreffen des polnischen – ukrainischen Collectives möchten wir euch heute mitteilen, wie wir die Weiterentwicklung von Emmaus in der Ukraine sehen , welche Bedürfnisse wir haben und wie uns Emmaus Europa mit seinen Mitgliedsgruppen unterstützen kann.<br /><br />Veranlasst durch die unsichere Situation in der Ukraine werden wir vor allem finanzielle Hilfen brauchen um unsere vielfältigen sozialen Aktionen aufrecht erhalten zu können. Dies betrifft Oselya und Nasha Khata.<br /><br />In der Zwischenzeit werden wir mit anderen ukrainischen NGOs bemüht sein, die Gesetzgebung hin zu einer Zivilgesellschaft zu beeinflussen. Vor allem sind wir da auf die Erfahrungen der polnischen Emmaus Gruppen angewiesen, die ja wichtige Erfahrungen auf diesem Gebiet gemacht haben.<br /><br />Wir werden weiterhin unsere wirtschaftlichen Aktivitäten der ukrainischen Wirklichkeit entsprechend entwickeln. Dafür bräuchten wir einige erfahrene Emmaus- Experten auf diesem Gebiet, die uns helfen, über andere Arbeiten nachzudenken, die unsere Existenz sichern können.<br /><br />Wir würden auch gerne jemanden zu einem Meeting einladen, der uns die Emmaus -Ideen und – Werte noch näher bringen kann, vor allem für neue Gruppen, die zur Zeit an Emmaus Interesse zeigen. Wir werden solche Meetings Anfang Mai in Oselya / Lwiw und Nasha Khata / Drohobych durchführen.<br /><br />Wir würden gerne Emmaus – Material in ukrainischer Sprache zu Verfügung haben, um noch effizienter die Emmaus- Ideen zu verbreiten. Wir würden diese auch nutzen können, wenn wir uns mit anderen ukrainischen NGO´s vor allem aus dem Osten des Landes treffen, wie wir es schon jetzt tun.<br /><br />Ein anderer Punkt:<br /><br />Austausch von Mitarbeitern und Compagnons von Emmaus.<br /><br />Wir hoffen, dass einige Emmaus- Gruppen auf diese Anfragen positiv antworten werden. Jede Gruppe/Gemeinschaft kann sich im Rahmen der jeweiligen Möglichkeiten engagieren. Wir schätzen jede Art von Engagement.<br /><br />Im Voraus vielen Dank und viele Grüße<br /><br /><a class="zrl" href="https://emmaus-koeln.de/photos/info/image/4fd41b52-d674-4ca2-8c71-78784dfb01f8" target="_blank" rel="nofollow noopener"><img class="zrl" style="max-width: 100%;" src="https://emmaus-koeln.de/photo/4fd41b52-d674-4ca2-8c71-78784dfb01f8-1.jpg" alt="cache_2447629071.jpg-t-1399891978.jpg" title="cache_2447629071.jpg-t-1399891978.jpg" loading="eager" /></a><a class="zrl" href="https://emmaus-koeln.de/photos/info/image/3d9a299c-ba3d-4e26-b9f9-ee5960f7b45c" target="_blank" rel="nofollow noopener"><img class="zrl" style="max-width: 100%;" src="https://emmaus-koeln.de/photo/3d9a299c-ba3d-4e26-b9f9-ee5960f7b45c-1.jpg" alt="cache_2447629075.jpg-t-1399891986.jpg" title="cache_2447629075.jpg-t-1399891986.jpg" loading="eager" /></a><a class="zrl" href="https://emmaus-koeln.de/photos/info/image/c57461a1-4786-4f00-8fc2-20a0611270c1" target="_blank" rel="nofollow noopener"><img class="zrl" style="max-width: 100%;" src="https://emmaus-koeln.de/photo/c57461a1-4786-4f00-8fc2-20a0611270c1-1.jpg" alt="cache_2447629469.jpg-t-1399892150.jpg" title="cache_2447629469.jpg-t-1399892150.jpg" loading="eager" /></a><a class="zrl" href="https://emmaus-koeln.de/photos/info/image/3ae08b52-6a91-4170-80cd-3542b59bc02c" target="_blank" rel="nofollow noopener"><img class="zrl" style="max-width: 100%;" src="https://emmaus-koeln.de/photo/3ae08b52-6a91-4170-80cd-3542b59bc02c-1.jpg" alt="cache_2447629486.jpg-t-1399892195.jpg" title="cache_2447629486.jpg-t-1399892195.jpg" loading="eager" /></a><br /><br />__<br /><br /><a class="zrl" href="https://emmaus-koeln.de/photos/info/image/6c0ab036-45da-4c2f-a4a1-f09e683f0bd8" target="_blank" rel="nofollow noopener"><img class="zrl" style="max-width: 100%;" src="https://emmaus-koeln.de/photo/6c0ab036-45da-4c2f-a4a1-f09e683f0bd8-1.jpg" alt="cache_2447629601.jpg-t-1399892399.jpg" title="cache_2447629601.jpg-t-1399892399.jpg" loading="eager" /></a></div></div><br /></div>
