{"type":"rich","html":"<div style=\"width: 640; height: 426; font-family: sans-serif,arial,freesans;\" ><div id=\"shared_container_2022955140\" class=\"shared_container\"><div id=\"shared_header_2022955140\" class=\"shared_header\"><a href=\"https:\/\/emmaus-koeln.de\/channel\/info\"><img src=\"https:\/\/emmaus-koeln.de\/photo\/profile\/s\/4\" alt=\"Emmaus K\u00f6ln\" height=\"32\" width=\"32\" loading=\"lazy\" \/><\/a><span><a href=\"https:\/\/emmaus-koeln.de\/channel\/info\">Emmaus K\u00f6ln<\/a>  wrote the following  <a href=\"https:\/\/emmaus-koeln.de\/display\/169b80d8-f054-484f-ba96-b2fcc8acd2b4\">post <\/a><span class=\"autotime\" title=\"2016-09-06T22:15:34+02:00\">Tue, 06 Sep 2016 22:15:34 +0200<\/span><\/span><\/div><div id=\"reshared-content-2022955140\" class=\"reshared-content\"><strong>Offener Brief der europ\u00e4ischen Emmaus - Gemeinschaften Manchester 2016<\/strong><br \/>An den Pr\u00e4sidenten des Europ\u00e4ischen Rates <br \/>An den Pr\u00e4sidenten des Europ\u00e4ischen Parlaments<br \/>An alle Staatsoberh\u00e4upter der EU<br \/><br \/>Sehr geehrte Damen und Herren,<br \/><br \/>Angesichts der extremen Zust\u00e4nde, die Frauen, M\u00e4nner, Kinder dazu zwingen, ihr Land zu verlassen und sich in Lebensgefahr zu begeben,weil sie versuchen nach Europa zu kommen, m\u00f6chten wir eindeutig unsere Entr\u00fcstung kundtun, was die Behandlung der Migranten und Fl\u00fcchtlingen in Europa betrifft.<br \/><br \/>Repr\u00e4sentanten von Emmaus in Europa, stellvertretend f\u00fcr 20 000 Akteure in 17 L\u00e4ndern haben sich in Manchester vom 3. bis zum 6. September 2015 zu unserer Regionalversammlung getroffen und stellen fest:<br \/><br \/>Diese Behandlung von Migranten und Fl\u00fcchtlingen ist nicht nur inakzeptabel, sie steht auch im krassen Gegensatz zu der Allgemeinen Erkl\u00e4rung der Menschenrechte, insbesondere zu Artikel 13, und zu der Genfer Konvention.<br \/><br \/>Wir m\u00f6chten Sie daran erinnern, dass Ihre Staaten unter den ersten Unterzeichnenden o.g. Internationaler Abkommen gewesen sind.<br \/><br \/>Angesichts dieser Situation fordern wir Sie inst\u00e4ndig auf:<br \/><br \/><ul class=\"listbullet\"><li> sichere Wege auf europ\u00e4ischem Boden f\u00fcr Migranten und Fl\u00fcchtlinge gem\u00e4\u00df des Internationalen und europ\u00e4ischen Rechts zu \u00f6ffnen,<\/li><li> Strukturen zu schaffen, die den Empfang der Migranten und Fl\u00fcchtlinge m\u00f6glich machen, basierend auf der Solidarit\u00e4t der europ\u00e4ischen Unionspartner. Dazu k\u00f6nnen zum Beispiel die Ma\u00dfnahmen aktiviert werden, die in einer europ\u00e4ischen Richtlinie vom 20. Juli 2001 festgelegt wurden, den vor\u00fcbergehenden Schutz im Falle einer massiven Ankunft von Migranten betreffend. Das Aufnehmen dieser Menschen soll \u00fcberall in Europa w\u00fcrdig sein und gerecht unter den Mitgliedsstaaten verteilt werden.<\/li><li>Sich f\u00fcr eine Reform des Asylrechts zu engagieren und dabei auf Dublin III zu verzichten,<\/li><\/ul><br \/>Unsererseits versprechen wir, lokale, gew\u00e4hlte Politiker in unseren jeweiligen L\u00e4ndern zu kontaktieren, um ihnen zu helfen, den Migranten und Fl\u00fcchtlingen einen w\u00fcrdigen Empfang vorzubereiten, dank unserer langj\u00e4hrigen Erfahrung in dieser Problematik.<br \/><br \/><h2><strong>\u201eMeine Freunde, zur Hilfe, ein Kind ist unmittelbar vor der T\u00fcr Europas gestorben!\u201c<\/strong><\/h2><br \/>Willi Does\/ Pr\u00e4sident Emmaus Europa<\/div><\/div><br \/><\/div>","width":640,"height":426}

<div style="width: 640; height: 426; font-family: sans-serif,arial,freesans;" ><div id="shared_container_2022955140" class="shared_container"><div id="shared_header_2022955140" class="shared_header"><a href="https://emmaus-koeln.de/channel/info"><img src="https://emmaus-koeln.de/photo/profile/s/4" alt="Emmaus Köln" height="32" width="32" loading="lazy" /></a><span><a href="https://emmaus-koeln.de/channel/info">Emmaus Köln</a>  wrote the following  <a href="https://emmaus-koeln.de/display/169b80d8-f054-484f-ba96-b2fcc8acd2b4">post </a><span class="autotime" title="2016-09-06T22:15:34+02:00">Tue, 06 Sep 2016 22:15:34 +0200</span></span></div><div id="reshared-content-2022955140" class="reshared-content"><strong>Offener Brief der europäischen Emmaus - Gemeinschaften Manchester 2016</strong><br />An den Präsidenten des Europäischen Rates <br />An den Präsidenten des Europäischen Parlaments<br />An alle Staatsoberhäupter der EU<br /><br />Sehr geehrte Damen und Herren,<br /><br />Angesichts der extremen Zustände, die Frauen, Männer, Kinder dazu zwingen, ihr Land zu verlassen und sich in Lebensgefahr zu begeben,weil sie versuchen nach Europa zu kommen, möchten wir eindeutig unsere Entrüstung kundtun, was die Behandlung der Migranten und Flüchtlingen in Europa betrifft.<br /><br />Repräsentanten von Emmaus in Europa, stellvertretend für 20 000 Akteure in 17 Ländern haben sich in Manchester vom 3. bis zum 6. September 2015 zu unserer Regionalversammlung getroffen und stellen fest:<br /><br />Diese Behandlung von Migranten und Flüchtlingen ist nicht nur inakzeptabel, sie steht auch im krassen Gegensatz zu der Allgemeinen Erklärung der Menschenrechte, insbesondere zu Artikel 13, und zu der Genfer Konvention.<br /><br />Wir möchten Sie daran erinnern, dass Ihre Staaten unter den ersten Unterzeichnenden o.g. Internationaler Abkommen gewesen sind.<br /><br />Angesichts dieser Situation fordern wir Sie inständig auf:<br /><br /><ul class="listbullet"><li> sichere Wege auf europäischem Boden für Migranten und Flüchtlinge gemäß des Internationalen und europäischen Rechts zu öffnen,</li><li> Strukturen zu schaffen, die den Empfang der Migranten und Flüchtlinge möglich machen, basierend auf der Solidarität der europäischen Unionspartner. Dazu können zum Beispiel die Maßnahmen aktiviert werden, die in einer europäischen Richtlinie vom 20. Juli 2001 festgelegt wurden, den vorübergehenden Schutz im Falle einer massiven Ankunft von Migranten betreffend. Das Aufnehmen dieser Menschen soll überall in Europa würdig sein und gerecht unter den Mitgliedsstaaten verteilt werden.</li><li>Sich für eine Reform des Asylrechts zu engagieren und dabei auf Dublin III zu verzichten,</li></ul><br />Unsererseits versprechen wir, lokale, gewählte Politiker in unseren jeweiligen Ländern zu kontaktieren, um ihnen zu helfen, den Migranten und Flüchtlingen einen würdigen Empfang vorzubereiten, dank unserer langjährigen Erfahrung in dieser Problematik.<br /><br /><h2><strong>„Meine Freunde, zur Hilfe, ein Kind ist unmittelbar vor der Tür Europas gestorben!“</strong></h2><br />Willi Does/ Präsident Emmaus Europa</div></div><br /></div>
