{"type":"rich","html":"<div style=\"width: 640; height: 426; font-family: sans-serif,arial,freesans;\" ><div id=\"shared_container_287290682\" class=\"shared_container\"><div id=\"shared_header_287290682\" class=\"shared_header\"><a href=\"https:\/\/emmaus-koeln.de\/channel\/info\"><img src=\"https:\/\/emmaus-koeln.de\/photo\/profile\/s\/4\" alt=\"Emmaus K\u00f6ln\" height=\"32\" width=\"32\" loading=\"lazy\" \/><\/a><span><a href=\"https:\/\/emmaus-koeln.de\/channel\/info\">Emmaus K\u00f6ln<\/a>  wrote the following  <a href=\"https:\/\/emmaus-koeln.de\/display\/118084c7-c02d-4040-a2e0-c52d2a2fb089\">post <\/a><span class=\"autotime\" title=\"2018-04-15T09:45:46+02:00\">Sun, 15 Apr 2018 09:45:46 +0200<\/span><\/span><\/div><div id=\"reshared-content-287290682\" class=\"reshared-content\"><strong>Erkl\u00e4rung von Emmaus Europa zur Europa- Migrationspolitik<\/strong><br \/>Nach Ablauf des 2. Weltkriegs galt es, in Europa einen Raum dauerhaften Friedens zu schaffen. 2012 wurde der Friedens-Nobel-Preis der Europ\u00e4ischen Union verliehen, der Pr\u00e4sident des Nobel-Komitees sagte:<br \/><br \/>\u201eDie Europ\u00e4ische Union hat einen Betrag geleistet zu Befriedung und Vers\u00f6hnung, f\u00fcr Demokratie und Menschenrechte in Europa\u201c<br \/><br \/><strong>Unsere Situation heute:<\/strong><br \/><br \/>Europ\u00e4ische Emmaus Gruppen trafen sich in Bosnien-Herzegovina und Kroatien<br \/><br \/>und wurden Zeugen dessen, was t\u00e4glich im Land zu beobachten ist:<br \/><br \/><strong>Europa verliert seine ureigene Seele.<\/strong><br \/><br \/>Die Europ\u00e4ische Union<br \/><br \/><ul class=\"listbullet\">[<em>]schafft europ\u00e4ische Regelungen, die den Respekt vor Menschenrecht und internationalem Recht einschr\u00e4nken<br \/>[<\/em>]schreitet nicht ein, wenn Mitgliedsstaaten Menschenrechte verletzen<br \/>[<em>]erkl\u00e4rt Migranten den Widerstand<br \/>[<\/em>]setzt Migranten in Untersuchungshaftanstalten fest<br \/>[<em>]bewehrt Grenzverl\u00e4ufe mit Stacheldrahtz\u00e4unen<br \/>[<\/em>]unterscheidet die Menschen in Wirtschaftsfl\u00fcchtlinge und Asylsuchende<br \/>[<em>]akzeptiert den freien Umlauf von Geld und G\u00fctern, aber verweigert Freiz\u00fcgigkeit den Menschen.<br \/>[<\/em>]kriminalisiert EU-B\u00fcrger und Vereinigungen, die Migranten unterst\u00fctzen<br \/>[<em>]hat den Geist von Demokratie verloren und seine Verantwortlichkeit f\u00fcr die Asylverfahren<br \/>[<\/em>]gestaltet eine Migrationspolitik, welche Zentren f\u00fcr Migrationsverfahren und Internierungslager errichtet<br \/>[<em>]rechtfertigt ihre t\u00f6dliche Migrationspolitik mit der Ansage, dass diese ein Schutzwall gegen rechte Tendenzen sei, obwohl die Ansagen der Migrationsgegner diese bekanntlich verst\u00e4rken.<br \/>[<\/em>]unterzeichnet bilaterale Abkommen mit Drittl\u00e4ndern, um nationales Migrationsrecht zu kontrollieren. Drittstaatler werden unterdr\u00fcckt und ihrer M\u00f6glichkeit beraubt, eine Asylanerkennung zu erreichen,<br \/>[<em>]gibt Grenzmanagements ab, die auf formaler K\u00fcstenwache basiert,<br \/>[<\/em>]unterzeichnet Untervertr\u00e4ge, privatisiert und vernachl\u00e4ssigt seine Verantwortlichkeiten.<li>schlie\u00dft informelle Abkommen au\u00dferhalb der gesetzlichen und demokratischen Prozesse.<\/ul><br \/>Es gibt keine Migrationskrise, vielmehr gibt es ein Problem bei der Aufnahme, das sich zu einer Krise des Gewissens entwickelt<br \/><br \/><strong>Emmaus,<\/strong> seit 1954 in 19 europ\u00e4ischen Staaten bedingungsloser Anbieter von Unterkunft und Hilfen, wiederholt, dass kein Mensch illegal ist, und <strong>fordert:<\/strong><br \/><br \/><ul class=\"listbullet\">[<em>]direkten Kontakt und Verbindung zu Mitgliedern der Migrantengemeinschaft, um k\u00fcnftig eine praktische Migrationspolitik zu schaffen, denn Migranten sind Experten mit Eigenerfahrung.<br \/>[<\/em>]\u00dcbereinstimmung mit Artikel 1 der Menschenrechte, der besagt, dass alle Menschen frei und gleich geboren sind mit W\u00fcrde und Rechten, und Artikel 13 der besagt, dass jedermann das Recht der Freiz\u00fcgigkeit und Niederlassung innerhalb der staatlichen Grenzen hat, jederzeit auch sein Land verlassen darf und wieder zur\u00fcckkehren.<br \/>[<em>]die Aufhebung der Dublin Regelung und \u00dcbereinstimmung mit dem Fl\u00fcchtlingsstatus der Genfer Konvention von 1951<br \/>[<\/em>]Stopp unmenschlicher und entw\u00fcrdigender Behandlung von Migranten<br \/>[<em>]Seerettungsschiffen grunds\u00e4tzlich das Festmachen in allen europ\u00e4ischen L\u00e4ndern erlauben<br \/>[<\/em>]endg\u00fcltige Einstellung der Verhandlungen zur Schaffung von Auffanglagern f\u00fcr Migranten. Dementsprechend wurde in der Nacht vom 28.\/29. Juni 2018 von den 28 Mitgliedstaaten ein Abkommen erreicht.<br \/>[<em>]die Europ\u00e4ische Union bekennt sich zum Frieden. Sie muss Konflikte abwehren und gegen Waffenhandel aktivieren.<br \/>[<\/em>]unseren gesellschaftlichen Ausw\u00fcchsen entsprechend muss die Erkl\u00e4rung der Menschenrechte als eine Sache h\u00f6chster Dringlichkeit aufgelegt und in unsere Werte aufgenommen werden. Menschenrechte gelten in Europa und auf der ganzen Welt.<\/ul><br \/><strong>Abb\u00e8 Pierre:<\/strong><br \/><br \/>\u201eGewalt ist blind und die meisten Notlagen leben in aller Stille. Wie kann man jene, die diese erfahren m\u00fcssen und jene, die dagegen halten k\u00f6nnen, zusammenbringen?\u201c<br \/><br \/>Emmaus Europa<br \/><br \/>Collectiv \u2013 Migration<br \/><br \/>Der Pr\u00e4sident<br \/><br \/>\u00dcbersetzung: G.Bornefeld<\/div><\/div><br \/><\/div>","width":640,"height":426}

<div style="width: 640; height: 426; font-family: sans-serif,arial,freesans;" ><div id="shared_container_287290682" class="shared_container"><div id="shared_header_287290682" class="shared_header"><a href="https://emmaus-koeln.de/channel/info"><img src="https://emmaus-koeln.de/photo/profile/s/4" alt="Emmaus Köln" height="32" width="32" loading="lazy" /></a><span><a href="https://emmaus-koeln.de/channel/info">Emmaus Köln</a>  wrote the following  <a href="https://emmaus-koeln.de/display/118084c7-c02d-4040-a2e0-c52d2a2fb089">post </a><span class="autotime" title="2018-04-15T09:45:46+02:00">Sun, 15 Apr 2018 09:45:46 +0200</span></span></div><div id="reshared-content-287290682" class="reshared-content"><strong>Erklärung von Emmaus Europa zur Europa- Migrationspolitik</strong><br />Nach Ablauf des 2. Weltkriegs galt es, in Europa einen Raum dauerhaften Friedens zu schaffen. 2012 wurde der Friedens-Nobel-Preis der Europäischen Union verliehen, der Präsident des Nobel-Komitees sagte:<br /><br />„Die Europäische Union hat einen Betrag geleistet zu Befriedung und Versöhnung, für Demokratie und Menschenrechte in Europa“<br /><br /><strong>Unsere Situation heute:</strong><br /><br />Europäische Emmaus Gruppen trafen sich in Bosnien-Herzegovina und Kroatien<br /><br />und wurden Zeugen dessen, was täglich im Land zu beobachten ist:<br /><br /><strong>Europa verliert seine ureigene Seele.</strong><br /><br />Die Europäische Union<br /><br /><ul class="listbullet">[<em>]schafft europäische Regelungen, die den Respekt vor Menschenrecht und internationalem Recht einschränken<br />[</em>]schreitet nicht ein, wenn Mitgliedsstaaten Menschenrechte verletzen<br />[<em>]erklärt Migranten den Widerstand<br />[</em>]setzt Migranten in Untersuchungshaftanstalten fest<br />[<em>]bewehrt Grenzverläufe mit Stacheldrahtzäunen<br />[</em>]unterscheidet die Menschen in Wirtschaftsflüchtlinge und Asylsuchende<br />[<em>]akzeptiert den freien Umlauf von Geld und Gütern, aber verweigert Freizügigkeit den Menschen.<br />[</em>]kriminalisiert EU-Bürger und Vereinigungen, die Migranten unterstützen<br />[<em>]hat den Geist von Demokratie verloren und seine Verantwortlichkeit für die Asylverfahren<br />[</em>]gestaltet eine Migrationspolitik, welche Zentren für Migrationsverfahren und Internierungslager errichtet<br />[<em>]rechtfertigt ihre tödliche Migrationspolitik mit der Ansage, dass diese ein Schutzwall gegen rechte Tendenzen sei, obwohl die Ansagen der Migrationsgegner diese bekanntlich verstärken.<br />[</em>]unterzeichnet bilaterale Abkommen mit Drittländern, um nationales Migrationsrecht zu kontrollieren. Drittstaatler werden unterdrückt und ihrer Möglichkeit beraubt, eine Asylanerkennung zu erreichen,<br />[<em>]gibt Grenzmanagements ab, die auf formaler Küstenwache basiert,<br />[</em>]unterzeichnet Unterverträge, privatisiert und vernachlässigt seine Verantwortlichkeiten.<li>schließt informelle Abkommen außerhalb der gesetzlichen und demokratischen Prozesse.</ul><br />Es gibt keine Migrationskrise, vielmehr gibt es ein Problem bei der Aufnahme, das sich zu einer Krise des Gewissens entwickelt<br /><br /><strong>Emmaus,</strong> seit 1954 in 19 europäischen Staaten bedingungsloser Anbieter von Unterkunft und Hilfen, wiederholt, dass kein Mensch illegal ist, und <strong>fordert:</strong><br /><br /><ul class="listbullet">[<em>]direkten Kontakt und Verbindung zu Mitgliedern der Migrantengemeinschaft, um künftig eine praktische Migrationspolitik zu schaffen, denn Migranten sind Experten mit Eigenerfahrung.<br />[</em>]Übereinstimmung mit Artikel 1 der Menschenrechte, der besagt, dass alle Menschen frei und gleich geboren sind mit Würde und Rechten, und Artikel 13 der besagt, dass jedermann das Recht der Freizügigkeit und Niederlassung innerhalb der staatlichen Grenzen hat, jederzeit auch sein Land verlassen darf und wieder zurückkehren.<br />[<em>]die Aufhebung der Dublin Regelung und Übereinstimmung mit dem Flüchtlingsstatus der Genfer Konvention von 1951<br />[</em>]Stopp unmenschlicher und entwürdigender Behandlung von Migranten<br />[<em>]Seerettungsschiffen grundsätzlich das Festmachen in allen europäischen Ländern erlauben<br />[</em>]endgültige Einstellung der Verhandlungen zur Schaffung von Auffanglagern für Migranten. Dementsprechend wurde in der Nacht vom 28./29. Juni 2018 von den 28 Mitgliedstaaten ein Abkommen erreicht.<br />[<em>]die Europäische Union bekennt sich zum Frieden. Sie muss Konflikte abwehren und gegen Waffenhandel aktivieren.<br />[</em>]unseren gesellschaftlichen Auswüchsen entsprechend muss die Erklärung der Menschenrechte als eine Sache höchster Dringlichkeit aufgelegt und in unsere Werte aufgenommen werden. Menschenrechte gelten in Europa und auf der ganzen Welt.</ul><br /><strong>Abbè Pierre:</strong><br /><br />„Gewalt ist blind und die meisten Notlagen leben in aller Stille. Wie kann man jene, die diese erfahren müssen und jene, die dagegen halten können, zusammenbringen?“<br /><br />Emmaus Europa<br /><br />Collectiv – Migration<br /><br />Der Präsident<br /><br />Übersetzung: G.Bornefeld</div></div><br /></div>
