{"type":"rich","html":"<div style=\"width: 640; height: 426; font-family: sans-serif,arial,freesans;\" ><div id=\"shared_container_755894801\" class=\"shared_container\"><div id=\"shared_header_755894801\" class=\"shared_header\"><a href=\"https:\/\/emmaus-koeln.de\/channel\/info\"><img src=\"https:\/\/emmaus-koeln.de\/photo\/profile\/s\/4\" alt=\"Emmaus K\u00f6ln\" height=\"32\" width=\"32\" loading=\"lazy\" \/><\/a><span><a href=\"https:\/\/emmaus-koeln.de\/channel\/info\">Emmaus K\u00f6ln<\/a>  wrote the following  <a href=\"https:\/\/emmaus-koeln.de\/display\/0219e6bb-9212-4148-8358-741ee0605dc4\">post <\/a><span class=\"autotime\" title=\"2020-01-15T16:57:10+01:00\">Wed, 15 Jan 2020 16:57:10 +0100<\/span><\/span><\/div><div id=\"reshared-content-755894801\" class=\"reshared-content\"><strong>T\u00e4tigkeitsbericht der Emmaus-Gemeinschaft in K\u00f6ln 2019<\/strong><br \/>Gemeinschaft \/ Personalsituation:<br \/><br \/>In 2019 bestand die Gemeinschaft aus 10-12 Compagnons und 3 Responsables. Seit Dezember ist Vlad Wiersbiecki mit Familie in der Gemeinschaft. Vlad z.Z. als Compagnon, seine Lebensgef\u00e4hrtin arbeitet als Kinderg\u00e4rtnerin au\u00dferhalb. Ein Vertrag auf ein Jahr mit Option auf Verl\u00e4ngerung ist f\u00fcr 2020 als Adjoint der Leitung vorgesehen.<br \/>Zu Anfang des Jahres 2019 wurden die Arbeits-\/Ausbildungsvertr\u00e4ge mit zwei externen Mitarbeitern beendet.<br \/><br \/>Wie auch schon im letzten Jahr besuchten Schulklassen, Praktikanten der BenedictSchool den Betrieb und die Gemeinschaft, um sich mit der t\u00e4glichen Arbeit im Betrieb und am Appellhofplatz und mit dem Leben innerhalb der Gemeinschaft vertraut zu machen. Im November nahmen 2 Praktikanten\/Ausbildung zum Erzieher aus Trier an unserer Arbeit teil.<br \/><br \/>Arbeiten \/ Wirtschaftliches: Die Gesamteinnahmen aus dem Verkauf in den drei Verkaufsstellen beliefen sich wie folgt:<br \/><br \/>Geestem\u00fcnderstr.: 386.000 \u20ac<br \/><br \/>M\u00f6bel 109.000<br \/>Hausrat 50.000<br \/><br \/>Kleider 90.000<br \/>Elektroartikel 56.000<br \/>B\u00fccher 43.000<br \/>Weissw\u00e4sche 7.000<br \/>Spielzeug 14.500<br \/>Bilder 10.000<br \/>Fahrr\u00e4der 6.500<br \/><br \/>M\u00f6belhalle Riehl 75.000 \u20ac<br \/><br \/>M\u00f6bel 29.000<br \/>Kleider 18.000<br \/>Hausrat 12.500<br \/>B\u00fccher 9.000<br \/>Elektroartikel 6.500<br \/><br \/>Laden Nippes 18.100 \u20ac<br \/><br \/>Weitere Einnahmen:<br \/><br \/>Verkauf von \u00fcbersch\u00fcssigen Kleiders\u00e4cken seit M\u00e4rz 2019 an TEXAID: ca 50t \/ Einnahmen ca 3.800,- \u20ac Weitere kleinere Einnahmen durch Schrott und Papier\/ Pappe. Werden mit den Container-Standgeb\u00fchren verrechnet.<br \/><br \/>Spenden:<br \/><br \/>Wahrscheinlich auch bedingt durch das 60.-j\u00e4hrige Bestehen von Emmaus K\u00f6ln wurde uns aus Anlass der \u201eK\u00f6lner Lichter\u201c im Juli 2019 eine Spende von 56.000,- \u20ac zuteil. Mit anderen Spenden in H\u00f6he von ca. 10.000,- \u20ac war es m\u00f6glich, ein strukturelles Defizit von ca 30.000,- \u20ac auszugleichen und auch die Restsummen zur Finanzierung der Photovoltaik-Anlage zu begleichen.<br \/><br \/>Wareneingang:<br \/><br \/>Emmaus t\u00e4tigt seine Abholungen seit Jahren konzentriert im K\u00f6lner Norden. Daher hat gerade die Warenannahme\/-abgabe direkt an unseren Verkaufsstellen signifant zugenommen. Einher ging auch eine Zunahme der Menge an Restm\u00fclll.<br \/><br \/>Abholungen: ca 5 am Tag an 5 Tagen die Woche in 50 Wochen.<br \/><br \/>Aktionen\/ Netzwerke:<br \/><br \/>Teilnahme am Suppenk\u00fcchentreffen Anfang M\u00e4rz. Sonderverkauf an Aprilwochenende: Salon in Lille. Sonderverkauf in Paris von Emmaus International allj\u00e4hrliche Beteiligung der Emmaus-Gemeinschaft am Familienflohmarkt im Lachemer Weg, mit eigenem Verkaufsstand und musikalischem Mitwirken. Teilnahme des \u201eEmmaus-L\u00e4dchens\u201c in Nippes am \u201eBlauen Abend in Nippes\u201c im September.<br \/><br \/>Musik und Kultur in der \u201eM\u00f6belhalle Riehl\u201c<br \/><br \/>Netzwerk 2.Hand F\u00fcr K\u00f6ln \u2013 Kleidung und mehr...':<br \/><br \/>Weitere Treffen zum Thema: Fl\u00e4chendeckende Versorgung und Darbietung von Abgabem\u00f6glichkeiten der K\u00f6lner Bev\u00f6lkerung von SecondHand-Artikeln. Gemeinsame Aktion mit \u201eAK Umbruch\u201c \/ jetzt \u201eStra\u00dfennetz\u201c und weiteren Einrichtungen und Vereinen zum Nikolaustag am 5.12.2018<br \/><br \/>Regelm\u00e4\u00dfige Treffen auf lokaler Ebene: Netzwerk Secondhand in K\u00f6ln\/ Strassennetz\/ Seniorennetzwerk Niehl\/Suppenk\u00fcchen NRW Zum Welttag zur Bek\u00e4mpfung der Armut gibt das Suppenk\u00fcchennetzwerk NRW eine gemeinsame Erkl\u00e4rung zur Bek\u00e4mpfung von Wohnungslosigkeit heraus.<br \/><br \/>Emmaus-Deutschland<br \/><br \/>Die Arbeit der einzelnen Gruppen unter- und miteinander verl\u00e4uft wie schon in den letzten Jahren zufriedenstellend, wodurch gemeinsame Treffen sowie Sonderverk\u00e4ufe verwirklicht werden konnten.<br \/><br \/>Emmaus-Sonsbeck: Durch gemeinsame Anstrengungen der Emmaus Gruppen Krefeld und K\u00f6ln konnte die Situation stabilisiert werden. Willi Does ist seit 2019 Mitglied im dortigen Tr\u00e4gerverein<br \/><br \/>Emmaus-Stuttgart: Diese Gruppe ist seit ca 10 Jahren nicht mehr aktiv nach der Erkrankung von Uli Newerla. Es bestehen noch einige vage Kontakte. Zur Erinnerung: Die Stuttgarter Gruppe stellte Emmaus Deutschland den Betrag von 90.000,- \u20ac zur Verf\u00fcgung, um die Aktivit\u00e4ten der deutschen Gruppen zu stabilisieren. Beschluss von Emmaus International: Die Gruppe wird ausgeschlossen, kann aber ihren Namen weiterhin nutzen, da Mietvertr\u00e4ge f\u00fcr Ex-Compagnons auf den Namen Emmaus laufen.<br \/><br \/>Hilfstransporte\/ Solidarit\u00e4t<br \/><br \/>In 2019 konnten 7 Hilfstransporte mit jeweils circa 12-18 Tonnen Gebrauchtwaren (\u00fcberwiegend Kleidung, M\u00f6bel, Hausrat, Spielzeug und Elektroartikel) nach Osteuropa geschickt werden: 2x Lublin\/Polen, 2x Nowy Sacz\/Polen, 3x Rzeszow\/Polen (April\/August). Transportkosten: ca. 11.500,- \u20ac, die aus den Einnahmen get\u00e4tigt werden. Es gibt Anfragen vor allem an Kleidern aus Georgien und Elfenbeink\u00fcste.<br \/><br \/>Emmaus-Europa\/ Emmaus International<br \/><br \/>Seit Jahren bietet die Emmaus Gemeinschaft in K\u00f6ln die M\u00f6glichkeit, Seminare durchzuf\u00fchren. 12-15 Teilnehmer pro Seminar aus dem europ\u00e4ischen Ausland tauschen sich aus und lernen die Geschichte von Emmaus, den Arbeitsansatz, Werte und Ziele kennen. Erfolgreiche Seminartage im \u201eBlauen Saal\u201c im Lachemer Weg \u00fcber die Werte und Geschichte von Emmaus.<br \/><br \/>In 2019 wurde auf allen Treffen der europ\u00e4ischen Gruppen festgestellt, dass es eine eindeutige neokonservative und neonationalistische Tendenz in Europa gibt, vor allem wenn man sich die Wahlen der letzten Jahre ansieht. Es steht zu bef\u00fcrchten, dass in allen Gesellschaften, so auch in Deutschland, die Schere zwischen Arm und Reich immer weiter aufgeht, dass das Realeinkommen der unteren Gesellschaftsschichten immer geringer wird, dass Arme noch mehr ausgegrenzt, ja sogar manchmal kriminalisiert werden.<br \/><br \/>Emmaus Europa versuchte weiterhin in 2019 , die Arbeitsweise einer solidarischen \u00d6konomie bei vielen Gelegenheiten herauszustellen und zu unterstreichen, dass eine Wirtschaft im Interesse von allen m\u00f6glich und erstrebenswert bleiben muss. <br \/>Am 24. Mai : 50.- j\u00e4hriges Jubil\u00e4um der Verabschiedung des \u201e Internationalen Universalen Manifestes\u201c in Bern, d.h. am gleichen Ort im Schweizer Bundeshaus. Dieses Datum ist eigentlich die Gr\u00fcndung von Emmaus International. Teilnahme Johannes Krautkr\u00e4mer und Willi Does. Johannes Krautkr\u00e4mer war im \u00dcbrigen vor 50 Jahren mit 4 anderen aus K\u00f6ln Gr\u00fcndungsmitglied.<br \/><br \/>Ende Oktober 2019: Regionalversammlung von Emmaus Europa in San Sebastian\/ Spanien mit dem Ende des Mandats von Willi Does als Pr\u00e4sident. Bei dieser Sitzung betont Willi Does als scheidender Pr\u00e4sident noch einmal, dass wir im Erbe von Abb\u00e9 Pierre bleiben, und den Einsatz verst\u00e4rken m\u00fcssen im Interesse der Stimm- und Machtlosen. Es geht immer wieder und immer noch darum, die Grundbed\u00fcrfnisse aller Menschen nach einem w\u00fcrdevollen Leben zu verwirklichen: Mit dem Recht auf menschenw\u00fcrdiges Wohnen, Arbeiten, Ern\u00e4hrung, Gesundheit und Bildung.<br \/><br \/>Jubil\u00e4um September 2019\/ 60 Jahre Emmaus in K\u00f6ln<br \/><br \/>Da die finanzielle und personelle Situation Jubli\u00e4umsjahr einigerma\u00dfen angespannt war, konnte nur ein etwas \u201ebescheideneres\u201c Fest am 14.\/15.September organisiert werden. Mit Hilfe vieler Ehrenamtlicher und der Unterst\u00fctzung von Lino-Club entstand ein dichtes Wochenendprogramm mit G\u00e4sten aus Benin, Indien und Polen. Des Weiteren konnte die Emmaus Photovoltaik-Anlage offiziell eingeweiht werden. Olli Eischeid begr\u00fc\u00dfte u.a. Vertreter von Priogo (als ausf\u00fchrendes Unternehmen) und den Bezirksb\u00fcrgermeister Bernd Sch\u00f6ssler. Im Vorfeld des Jubil\u00e4ums hatte Emmaus gute Presseberichte in <br \/>ZDF\/RTL\/Wochenspiegel\/Draussenseiter\/Kirchenzeitung K\u00f6ln.<br \/><br \/>Zwei Plakate zum 60.-j\u00e4hrigen Bestehen wurden entworfen von Bernd Eischeid und Vladislas Wierzbiecki.<br \/><br \/>Ausblick\/ Perspektiven\/ Probleme:<br \/><br \/>Wir m\u00fcssen festhalten und uns immer wieder in Erinnerung rufen, wie viele Menschen sich in dieser langen Zeit f\u00fcr Emmaus K\u00f6ln engagiert haben, auf dem LKW gefahren sind, Kleider, B\u00fccher und Hausrat sortiert haben, hinter den Verkaufstheken und an der Kasse gestanden haben, Essen f\u00fcr Bed\u00fcrftige gekocht und verteilt haben. Wir m\u00fcssen uns aber auch fragen, welche Perspektiven wir f\u00fcr die Zukunft entwickeln m\u00fcssen, um in einer sich immer mehr aufspaltenden Gesellschaft in Arm und Reich, in Privilegierte und Ausgegrenzte die richtigen Antworten zu finden. Wir m\u00fcssen uns fragen, ob wir die richtigen Ans\u00e4tze haben zu den Fragen unserer Zeit: Klimaver\u00e4nderungen und den damit verbundenen Problemen von Migration, Konsumverhalten in unserem Alltag, ( Essen und Transportm\u00f6glichkeiten). Geben wir die richtigen Antworten auf die Zukunft der nachkommenden Generationen?<br \/><br \/>Der Versuch einer Antwort: Wir sollten uns unsere vielleicht kleinen Ans\u00e4tze eines bescheideneren Lebensstils, der Wiederverwertung von \u201eM\u00fcll\u201c und dem Respekt vor so vielen verschiedenen Menschen in unserem Gemeinschaftsalltag mehr bewusst werden und den sog. kleinen Alltag als das sehen, was er ist: Der Versuch, eine andere Lebens- und Arbeitsform zu verwirklichen und zu zeigen.<br \/><br \/>Willi Does ( Januar 2020)<\/div><\/div><br \/><\/div>","width":640,"height":426}

<div style="width: 640; height: 426; font-family: sans-serif,arial,freesans;" ><div id="shared_container_755894801" class="shared_container"><div id="shared_header_755894801" class="shared_header"><a href="https://emmaus-koeln.de/channel/info"><img src="https://emmaus-koeln.de/photo/profile/s/4" alt="Emmaus Köln" height="32" width="32" loading="lazy" /></a><span><a href="https://emmaus-koeln.de/channel/info">Emmaus Köln</a>  wrote the following  <a href="https://emmaus-koeln.de/display/0219e6bb-9212-4148-8358-741ee0605dc4">post </a><span class="autotime" title="2020-01-15T16:57:10+01:00">Wed, 15 Jan 2020 16:57:10 +0100</span></span></div><div id="reshared-content-755894801" class="reshared-content"><strong>Tätigkeitsbericht der Emmaus-Gemeinschaft in Köln 2019</strong><br />Gemeinschaft / Personalsituation:<br /><br />In 2019 bestand die Gemeinschaft aus 10-12 Compagnons und 3 Responsables. Seit Dezember ist Vlad Wiersbiecki mit Familie in der Gemeinschaft. Vlad z.Z. als Compagnon, seine Lebensgefährtin arbeitet als Kindergärtnerin außerhalb. Ein Vertrag auf ein Jahr mit Option auf Verlängerung ist für 2020 als Adjoint der Leitung vorgesehen.<br />Zu Anfang des Jahres 2019 wurden die Arbeits-/Ausbildungsverträge mit zwei externen Mitarbeitern beendet.<br /><br />Wie auch schon im letzten Jahr besuchten Schulklassen, Praktikanten der BenedictSchool den Betrieb und die Gemeinschaft, um sich mit der täglichen Arbeit im Betrieb und am Appellhofplatz und mit dem Leben innerhalb der Gemeinschaft vertraut zu machen. Im November nahmen 2 Praktikanten/Ausbildung zum Erzieher aus Trier an unserer Arbeit teil.<br /><br />Arbeiten / Wirtschaftliches: Die Gesamteinnahmen aus dem Verkauf in den drei Verkaufsstellen beliefen sich wie folgt:<br /><br />Geestemünderstr.: 386.000 €<br /><br />Möbel 109.000<br />Hausrat 50.000<br /><br />Kleider 90.000<br />Elektroartikel 56.000<br />Bücher 43.000<br />Weisswäsche 7.000<br />Spielzeug 14.500<br />Bilder 10.000<br />Fahrräder 6.500<br /><br />Möbelhalle Riehl 75.000 €<br /><br />Möbel 29.000<br />Kleider 18.000<br />Hausrat 12.500<br />Bücher 9.000<br />Elektroartikel 6.500<br /><br />Laden Nippes 18.100 €<br /><br />Weitere Einnahmen:<br /><br />Verkauf von überschüssigen Kleidersäcken seit März 2019 an TEXAID: ca 50t / Einnahmen ca 3.800,- € Weitere kleinere Einnahmen durch Schrott und Papier/ Pappe. Werden mit den Container-Standgebühren verrechnet.<br /><br />Spenden:<br /><br />Wahrscheinlich auch bedingt durch das 60.-jährige Bestehen von Emmaus Köln wurde uns aus Anlass der „Kölner Lichter“ im Juli 2019 eine Spende von 56.000,- € zuteil. Mit anderen Spenden in Höhe von ca. 10.000,- € war es möglich, ein strukturelles Defizit von ca 30.000,- € auszugleichen und auch die Restsummen zur Finanzierung der Photovoltaik-Anlage zu begleichen.<br /><br />Wareneingang:<br /><br />Emmaus tätigt seine Abholungen seit Jahren konzentriert im Kölner Norden. Daher hat gerade die Warenannahme/-abgabe direkt an unseren Verkaufsstellen signifant zugenommen. Einher ging auch eine Zunahme der Menge an Restmülll.<br /><br />Abholungen: ca 5 am Tag an 5 Tagen die Woche in 50 Wochen.<br /><br />Aktionen/ Netzwerke:<br /><br />Teilnahme am Suppenküchentreffen Anfang März. Sonderverkauf an Aprilwochenende: Salon in Lille. Sonderverkauf in Paris von Emmaus International alljährliche Beteiligung der Emmaus-Gemeinschaft am Familienflohmarkt im Lachemer Weg, mit eigenem Verkaufsstand und musikalischem Mitwirken. Teilnahme des „Emmaus-Lädchens“ in Nippes am „Blauen Abend in Nippes“ im September.<br /><br />Musik und Kultur in der „Möbelhalle Riehl“<br /><br />Netzwerk 2.Hand Für Köln – Kleidung und mehr...':<br /><br />Weitere Treffen zum Thema: Flächendeckende Versorgung und Darbietung von Abgabemöglichkeiten der Kölner Bevölkerung von SecondHand-Artikeln. Gemeinsame Aktion mit „AK Umbruch“ / jetzt „Straßennetz“ und weiteren Einrichtungen und Vereinen zum Nikolaustag am 5.12.2018<br /><br />Regelmäßige Treffen auf lokaler Ebene: Netzwerk Secondhand in Köln/ Strassennetz/ Seniorennetzwerk Niehl/Suppenküchen NRW Zum Welttag zur Bekämpfung der Armut gibt das Suppenküchennetzwerk NRW eine gemeinsame Erklärung zur Bekämpfung von Wohnungslosigkeit heraus.<br /><br />Emmaus-Deutschland<br /><br />Die Arbeit der einzelnen Gruppen unter- und miteinander verläuft wie schon in den letzten Jahren zufriedenstellend, wodurch gemeinsame Treffen sowie Sonderverkäufe verwirklicht werden konnten.<br /><br />Emmaus-Sonsbeck: Durch gemeinsame Anstrengungen der Emmaus Gruppen Krefeld und Köln konnte die Situation stabilisiert werden. Willi Does ist seit 2019 Mitglied im dortigen Trägerverein<br /><br />Emmaus-Stuttgart: Diese Gruppe ist seit ca 10 Jahren nicht mehr aktiv nach der Erkrankung von Uli Newerla. Es bestehen noch einige vage Kontakte. Zur Erinnerung: Die Stuttgarter Gruppe stellte Emmaus Deutschland den Betrag von 90.000,- € zur Verfügung, um die Aktivitäten der deutschen Gruppen zu stabilisieren. Beschluss von Emmaus International: Die Gruppe wird ausgeschlossen, kann aber ihren Namen weiterhin nutzen, da Mietverträge für Ex-Compagnons auf den Namen Emmaus laufen.<br /><br />Hilfstransporte/ Solidarität<br /><br />In 2019 konnten 7 Hilfstransporte mit jeweils circa 12-18 Tonnen Gebrauchtwaren (überwiegend Kleidung, Möbel, Hausrat, Spielzeug und Elektroartikel) nach Osteuropa geschickt werden: 2x Lublin/Polen, 2x Nowy Sacz/Polen, 3x Rzeszow/Polen (April/August). Transportkosten: ca. 11.500,- €, die aus den Einnahmen getätigt werden. Es gibt Anfragen vor allem an Kleidern aus Georgien und Elfenbeinküste.<br /><br />Emmaus-Europa/ Emmaus International<br /><br />Seit Jahren bietet die Emmaus Gemeinschaft in Köln die Möglichkeit, Seminare durchzuführen. 12-15 Teilnehmer pro Seminar aus dem europäischen Ausland tauschen sich aus und lernen die Geschichte von Emmaus, den Arbeitsansatz, Werte und Ziele kennen. Erfolgreiche Seminartage im „Blauen Saal“ im Lachemer Weg über die Werte und Geschichte von Emmaus.<br /><br />In 2019 wurde auf allen Treffen der europäischen Gruppen festgestellt, dass es eine eindeutige neokonservative und neonationalistische Tendenz in Europa gibt, vor allem wenn man sich die Wahlen der letzten Jahre ansieht. Es steht zu befürchten, dass in allen Gesellschaften, so auch in Deutschland, die Schere zwischen Arm und Reich immer weiter aufgeht, dass das Realeinkommen der unteren Gesellschaftsschichten immer geringer wird, dass Arme noch mehr ausgegrenzt, ja sogar manchmal kriminalisiert werden.<br /><br />Emmaus Europa versuchte weiterhin in 2019 , die Arbeitsweise einer solidarischen Ökonomie bei vielen Gelegenheiten herauszustellen und zu unterstreichen, dass eine Wirtschaft im Interesse von allen möglich und erstrebenswert bleiben muss. <br />Am 24. Mai : 50.- jähriges Jubiläum der Verabschiedung des „ Internationalen Universalen Manifestes“ in Bern, d.h. am gleichen Ort im Schweizer Bundeshaus. Dieses Datum ist eigentlich die Gründung von Emmaus International. Teilnahme Johannes Krautkrämer und Willi Does. Johannes Krautkrämer war im Übrigen vor 50 Jahren mit 4 anderen aus Köln Gründungsmitglied.<br /><br />Ende Oktober 2019: Regionalversammlung von Emmaus Europa in San Sebastian/ Spanien mit dem Ende des Mandats von Willi Does als Präsident. Bei dieser Sitzung betont Willi Does als scheidender Präsident noch einmal, dass wir im Erbe von Abbé Pierre bleiben, und den Einsatz verstärken müssen im Interesse der Stimm- und Machtlosen. Es geht immer wieder und immer noch darum, die Grundbedürfnisse aller Menschen nach einem würdevollen Leben zu verwirklichen: Mit dem Recht auf menschenwürdiges Wohnen, Arbeiten, Ernährung, Gesundheit und Bildung.<br /><br />Jubiläum September 2019/ 60 Jahre Emmaus in Köln<br /><br />Da die finanzielle und personelle Situation Jubliäumsjahr einigermaßen angespannt war, konnte nur ein etwas „bescheideneres“ Fest am 14./15.September organisiert werden. Mit Hilfe vieler Ehrenamtlicher und der Unterstützung von Lino-Club entstand ein dichtes Wochenendprogramm mit Gästen aus Benin, Indien und Polen. Des Weiteren konnte die Emmaus Photovoltaik-Anlage offiziell eingeweiht werden. Olli Eischeid begrüßte u.a. Vertreter von Priogo (als ausführendes Unternehmen) und den Bezirksbürgermeister Bernd Schössler. Im Vorfeld des Jubiläums hatte Emmaus gute Presseberichte in <br />ZDF/RTL/Wochenspiegel/Draussenseiter/Kirchenzeitung Köln.<br /><br />Zwei Plakate zum 60.-jährigen Bestehen wurden entworfen von Bernd Eischeid und Vladislas Wierzbiecki.<br /><br />Ausblick/ Perspektiven/ Probleme:<br /><br />Wir müssen festhalten und uns immer wieder in Erinnerung rufen, wie viele Menschen sich in dieser langen Zeit für Emmaus Köln engagiert haben, auf dem LKW gefahren sind, Kleider, Bücher und Hausrat sortiert haben, hinter den Verkaufstheken und an der Kasse gestanden haben, Essen für Bedürftige gekocht und verteilt haben. Wir müssen uns aber auch fragen, welche Perspektiven wir für die Zukunft entwickeln müssen, um in einer sich immer mehr aufspaltenden Gesellschaft in Arm und Reich, in Privilegierte und Ausgegrenzte die richtigen Antworten zu finden. Wir müssen uns fragen, ob wir die richtigen Ansätze haben zu den Fragen unserer Zeit: Klimaveränderungen und den damit verbundenen Problemen von Migration, Konsumverhalten in unserem Alltag, ( Essen und Transportmöglichkeiten). Geben wir die richtigen Antworten auf die Zukunft der nachkommenden Generationen?<br /><br />Der Versuch einer Antwort: Wir sollten uns unsere vielleicht kleinen Ansätze eines bescheideneren Lebensstils, der Wiederverwertung von „Müll“ und dem Respekt vor so vielen verschiedenen Menschen in unserem Gemeinschaftsalltag mehr bewusst werden und den sog. kleinen Alltag als das sehen, was er ist: Der Versuch, eine andere Lebens- und Arbeitsform zu verwirklichen und zu zeigen.<br /><br />Willi Does ( Januar 2020)</div></div><br /></div>
